-- --------------------------------------------------------
-- Server OS:                    Win64
-- HeidiSQL Version:             11.3.0.6295
-- --------------------------------------------------------



-- Dumping database structure for website
CREATE DATABASE IF NOT EXISTS `website` /*!40100 DEFAULT CHARACTER SET utf8mb4 COLLATE utf8mb4_general_ci */;
USE `website`;

-- Dumping structure for table website.attachments
CREATE TABLE IF NOT EXISTS `attachments` (
  `message_id` int(11) DEFAULT NULL,
  `filename` varchar(255) DEFAULT NULL
) ENGINE=InnoDB DEFAULT CHARSET=utf8mb4 COLLATE=utf8mb4_general_ci;

-- Dumping data for table website.attachments: ~0 rows (approximately)

-- Dumping structure for table website.calendar
CREATE TABLE IF NOT EXISTS `calendar` (
  `id` int(11) NOT NULL AUTO_INCREMENT,
  `title` varchar(255) NOT NULL,
  `year` int(11) NOT NULL,
  `month` int(11) NOT NULL,
  `day` int(11) NOT NULL,
  `start` time NOT NULL,
  `end` time NOT NULL,
  `company_id` int(11) DEFAULT NULL,
  PRIMARY KEY (`id`)
) ENGINE=InnoDB AUTO_INCREMENT=83 DEFAULT CHARSET=utf8mb4 COLLATE=utf8mb4_general_ci;

-- Dumping data for table website.calendar: ~44 rows (approximately)
REPLACE INTO `calendar` (`id`, `title`, `year`, `month`, `day`, `start`, `end`, `company_id`) VALUES
	(39, 'Morgan: Work Shift', 2024, 9, 2, '09:00:00', '17:00:00', 2),
	(40, 'Morgan: Work Shift', 2024, 9, 3, '09:00:00', '17:00:00', 1),
	(41, 'Morgan: Half-Day Shift', 2024, 9, 4, '09:00:00', '12:00:00', 1),
	(42, 'Morgan: Work Shift', 2024, 9, 5, '09:00:00', '17:00:00', 1),
	(43, 'Morgan: Work Shift', 2024, 9, 6, '09:00:00', '17:00:00', 1),
	(44, 'Morgan: Work Shift', 2024, 9, 9, '09:00:00', '17:00:00', 1),
	(45, 'Morgan: Work Shift', 2024, 9, 10, '09:00:00', '17:00:00', 1),
	(46, 'Morgan: Half-Day Shift', 2024, 9, 11, '09:00:00', '12:00:00', 1),
	(47, 'Morgan: Work Shift', 2024, 9, 12, '09:00:00', '17:00:00', 1),
	(48, 'Morgan: Work Shift', 2024, 9, 13, '09:00:00', '17:00:00', 1),
	(49, 'Morgan: Work Shift', 2024, 9, 16, '09:00:00', '17:00:00', 1),
	(50, 'Morgan: Work Shift', 2024, 9, 17, '09:00:00', '17:00:00', 1),
	(51, 'Morgan: Half-Day Shift', 2024, 9, 18, '09:00:00', '12:00:00', 1),
	(52, 'Morgan: Work Shift', 2024, 9, 19, '09:00:00', '17:00:00', 1),
	(53, 'Morgan: Work Shift', 2024, 9, 20, '09:00:00', '17:00:00', 1),
	(54, 'Morgan: Work Shift', 2024, 9, 23, '09:00:00', '17:00:00', 1),
	(55, 'Morgan: Work Shift', 2024, 9, 24, '09:00:00', '17:00:00', 1),
	(56, 'Morgan: Half-Day Shift', 2024, 9, 25, '09:00:00', '12:00:00', 1),
	(57, 'Morgan: Work Shift', 2024, 9, 26, '09:00:00', '17:00:00', 1),
	(58, 'Morgan: Work Shift', 2024, 9, 27, '09:00:00', '17:00:00', 1),
	(59, 'Heather: Work Shift', 2024, 9, 2, '09:00:00', '17:00:00', 1),
	(60, 'Heather: Work Shift', 2024, 9, 3, '09:00:00', '17:00:00', 1),
	(61, 'Heather: Work Shift', 2024, 9, 4, '09:00:00', '17:00:00', 1),
	(62, 'Heather: Work Shift', 2024, 9, 5, '09:00:00', '17:00:00', 1),
	(63, 'Heather: Work Shift', 2024, 9, 6, '09:00:00', '17:00:00', 1),
	(64, 'Heather: Saturday Shift', 2024, 9, 7, '09:00:00', '17:00:00', 1),
	(65, 'Heather: Work Shift', 2024, 9, 9, '09:00:00', '17:00:00', 1),
	(66, 'Heather: Work Shift', 2024, 9, 10, '09:00:00', '17:00:00', 1),
	(67, 'Heather: Work Shift', 2024, 9, 11, '09:00:00', '17:00:00', 1),
	(68, 'Heather: Work Shift', 2024, 9, 12, '09:00:00', '17:00:00', 1),
	(69, 'Heather: Work Shift', 2024, 9, 13, '09:00:00', '17:00:00', 1),
	(70, 'Heather: Saturday Shift', 2024, 9, 14, '09:00:00', '17:00:00', 1),
	(71, 'Heather: Work Shift', 2024, 9, 16, '09:00:00', '17:00:00', 1),
	(72, 'Heather: Work Shift', 2024, 9, 17, '09:00:00', '17:00:00', 1),
	(73, 'Heather: Work Shift', 2024, 9, 18, '09:00:00', '17:00:00', 1),
	(74, 'Heather: Work Shift', 2024, 9, 19, '09:00:00', '17:00:00', 1),
	(75, 'Heather: Work Shift', 2024, 9, 20, '09:00:00', '17:00:00', 1),
	(76, 'Heather: Saturday Shift', 2024, 9, 21, '09:00:00', '17:00:00', 1),
	(77, 'Heather: Work Shift', 2024, 9, 23, '09:00:00', '17:00:00', 1),
	(78, 'Heather: Work Shift', 2024, 9, 24, '09:00:00', '17:00:00', 1),
	(79, 'Heather: Work Shift', 2024, 9, 25, '09:00:00', '17:00:00', 1),
	(80, 'Heather: Work Shift', 2024, 9, 26, '09:00:00', '17:00:00', 1),
	(81, 'Heather: Work Shift', 2024, 9, 27, '09:00:00', '17:00:00', 1),
	(82, 'Heather: Saturday Shift', 2024, 9, 28, '09:00:00', '17:00:00', 1);

-- Dumping structure for table website.companies
CREATE TABLE IF NOT EXISTS `companies` (
  `company_id` int(11) NOT NULL AUTO_INCREMENT,
  `company_name` varchar(100) NOT NULL,
  PRIMARY KEY (`company_id`)
) ENGINE=InnoDB AUTO_INCREMENT=3 DEFAULT CHARSET=utf8mb4 COLLATE=utf8mb4_general_ci;

-- Dumping data for table website.companies: ~2 rows (approximately)
REPLACE INTO `companies` (`company_id`, `company_name`) VALUES
	(1, 'The Green\'s Pet Care'),
	(2, 'Dan\'s Fake ass IT Company');

-- Dumping structure for table website.messages
CREATE TABLE IF NOT EXISTS `messages` (
  `message_id` int(11) NOT NULL AUTO_INCREMENT,
  `name` varchar(255) NOT NULL,
  `sender_id` int(11) NOT NULL,
  `receiver_id` int(11) NOT NULL,
  `timestamp` datetime NOT NULL DEFAULT current_timestamp(),
  `viewed_time` datetime DEFAULT NULL,
  `body` text NOT NULL,
  PRIMARY KEY (`message_id`),
  KEY `idx_receiver_id` (`receiver_id`)
) ENGINE=InnoDB AUTO_INCREMENT=5 DEFAULT CHARSET=utf8mb4 COLLATE=utf8mb4_general_ci;

-- Dumping data for table website.messages: ~4 rows (approximately)
REPLACE INTO `messages` (`message_id`, `name`, `sender_id`, `receiver_id`, `timestamp`, `viewed_time`, `body`) VALUES
	(1, 'Meeting Reminder', 1, 2, '2024-09-01 10:00:00', NULL, 'Hi, just a reminder about our meeting tomorrow at 10 AM.'),
	(2, 'Re: Meeting Reminder', 2, 1, '2024-09-01 11:00:00', NULL, 'Thanks for the reminder. See you tomorrow!'),
	(3, 'Follow-up on Meeting', 1, 2, '2024-09-02 09:00:00', NULL, 'Just checking if we need to prepare anything for the meeting.'),
	(4, 'Re: Follow-up on Meeting', 2, 1, '2024-09-02 10:00:00', '2024-09-02 10:05:00', 'No need to prepare anything extra. All set for the meeting.');

-- Dumping structure for table website.navigation
CREATE TABLE IF NOT EXISTS `navigation` (
  `id` int(11) NOT NULL AUTO_INCREMENT,
  `friendly_name` varchar(255) NOT NULL,
  `link` varchar(255) NOT NULL,
  `icon` varchar(100) DEFAULT NULL,
  `parent_id` int(11) DEFAULT NULL,
  PRIMARY KEY (`id`),
  KEY `fk_parent` (`parent_id`),
  CONSTRAINT `fk_parent` FOREIGN KEY (`parent_id`) REFERENCES `navigation` (`id`) ON DELETE CASCADE
) ENGINE=InnoDB AUTO_INCREMENT=10 DEFAULT CHARSET=utf8mb4 COLLATE=utf8mb4_general_ci;

-- Dumping data for table website.navigation: ~9 rows (approximately)
REPLACE INTO `navigation` (`id`, `friendly_name`, `link`, `icon`, `parent_id`) VALUES
	(1, 'Dashboard', '/dashboard', 'fas fa-tachometer-alt', NULL),
	(2, 'Products', '/products', 'fas fa-boxes', NULL),
	(3, 'Employees', '/employees', 'fas fa-users', NULL),
	(4, 'Sales', '/sales', 'fas fa-chart-line', NULL),
	(5, 'Schedule', '/schedule', 'fas fa-calendar-alt', NULL),
	(6, 'All Products', '/products/all', 'fas fa-box-open', 2),
	(7, 'Add New Product', '/products/add', 'fas fa-plus', 2),
	(8, 'All Employees', '/employees/all', 'fas fa-user-friends', 3),
	(9, 'Add New Employee', '/employees/add', 'fas fa-user-plus', 3);

-- Dumping structure for table website.products
CREATE TABLE IF NOT EXISTS `products` (
  `product_id` int(11) NOT NULL AUTO_INCREMENT,
  `product_name` varchar(255) NOT NULL,
  `brand` varchar(255) DEFAULT NULL,
  `category` varchar(255) DEFAULT NULL,
  `purchase_cost` decimal(10,2) NOT NULL,
  `product_description` text DEFAULT NULL,
  `product_customer_price` decimal(10,2) NOT NULL,
  `company_id` int(11) NOT NULL,
  `created_at` timestamp NOT NULL DEFAULT current_timestamp(),
  `updated_at` timestamp NOT NULL DEFAULT current_timestamp() ON UPDATE current_timestamp(),
  `service_description` text DEFAULT NULL,
  `service_cost` decimal(10,2) DEFAULT NULL,
  `inventory_on_hand` int(11) DEFAULT 0,
  `website` longtext DEFAULT NULL,
  `deleted_at` datetime DEFAULT NULL,
  PRIMARY KEY (`product_id`)
) ENGINE=InnoDB AUTO_INCREMENT=151 DEFAULT CHARSET=utf8mb4 COLLATE=utf8mb4_general_ci;

-- Dumping data for table website.products: ~150 rows (approximately)
REPLACE INTO `products` (`product_id`, `product_name`, `brand`, `category`, `purchase_cost`, `product_description`, `product_customer_price`, `company_id`, `created_at`, `updated_at`, `service_description`, `service_cost`, `inventory_on_hand`, `website`, `deleted_at`) VALUES
	(1, 'Dewormer Paste', 'PainCare', 'Product', 20.00, 'Deworming paste for dogs and cats by Bayer', 30.00, 1, '2024-09-03 10:14:18', '2024-09-06 12:35:15', NULL, NULL, 0, NULL, NULL),
	(2, 'Canine Parvovirus Vaccine', 'Nobivac', NULL, 15.00, 'Vaccine for canine parvovirus by Nobivac', 25.00, 1, '2024-09-03 10:14:18', '2024-09-04 18:21:13', NULL, NULL, 0, NULL, NULL),
	(3, 'Feline Leukemia Vaccine', 'Purevax', NULL, 18.00, 'Vaccine for feline leukemia virus by Purevax', 30.00, 1, '2024-09-03 10:14:18', '2024-09-03 10:31:50', NULL, NULL, 0, NULL, NULL),
	(4, 'Heartworm Prevention Tablets', 'Heartgard', NULL, 22.00, 'Tablets for heartworm prevention in dogs by Heartgard Plus', 40.00, 1, '2024-09-03 10:14:18', '2024-09-03 10:31:50', NULL, NULL, 0, NULL, NULL),
	(5, 'Antibiotic Ointment', 'Neosporin Veterinary', NULL, 10.00, 'Topical antibiotic ointment for wounds by Neosporin', 18.00, 1, '2024-09-03 10:14:18', '2024-09-03 10:31:50', NULL, NULL, 0, NULL, NULL),
	(6, 'Flea and Tick Collar', 'Seresto', NULL, 12.00, 'Collar for flea and tick prevention by Seresto', 22.00, 1, '2024-09-03 10:14:18', '2024-09-03 10:31:50', NULL, NULL, 0, NULL, NULL),
	(7, 'Ear Cleaning Solution', 'Virbac', NULL, 8.00, 'Solution for cleaning animal ears by Virbac', 15.00, 1, '2024-09-03 10:14:18', '2024-09-03 10:31:50', NULL, NULL, 0, NULL, NULL),
	(8, 'Canine Influenza Vaccine', 'H3N2', NULL, 20.00, 'Vaccine for canine influenza by H3N2', 35.00, 1, '2024-09-03 10:14:18', '2024-09-03 10:31:50', NULL, NULL, 0, NULL, NULL),
	(9, 'Feline Distemper Vaccine', 'Merck', NULL, 17.00, 'Vaccine for feline distemper by Merck', 28.00, 1, '2024-09-03 10:14:18', '2024-09-03 10:31:50', NULL, NULL, 0, NULL, NULL),
	(10, 'Veterinary Dental Gel', 'Vet’s Best', NULL, 14.00, 'Gel for dental hygiene in pets by Vet’s Best', 24.00, 1, '2024-09-03 10:14:18', '2024-09-03 10:31:50', NULL, NULL, 0, NULL, NULL),
	(11, 'Antibiotic Injection', 'Bicillin LA', NULL, 25.00, 'Injection for bacterial infections by Bicillin LA', 40.00, 1, '2024-09-03 10:14:18', '2024-09-03 10:31:50', NULL, NULL, 0, NULL, NULL),
	(12, 'Wound Dressing Pads', 'Telfa', NULL, 6.00, 'Sterile wound dressing pads by Telfa', 12.00, 1, '2024-09-03 10:14:18', '2024-09-03 10:31:50', NULL, NULL, 0, NULL, NULL),
	(13, 'Canine Bordetella Vaccine', 'Fort Dodge', NULL, 19.00, 'Vaccine for canine bordetella by Fort Dodge', 32.00, 1, '2024-09-03 10:14:18', '2024-09-03 10:31:50', NULL, NULL, 0, NULL, NULL),
	(14, 'Feline Upper Respiratory Vaccine', 'Elanco', NULL, 21.00, 'Vaccine for feline upper respiratory infections by Elanco', 36.00, 1, '2024-09-03 10:14:18', '2024-09-03 10:31:50', NULL, NULL, 0, NULL, NULL),
	(15, 'Joint Health Supplement', 'Dasuquin', NULL, 30.00, 'Supplement for joint health in pets by Dasuquin', 55.00, 1, '2024-09-03 10:14:18', '2024-09-03 10:31:50', NULL, NULL, 0, NULL, NULL),
	(16, 'Eye Ointment', 'Terramycin', NULL, 11.00, 'Ointment for treating eye infections by Terramycin', 20.00, 1, '2024-09-03 10:14:18', '2024-09-03 10:31:50', NULL, NULL, 0, NULL, NULL),
	(17, 'Veterinary Hypoallergenic Shampoo', 'Allerpet', NULL, 12.00, 'Shampoo for sensitive skin by Allerpet', 22.00, 1, '2024-09-03 10:14:18', '2024-09-03 10:31:50', NULL, NULL, 0, NULL, NULL),
	(18, 'Dewormer Tablets', 'Drontal Plus', NULL, 15.00, 'Tablets for deworming dogs and cats by Drontal Plus', 28.00, 1, '2024-09-03 10:14:18', '2024-09-03 10:31:50', NULL, NULL, 0, NULL, NULL),
	(19, 'Canine Rabies Vaccine', 'Rabvac', NULL, 23.00, 'Vaccine for canine rabies by Rabvac', 40.00, 1, '2024-09-03 10:14:18', '2024-09-03 10:31:50', NULL, NULL, 0, NULL, NULL),
	(20, 'Feline Rabies Vaccine', 'Rabvac', NULL, 23.00, 'Vaccine for feline rabies by Rabvac', 40.00, 1, '2024-09-03 10:14:18', '2024-09-03 10:31:50', NULL, NULL, 0, NULL, NULL),
	(21, 'Veterinary Bandage Roll', 'Coban', NULL, 9.00, 'Roll of bandage for wound care by Coban', 16.00, 1, '2024-09-03 10:14:18', '2024-09-03 10:31:50', NULL, NULL, 0, NULL, NULL),
	(22, 'Antifungal Cream', 'Miconazole Nitrate', NULL, 14.00, 'Cream for treating fungal infections by Miconazole', 25.00, 1, '2024-09-03 10:14:18', '2024-09-03 10:31:50', NULL, NULL, 0, NULL, NULL),
	(23, 'Canine Leptospirosis Vaccine', 'Lepto-Vac', NULL, 22.00, 'Vaccine for canine leptospirosis by Lepto-Vac', 38.00, 1, '2024-09-03 10:14:18', '2024-09-03 10:31:50', NULL, NULL, 0, NULL, NULL),
	(24, 'Feline Upper Respiratory Medicine', 'Clavamox', NULL, 18.00, 'Medication for upper respiratory infections in cats by Clavamox', 30.00, 1, '2024-09-03 10:14:18', '2024-09-03 10:31:50', NULL, NULL, 0, NULL, NULL),
	(25, 'Veterinary Ear Mite Treatment', 'Revolution', NULL, 13.00, 'Treatment for ear mites in pets by Revolution', 24.00, 1, '2024-09-03 10:14:18', '2024-09-03 10:31:50', NULL, NULL, 0, NULL, NULL),
	(26, 'Equine Dewormer Paste', 'Zimecterin Gold', NULL, 20.00, 'Dewormer paste for horses by Zimecterin Gold', 35.00, 1, '2024-09-03 10:14:18', '2024-09-03 10:31:50', NULL, NULL, 0, NULL, NULL),
	(27, 'Canine Cough Medicine', 'Doxycycline', NULL, 16.00, 'Medication for kennel cough in dogs', 30.00, 1, '2024-09-03 10:14:18', '2024-09-03 10:31:50', NULL, NULL, 0, NULL, NULL),
	(28, 'Feline Diabetes Management', 'Insulin Glargine', NULL, 35.00, 'Insulin for managing diabetes in cats', 60.00, 1, '2024-09-03 10:14:18', '2024-09-03 10:31:50', NULL, NULL, 0, NULL, NULL),
	(29, 'Equine Joint Supplement', 'Cosequin ASU', NULL, 40.00, 'Joint supplement for horses by Cosequin ASU', 70.00, 1, '2024-09-03 10:14:18', '2024-09-03 10:31:50', NULL, NULL, 0, NULL, NULL),
	(30, 'Canine Distemper Vaccine', 'Nobivac', NULL, 18.00, 'Vaccine for canine distemper by Nobivac', 32.00, 1, '2024-09-03 10:14:18', '2024-09-03 10:31:50', NULL, NULL, 0, NULL, NULL),
	(31, 'Feline Worming Tablets', 'Panacur', NULL, 14.00, 'Worming tablets for cats by Panacur', 25.00, 1, '2024-09-03 10:14:18', '2024-09-03 10:31:50', NULL, NULL, 0, NULL, NULL),
	(32, 'Canine Flea Treatment', 'Frontline Plus', NULL, 15.00, 'Flea treatment for dogs by Frontline Plus', 27.00, 1, '2024-09-03 10:14:18', '2024-09-03 10:31:50', NULL, NULL, 0, NULL, NULL),
	(33, 'Veterinary Bandage Scissors', 'Surgical', NULL, 8.00, 'Bandage scissors for veterinary use', 15.00, 1, '2024-09-03 10:14:18', '2024-09-03 10:31:50', NULL, NULL, 0, NULL, NULL),
	(34, 'Feline Dental Treats', 'Feline Greenies', NULL, 12.00, 'Dental treats for cats by Feline Greenies', 22.00, 1, '2024-09-03 10:14:18', '2024-09-03 10:31:50', NULL, NULL, 0, NULL, NULL),
	(35, 'Canine Tick Prevention', 'Bravecto', NULL, 25.00, 'Tick prevention for dogs by Bravecto', 45.00, 1, '2024-09-03 10:14:18', '2024-09-03 10:31:50', NULL, NULL, 0, NULL, NULL),
	(36, 'Veterinary Liquid Antibiotic', 'Clindamycin', NULL, 20.00, 'Liquid antibiotic for pets by Clindamycin', 35.00, 1, '2024-09-03 10:14:18', '2024-09-03 10:31:50', NULL, NULL, 0, NULL, NULL),
	(37, 'Feline Hyperthyroidism Medication', 'Methimazole', NULL, 30.00, 'Medication for feline hyperthyroidism by Methimazole', 55.00, 1, '2024-09-03 10:14:18', '2024-09-03 10:31:50', NULL, NULL, 0, NULL, NULL),
	(38, 'Equine Vaccination', 'West Nile Virus', NULL, 28.00, 'Vaccine for West Nile Virus in horses', 50.00, 1, '2024-09-03 10:14:18', '2024-09-03 10:31:50', NULL, NULL, 0, NULL, NULL),
	(39, 'Canine Grooming Clipper', 'Andis', NULL, 120.00, 'Grooming clipper for dogs by Andis', 200.00, 1, '2024-09-03 10:14:18', '2024-09-03 10:31:50', NULL, NULL, 0, NULL, NULL),
	(40, 'Feline Eye Drops', 'Optixcare', NULL, 14.00, 'Eye drops for cats by Optixcare', 25.00, 1, '2024-09-03 10:14:18', '2024-09-03 10:31:50', NULL, NULL, 0, NULL, NULL),
	(41, 'Canine Skin Care', 'Douxo S3 PYO', NULL, 18.00, 'Skin care product for dogs by Douxo S3 PYO', 32.00, 1, '2024-09-03 10:14:18', '2024-09-03 10:31:50', NULL, NULL, 0, NULL, NULL),
	(42, 'Feline Hairball Remedy', 'Laxatone', NULL, 10.00, 'Hairball remedy for cats by Laxatone', 18.00, 1, '2024-09-03 10:14:18', '2024-09-03 10:31:50', NULL, NULL, 0, NULL, NULL),
	(43, 'Canine Allergy Medication', 'Atopica', NULL, 27.00, 'Medication for canine allergies by Atopica', 48.00, 1, '2024-09-03 10:14:18', '2024-09-03 10:31:50', NULL, NULL, 0, NULL, NULL),
	(44, 'Equine Electrolyte Supplement', 'Kentucky Performance Products', NULL, 22.00, 'Electrolyte supplement for horses by Kentucky Performance Products', 40.00, 1, '2024-09-03 10:14:18', '2024-09-03 10:31:50', NULL, NULL, 0, NULL, NULL),
	(45, 'Feline Insulin Syringes', 'U-100', NULL, 12.00, 'Insulin syringes for cats by U-100', 22.00, 1, '2024-09-03 10:14:18', '2024-09-03 10:31:50', NULL, NULL, 0, NULL, NULL),
	(46, 'Canine Arthritis Pain Relief', 'Rimadyl', NULL, 30.00, 'Pain relief medication for arthritis in dogs by Rimadyl', 55.00, 1, '2024-09-03 10:14:18', '2024-09-03 10:31:50', NULL, NULL, 0, NULL, NULL),
	(47, 'Feline Urinary Tract Supplement', 'Cranberry Tablets', NULL, 16.00, 'Supplement for urinary tract health in cats', 30.00, 1, '2024-09-03 10:14:18', '2024-09-03 10:31:50', NULL, NULL, 0, NULL, NULL),
	(48, 'Equine Hoof Care', 'Farrier’s Formula', NULL, 25.00, 'Hoof care supplement for horses by Farrier’s Formula', 45.00, 1, '2024-09-03 10:14:18', '2024-09-03 10:31:50', NULL, NULL, 0, NULL, NULL),
	(49, 'Canine Weight Management', 'Hill’s Prescription Diet', NULL, 28.00, 'Weight management food for dogs by Hill’s Prescription Diet', 50.00, 1, '2024-09-03 10:14:18', '2024-09-03 10:31:50', NULL, NULL, 0, NULL, NULL),
	(50, 'Feline Hairball Control Food', 'Royal Canin', NULL, 24.00, 'Food for hairball control in cats by Royal Canin', 42.00, 1, '2024-09-03 10:14:18', '2024-09-03 10:31:50', NULL, NULL, 0, NULL, NULL),
	(51, 'Canine Heartworm Treatment', 'Interceptor', NULL, 25.00, 'Heartworm treatment for dogs by Interceptor', 45.00, 1, '2024-09-03 10:16:32', '2024-09-03 10:31:50', NULL, NULL, 0, NULL, NULL),
	(52, 'Feline Flea Collar', 'Seresto', NULL, 12.00, 'Flea collar for cats by Seresto', 22.00, 1, '2024-09-03 10:16:32', '2024-09-03 10:31:50', NULL, NULL, 0, NULL, NULL),
	(53, 'Veterinary Wound Care Gel', 'Silvasorb', NULL, 18.00, 'Wound care gel for pets by Silvasorb', 32.00, 1, '2024-09-03 10:16:32', '2024-09-03 10:31:50', NULL, NULL, 0, NULL, NULL),
	(54, 'Canine Bordetella Vaccine', 'Zoetis', NULL, 20.00, 'Vaccine for canine bordetella by Zoetis', 35.00, 1, '2024-09-03 10:16:32', '2024-09-03 10:31:50', NULL, NULL, 0, NULL, NULL),
	(55, 'Feline Upper Respiratory Medicine', 'Clavamox', NULL, 19.00, 'Medication for upper respiratory infections in cats by Clavamox', 32.00, 1, '2024-09-03 10:16:32', '2024-09-03 10:31:50', NULL, NULL, 0, NULL, NULL),
	(56, 'Equine Vaccination Booster', 'EquiShield', NULL, 22.00, 'Dewormer for horses by Equimax', 38.00, 1, '2024-09-03 10:16:32', '2024-09-03 10:31:50', NULL, NULL, 0, NULL, NULL),
	(57, 'Canine Probiotic Supplement', 'Fortiflora', NULL, 25.00, 'Supplement for anal gland health in dogs by Glandex', 42.00, 1, '2024-09-03 10:16:32', '2024-09-03 10:31:50', NULL, NULL, 0, NULL, NULL),
	(58, 'Feline Dental Health Treats', 'Virbac C.E.T.', NULL, 35.00, 'Insulin for managing diabetes in cats by ProZinc', 60.00, 1, '2024-09-03 10:16:32', '2024-09-03 10:31:50', NULL, NULL, 0, NULL, NULL),
	(59, 'Veterinary Liquid Wormer', 'Panacur', NULL, 10.00, 'Ear cleaner solution for pets by Epi-Otic', 18.00, 1, '2024-09-03 10:16:32', '2024-09-03 10:31:50', NULL, NULL, 0, NULL, NULL),
	(60, 'Canine Digestive Enzyme', 'Prozyme', NULL, 28.00, 'Medication for feline hyperthyroidism by Tapazole', 50.00, 1, '2024-09-03 10:16:32', '2024-09-03 10:31:50', NULL, NULL, 0, NULL, NULL),
	(61, 'Feline Skin and Coat Supplement', 'VetriScience', NULL, 21.00, 'Vaccine for canine leptospirosis by Lepto-4', 37.00, 1, '2024-09-03 10:16:32', '2024-09-03 10:31:50', NULL, NULL, 0, NULL, NULL),
	(62, 'Equine Joint Health Powder', 'Cosequin', NULL, 23.00, 'Electrolyte supplement for horses by Finish Line', 40.00, 1, '2024-09-03 10:16:32', '2024-09-03 10:31:50', NULL, NULL, 0, NULL, NULL),
	(63, 'Canine Dental Chews', 'Virbac', NULL, 12.00, 'Grooming wipes for cats by Petkin', 22.00, 1, '2024-09-03 10:16:32', '2024-09-03 10:31:50', NULL, NULL, 0, NULL, NULL),
	(64, 'Feline Hairball Control Gel', 'Laxatone', NULL, 17.00, 'Antifungal medication for dogs by Ketoconazole', 30.00, 1, '2024-09-03 10:16:32', '2024-09-03 10:31:50', NULL, NULL, 0, NULL, NULL),
	(65, 'Canine Anti-Itch Spray', 'Vet’s Best', NULL, 14.00, 'Allergy relief for cats by Zyrtec', 25.00, 1, '2024-09-03 10:16:32', '2024-09-03 10:31:50', NULL, NULL, 0, NULL, NULL),
	(66, 'Feline Kidney Health', 'Hill’s Prescription Diet', NULL, 15.00, 'Shampoo for skin conditions in pets by Virbac', 28.00, 1, '2024-09-03 10:16:32', '2024-09-03 10:31:50', NULL, NULL, 0, NULL, NULL),
	(67, 'Equine Fly Control', 'Absorbine', NULL, 12.00, 'Heartworm test kit for dogs by Heartgard Plus', 22.00, 1, '2024-09-03 10:16:32', '2024-09-03 10:31:50', NULL, NULL, 0, NULL, NULL),
	(68, 'Canine Omega Fatty Acids', 'Zesty Paws', NULL, 16.00, 'Worming paste for cats by Strongid-T', 28.00, 1, '2024-09-03 10:16:32', '2024-09-03 10:31:50', NULL, NULL, 0, NULL, NULL),
	(69, 'Feline Probiotic Powder', 'Fortiflora', NULL, 30.00, 'Hoof supplement for horses by SmartPak', 55.00, 1, '2024-09-03 10:16:32', '2024-09-03 10:31:50', NULL, NULL, 0, NULL, NULL),
	(70, 'Veterinary Post-Surgical Gel', 'Surgical', NULL, 25.00, 'Supplement for urinary health in dogs by Cosequin', 45.00, 1, '2024-09-03 10:16:32', '2024-09-03 10:31:50', NULL, NULL, 0, NULL, NULL),
	(71, 'Canine Anxiety Relief', 'Adaptil', NULL, 14.00, 'Hairball control treats for cats by Sentry', 25.00, 1, '2024-09-03 10:16:32', '2024-09-03 10:31:50', NULL, NULL, 0, NULL, NULL),
	(72, 'Feline Urinary Health Food', 'Royal Canin', NULL, 22.00, 'Supplement for anal gland health by Glandex', 38.00, 1, '2024-09-03 10:16:32', '2024-09-03 10:31:50', NULL, NULL, 0, NULL, NULL),
	(73, 'Equine Hoof Supplement', 'Farrier’s Formula', NULL, 20.00, 'Vaccine for canine parvovirus by Nobivac', 35.00, 1, '2024-09-03 10:16:32', '2024-09-03 10:31:50', NULL, NULL, 0, NULL, NULL),
	(74, 'Canine Joint Support', 'Dasuquin', NULL, 12.00, 'Enzymatic toothpaste for cats by Virbac', 22.00, 1, '2024-09-03 10:16:32', '2024-09-03 10:31:50', NULL, NULL, 0, NULL, NULL),
	(75, 'Feline Weight Management Food', 'Hill’s Prescription Diet', NULL, 18.00, 'Vitamin supplement for horses by Neigh-Lox', 32.00, 1, '2024-09-03 10:16:32', '2024-09-03 10:31:50', NULL, NULL, 0, NULL, NULL),
	(76, 'Veterinary Flea Treatment', 'Frontline', NULL, 22.00, 'Vaccine for canine Lyme disease by Vanguard', 38.00, 1, '2024-09-03 10:16:32', '2024-09-03 10:31:50', NULL, NULL, 0, NULL, NULL),
	(77, 'Canine Wound Spray', 'Vetericyn', NULL, 18.00, 'Flea and tick treatment for cats by Frontline Plus', 32.00, 1, '2024-09-03 10:16:32', '2024-09-03 10:31:50', NULL, NULL, 0, NULL, NULL),
	(78, 'Feline Hyperthyroid Medication', 'Methimazole', NULL, 11.00, 'Ointment for treating eye infections by Terramycin', 20.00, 1, '2024-09-03 10:16:32', '2024-09-03 10:31:50', NULL, NULL, 0, NULL, NULL),
	(79, 'Equine Electrolyte Paste', 'Kentucky Performance Products', NULL, 15.00, 'Post-surgical E-collar for dogs', 27.00, 1, '2024-09-03 10:16:32', '2024-09-03 10:31:50', NULL, NULL, 0, NULL, NULL),
	(80, 'Canine Digestive Health Supplement', 'Purina Pro Plan', NULL, 12.00, 'Laxative for cats by PetAg', 22.00, 1, '2024-09-03 10:16:32', '2024-09-03 10:31:50', NULL, NULL, 0, NULL, NULL),
	(81, 'Feline Hairball Control Food', 'Hill’s Science Diet', NULL, 20.00, 'Gastrointestinal supplement for horses by Sucrose Gel', 35.00, 1, '2024-09-03 10:16:32', '2024-09-03 10:31:50', NULL, NULL, 0, NULL, NULL),
	(82, 'Veterinary Bone Broth', 'K9 Power', NULL, 19.00, 'Vaccine for canine distemper and hepatitis by Nobivac', 34.00, 1, '2024-09-03 10:16:32', '2024-09-03 10:31:50', NULL, NULL, 0, NULL, NULL),
	(83, 'Canine Flea Shampoo', 'Vet’s Best', NULL, 32.00, 'Insulin for diabetic cats by Vetsulin', 55.00, 1, '2024-09-03 10:16:32', '2024-09-03 10:31:50', NULL, NULL, 0, NULL, NULL),
	(84, 'Feline Probiotic Supplement', 'Proviable', NULL, 21.00, 'Antibiotic for pets by Enrofloxacin', 38.00, 1, '2024-09-03 10:16:32', '2024-09-03 10:31:50', NULL, NULL, 0, NULL, NULL),
	(85, 'Equine Joint Supplement Powder', 'Cosequin', NULL, 35.00, 'Injection for treating skin allergies in dogs by Cytopoint', 60.00, 1, '2024-09-03 10:16:32', '2024-09-03 10:31:50', NULL, NULL, 0, NULL, NULL),
	(86, 'Canine Dental Kit', 'Virbac', NULL, 27.00, 'Medication for feline hyperthyroidism by Methimazole', 48.00, 1, '2024-09-03 10:16:32', '2024-09-03 10:31:50', NULL, NULL, 0, NULL, NULL),
	(87, 'Feline Hairball Control Treats', 'Greenies', NULL, 15.00, 'Wound care spray for horses by Vetericyn', 28.00, 1, '2024-09-03 10:16:32', '2024-09-03 10:31:50', NULL, NULL, 0, NULL, NULL),
	(88, 'Canine Skin and Coat Supplement', 'Zesty Paws', NULL, 20.00, 'Supplement for urinary tract health in dogs by D-Mannose', 35.00, 1, '2024-09-03 10:16:32', '2024-09-03 10:31:50', NULL, NULL, 0, NULL, NULL),
	(89, 'Feline Urinary Health Supplement', 'Royal Canin', NULL, 18.00, 'Giardia treatment for cats by Panacur', 32.00, 1, '2024-09-03 10:16:32', '2024-09-03 10:31:50', NULL, NULL, 0, NULL, NULL),
	(90, 'Equine Hoof Strengthener', 'Farrier’s Formula', NULL, 30.00, 'Joint supplement for pets by Flexadin', 55.00, 1, '2024-09-03 10:16:32', '2024-09-03 10:31:50', NULL, NULL, 0, NULL, NULL),
	(91, 'Canine Joint Supplement Chews', 'Dasuquin', NULL, 25.00, 'Heartworm preventive for dogs by Advantage Multi', 45.00, 1, '2024-09-03 10:16:32', '2024-09-03 10:31:50', NULL, NULL, 0, NULL, NULL),
	(92, 'Feline Weight Loss Food', 'Hill’s Science Diet', NULL, 28.00, 'Urinary health food for cats by Royal Canin', 50.00, 1, '2024-09-03 10:16:32', '2024-09-03 10:31:50', NULL, NULL, 0, NULL, NULL),
	(93, 'Veterinary Pain Relief', 'Rimadyl', NULL, 22.00, 'Electrolyte powder for horses by Red Cell', 40.00, 1, '2024-09-03 10:16:32', '2024-09-03 10:31:50', NULL, NULL, 0, NULL, NULL),
	(94, 'Canine Eye Health Supplement', 'Ocu-GLO', NULL, 17.00, 'Cough medicine for dogs by Doxycycline', 30.00, 1, '2024-09-03 10:16:32', '2024-09-03 10:31:50', NULL, NULL, 0, NULL, NULL),
	(95, 'Feline Dental Health Treats', 'Virbac', NULL, 14.00, 'Eye drops for cats by Optimmune', 25.00, 1, '2024-09-03 10:16:32', '2024-09-03 10:31:50', NULL, NULL, 0, NULL, NULL),
	(96, 'Equine Digestive Supplement', 'SandClear', NULL, 18.00, 'Dehydration treatment for pets by VetOne', 32.00, 1, '2024-09-03 10:16:32', '2024-09-03 10:31:50', NULL, NULL, 0, NULL, NULL),
	(97, 'Canine Allergy Chews', 'Zesty Paws', NULL, 20.00, 'Vaccine for canine Lyme disease by LymeVax', 36.00, 1, '2024-09-03 10:16:32', '2024-09-03 10:31:50', NULL, NULL, 0, NULL, NULL),
	(98, 'Feline Hyperthyroid Food', 'Hill’s Prescription Diet', NULL, 15.00, 'Hairball control for cats by Sentry', 28.00, 1, '2024-09-03 10:16:32', '2024-09-03 10:31:50', NULL, NULL, 0, NULL, NULL),
	(99, 'Veterinary Urinary Health Powder', 'Royal Canin', NULL, 27.00, 'Hoof care supplement for horses by Farrier’s Formula', 50.00, 1, '2024-09-03 10:16:32', '2024-09-03 10:31:50', NULL, NULL, 0, NULL, NULL),
	(100, 'Canine Hairball Control Gel', 'Laxatone', NULL, 30.00, 'Pain relief medication for dogs by Rimadyl', 55.00, 1, '2024-09-03 10:16:32', '2024-09-03 10:31:50', NULL, NULL, 0, NULL, NULL),
	(101, 'Canine Spay', 'VetCare', 'Surgery', 0.00, 'Spay surgery for female dogs', 150.00, 1, '2024-09-03 10:22:51', '2024-09-03 10:22:51', NULL, NULL, 0, NULL, NULL),
	(102, 'Feline Spay', 'VetCare', 'Surgery', 0.00, 'Spay surgery for female cats', 120.00, 1, '2024-09-03 10:22:51', '2024-09-03 10:22:51', NULL, NULL, 0, NULL, NULL),
	(103, 'Canine Neuter', 'VetCare', 'Surgery', 0.00, 'Neuter surgery for male dogs', 130.00, 1, '2024-09-03 10:22:51', '2024-09-03 10:22:51', NULL, NULL, 0, NULL, NULL),
	(104, 'Feline Neuter', 'VetCare', 'Surgery', 0.00, 'Neuter surgery for male cats', 100.00, 1, '2024-09-03 10:22:51', '2024-09-03 10:22:51', NULL, NULL, 0, NULL, NULL),
	(105, 'Growth Removal - Small', 'SurgiTech', 'Surgery', 0.00, 'Removal of small growths or tumors', 200.00, 1, '2024-09-03 10:22:51', '2024-09-03 10:22:51', NULL, NULL, 0, NULL, NULL),
	(106, 'Growth Removal - Large', 'SurgiTech', 'Surgery', 0.00, 'Removal of large growths or tumors', 350.00, 1, '2024-09-03 10:22:51', '2024-09-03 10:22:51', NULL, NULL, 0, NULL, NULL),
	(107, 'Basic Lab Work', 'LabMasters', 'Lab Work', 0.00, 'Routine laboratory tests including blood count and chemistry panel', 75.00, 1, '2024-09-03 10:22:51', '2024-09-03 10:22:51', NULL, NULL, 0, NULL, NULL),
	(108, 'Comprehensive Lab Work', 'LabMasters', 'Lab Work', 0.00, 'Detailed laboratory tests including blood work, urinalysis, and more', 150.00, 1, '2024-09-03 10:22:51', '2024-09-03 10:22:51', NULL, NULL, 0, NULL, NULL),
	(109, 'Blood Work - Complete', 'LabMasters', 'Lab Work', 0.00, 'Complete blood work including CBC and chemistry panel', 100.00, 1, '2024-09-03 10:22:51', '2024-09-03 10:22:51', NULL, NULL, 0, NULL, NULL),
	(110, 'Blood Work - Basic', 'LabMasters', 'Lab Work', 0.00, 'Basic blood work including CBC', 60.00, 1, '2024-09-03 10:22:51', '2024-09-03 10:22:51', NULL, NULL, 0, NULL, NULL),
	(111, 'Canine Dental Cleaning', 'DentCare', 'Dental', 0.00, 'Professional dental cleaning for dogs', 180.00, 1, '2024-09-03 10:22:51', '2024-09-03 10:22:51', NULL, NULL, 0, NULL, NULL),
	(112, 'Feline Dental Cleaning', 'DentCare', 'Dental', 0.00, 'Professional dental cleaning for cats', 150.00, 1, '2024-09-03 10:22:51', '2024-09-03 10:22:51', NULL, NULL, 0, NULL, NULL),
	(113, 'Pre-Surgery Blood Test', 'LabMasters', 'Lab Work', 0.00, 'Blood tests required before surgery', 90.00, 1, '2024-09-03 10:22:51', '2024-09-03 10:22:51', NULL, NULL, 0, NULL, NULL),
	(114, 'Post-Surgery Checkup', 'VetCare', 'Consultation', 0.00, 'Follow-up visit after surgery', 60.00, 1, '2024-09-03 10:22:51', '2024-09-03 10:22:51', NULL, NULL, 0, NULL, NULL),
	(115, 'Ultrasound Examination', 'ImagingPlus', 'Imaging', 0.00, 'Ultrasound imaging for diagnostic purposes', 200.00, 1, '2024-09-03 10:22:51', '2024-09-03 10:22:51', NULL, NULL, 0, NULL, NULL),
	(116, 'X-Ray Examination', 'ImagingPlus', 'Imaging', 0.00, 'Radiographic imaging for diagnostic purposes', 150.00, 1, '2024-09-03 10:22:51', '2024-09-03 10:22:51', NULL, NULL, 0, NULL, NULL),
	(117, 'Heartworm Test', 'LabMasters', 'Lab Work', 0.00, 'Test for heartworm disease', 40.00, 1, '2024-09-03 10:22:51', '2024-09-03 10:22:51', NULL, NULL, 0, NULL, NULL),
	(118, 'Fecal Analysis', 'LabMasters', 'Lab Work', 0.00, 'Examination of fecal sample for parasites', 50.00, 1, '2024-09-03 10:22:51', '2024-09-03 10:22:51', NULL, NULL, 0, NULL, NULL),
	(119, 'Vaccination Appointment', 'VetCare', 'Vaccination', 0.00, 'General appointment for vaccinations', 50.00, 1, '2024-09-03 10:22:51', '2024-09-03 10:22:51', NULL, NULL, 0, NULL, NULL),
	(120, 'Allergy Testing', 'LabMasters', 'Lab Work', 0.00, 'Testing for allergies and sensitivities', 120.00, 1, '2024-09-03 10:22:51', '2024-09-03 10:22:51', NULL, NULL, 0, NULL, NULL),
	(121, 'Ear Cleaning', 'VetCare', 'Procedure', 0.00, 'Cleaning of the ears under sedation', 70.00, 1, '2024-09-03 10:22:51', '2024-09-03 10:22:51', NULL, NULL, 0, NULL, NULL),
	(122, 'Microchipping', 'ChipTech', 'Identification', 0.00, 'Microchipping for permanent pet identification', 45.00, 1, '2024-09-03 10:22:51', '2024-09-03 10:22:51', NULL, NULL, 0, NULL, NULL),
	(123, 'Geriatric Wellness Exam', 'VetCare', 'Consultation', 0.00, 'Comprehensive wellness exam for older pets', 100.00, 1, '2024-09-03 10:22:51', '2024-09-03 10:22:51', NULL, NULL, 0, NULL, NULL),
	(124, 'Behavioral Consultation', 'VetCare', 'Consultation', 0.00, 'Consultation for behavioral issues', 90.00, 1, '2024-09-03 10:22:51', '2024-09-03 10:22:51', NULL, NULL, 0, NULL, NULL),
	(125, 'Nutritional Counseling', 'VetCare', 'Consultation', 0.00, 'Consultation for dietary and nutritional needs', 80.00, 1, '2024-09-03 10:22:51', '2024-09-03 10:22:51', NULL, NULL, 0, NULL, NULL),
	(126, 'Emergency Consultation', 'VetCare', 'Consultation', 0.00, 'Emergency veterinary consultation', 150.00, 1, '2024-09-03 10:22:51', '2024-09-03 10:22:51', NULL, NULL, 0, NULL, NULL),
	(127, 'Pre-Operative Exam', 'VetCare', 'Consultation', 0.00, 'Exam before any surgical procedure', 75.00, 1, '2024-09-03 10:22:51', '2024-09-03 10:22:51', NULL, NULL, 0, NULL, NULL),
	(128, 'Post-Operative Exam', 'VetCare', 'Consultation', 0.00, 'Follow-up exam after surgery', 65.00, 1, '2024-09-03 10:22:51', '2024-09-03 10:22:51', NULL, NULL, 0, NULL, NULL),
	(129, 'Pain Management Consultation', 'VetCare', 'Consultation', 0.00, 'Consultation for pain management and treatment', 85.00, 1, '2024-09-03 10:22:51', '2024-09-03 10:22:51', NULL, NULL, 0, NULL, NULL),
	(130, 'Dermatology Exam', 'VetCare', 'Consultation', 0.00, 'Exam for skin and coat conditions', 90.00, 1, '2024-09-03 10:22:51', '2024-09-03 10:22:51', NULL, NULL, 0, NULL, NULL),
	(131, 'Endoscopy', 'EndoTech', 'Imaging', 0.00, 'Endoscopic examination for diagnostics', 250.00, 1, '2024-09-03 10:22:51', '2024-09-03 10:22:51', NULL, NULL, 0, NULL, NULL),
	(132, 'Diagnostic Cytology', 'LabMasters', 'Lab Work', 0.00, 'Microscopic examination of cells for diagnosis', 100.00, 1, '2024-09-03 10:22:51', '2024-09-03 10:22:51', NULL, NULL, 0, NULL, NULL),
	(133, 'Toxicology Consultation', 'VetCare', 'Consultation', 0.00, 'Consultation for cases of poisoning or toxin exposure', 120.00, 1, '2024-09-03 10:22:51', '2024-09-03 10:22:51', NULL, NULL, 0, NULL, NULL),
	(134, 'Wound Care Management', 'VetCare', 'Treatment', 0.00, 'Management and treatment of wounds', 130.00, 1, '2024-09-03 10:22:51', '2024-09-03 10:22:51', NULL, NULL, 0, NULL, NULL),
	(135, 'Orthopedic Consultation', 'VetCare', 'Consultation', 0.00, 'Consultation for orthopedic issues', 150.00, 1, '2024-09-03 10:22:51', '2024-09-03 10:22:51', NULL, NULL, 0, NULL, NULL),
	(136, 'Reproductive Health Consultation', 'VetCare', 'Consultation', 0.00, 'Consultation for reproductive health and breeding', 100.00, 1, '2024-09-03 10:22:51', '2024-09-03 10:22:51', NULL, NULL, 0, NULL, NULL),
	(137, 'Pain Relief Injection', 'PainCare', 'Treatment', 0.00, 'Injection for pain relief', 80.00, 1, '2024-09-03 10:22:51', '2024-09-03 10:22:51', NULL, NULL, 0, NULL, NULL),
	(138, 'IV Fluid Therapy', 'VetCare', 'Treatment', 0.00, 'Intravenous fluid therapy for dehydration or illness', 90.00, 1, '2024-09-03 10:22:51', '2024-09-03 10:22:51', NULL, NULL, 0, NULL, NULL),
	(139, 'Feline Leukemia Test', 'LabMasters', 'Lab Work', 0.00, 'Test for feline leukemia virus', 45.00, 1, '2024-09-03 10:22:51', '2024-09-03 10:22:51', NULL, NULL, 0, NULL, NULL),
	(140, 'Canine Parvovirus Test', 'LabMasters', 'Lab Work', 0.00, 'Test for canine parvovirus', 40.00, 1, '2024-09-03 10:22:51', '2024-09-03 10:22:51', NULL, NULL, 0, NULL, NULL),
	(141, 'Pet Travel Health Certificate', 'VetCare', 'Consultation', 0.00, 'Health certificate for pet travel', 100.00, 1, '2024-09-03 10:22:51', '2024-09-03 10:22:51', NULL, NULL, 0, NULL, NULL),
	(142, 'Echocardiogram', 'ImagingPlus', 'Imaging', 0.00, 'Ultrasound of the heart for diagnostic purposes', 220.00, 1, '2024-09-03 10:22:51', '2024-09-03 10:22:51', NULL, NULL, 0, NULL, NULL),
	(143, 'Nail Trimming', 'VetCare', 'Grooming', 0.00, 'Routine nail trimming for pets', 25.00, 1, '2024-09-03 10:22:51', '2024-09-03 10:22:51', NULL, NULL, 0, NULL, NULL),
	(144, 'Anal Gland Expression', 'VetCare', 'Grooming', 0.00, 'Expression of anal glands for dogs and cats', 30.00, 1, '2024-09-03 10:22:51', '2024-09-03 10:22:51', NULL, NULL, 0, NULL, NULL),
	(145, 'Feline Spay - Special Offer', 'VetCare', 'Surgery', 0.00, 'Discounted spay surgery for female cats', 100.00, 1, '2024-09-03 10:22:51', '2024-09-03 10:22:51', NULL, NULL, 0, NULL, NULL),
	(146, 'Canine Neuter - Special Offer', 'VetCare', 'Surgery', 0.00, 'Discounted neuter surgery for male dogs', 110.00, 1, '2024-09-03 10:22:51', '2024-09-03 10:22:51', NULL, NULL, 0, NULL, NULL),
	(147, 'Canine Flu Vaccination', 'VaxTech', 'Vaccination', 0.00, 'Vaccination for canine influenza', 30.00, 1, '2024-09-03 10:22:51', '2024-09-03 10:22:51', NULL, NULL, 0, NULL, NULL),
	(148, 'Feline Bordetella Vaccination', 'VaxTech', 'Vaccination', 0.00, 'Vaccination for feline bordetella', 25.00, 1, '2024-09-03 10:22:51', '2024-09-03 10:22:51', NULL, NULL, 0, NULL, NULL),
	(149, 'General Health Exam', 'VetCare', 'Consultation', 0.00, 'Routine health examination for pets', 70.00, 1, '2024-09-03 10:22:51', '2024-09-03 10:22:51', NULL, NULL, 0, NULL, NULL),
	(150, 'Puppy/Kitten Wellness Package', 'VetCare', 'Package', 0.00, 'Comprehensive wellness package for puppies and kittens', 200.00, 1, '2024-09-03 10:22:51', '2024-09-03 10:22:51', NULL, NULL, 0, NULL, NULL);

-- Dumping structure for table website.product_audit_log
CREATE TABLE IF NOT EXISTS `product_audit_log` (
  `id` int(11) NOT NULL AUTO_INCREMENT,
  `action_type` enum('added','edited','deleted') NOT NULL,
  `product_id` int(11) NOT NULL,
  `changed_by` varchar(255) NOT NULL,
  `change_time` timestamp NOT NULL DEFAULT current_timestamp(),
  `old_value` text DEFAULT NULL,
  `new_value` text DEFAULT NULL,
  PRIMARY KEY (`id`),
  KEY `product_id` (`product_id`)
) ENGINE=InnoDB AUTO_INCREMENT=10 DEFAULT CHARSET=utf8mb4 COLLATE=utf8mb4_general_ci;

-- Dumping data for table website.product_audit_log: ~6 rows (approximately)
REPLACE INTO `product_audit_log` (`id`, `action_type`, `product_id`, `changed_by`, `change_time`, `old_value`, `new_value`) VALUES
	(1, 'edited', 1, 'Unknown User', '2024-09-04 01:08:00', '{"product_id":1,"product_name":"Dewormer Paste","brand":"Bayer","category":"Product","purchase_cost":"20.00","product_description":"Deworming paste for dogs and cats by Bayer","product_customer_price":"35.00","company_id":1,"created_at":"2024-09-03 03:14:18","updated_at":"2024-09-03 18:05:12","service_description":null,"service_cost":null,"inventory_on_hand":0,"website":null}', '{"product_name":"Dewormer Paste","brand":"Bayer","category":"Product","purchase_cost":"20.00","product_description":"Deworming paste for dogs and cats by Bayer","product_customer_price":"20","inventory_on_hand":0}'),
	(2, 'edited', 1, '1', '2024-09-04 01:24:16', '{"product_id":1,"product_name":"Dewormer Paste","brand":"Bayer","category":"Product","purchase_cost":"20.00","product_description":"Deworming paste for dogs and cats by Bayer","product_customer_price":"20.00","company_id":1,"created_at":"2024-09-03 03:14:18","updated_at":"2024-09-03 18:08:00","service_description":null,"service_cost":null,"inventory_on_hand":0,"website":null}', '{"product_name":"Dewormer Paste","brand":"Bayer","category":"Product","purchase_cost":"20.00","product_description":"Deworming paste for dogs and cats by Bayer","product_customer_price":"30","inventory_on_hand":0}'),
	(3, 'edited', 1, '2', '2024-09-04 01:27:42', '{"product_id":1,"product_name":"Dewormer Paste","brand":"Bayer","category":"Product","purchase_cost":"20.00","product_description":"Deworming paste for dogs and cats by Bayer","product_customer_price":"30.00","company_id":1,"created_at":"2024-09-03 03:14:18","updated_at":"2024-09-03 18:24:16","service_description":null,"service_cost":null,"inventory_on_hand":0,"website":null}', '{"product_name":"Dewormer Paste","brand":"PainCare","category":"Product","purchase_cost":"20.00","product_description":"Deworming paste for dogs and cats by Bayer","product_customer_price":"50.00","inventory_on_hand":0}'),
	(4, 'edited', 1, '1', '2024-09-04 01:41:54', '{"product_id":1,"product_name":"Dewormer Paste","brand":"PainCare","category":"Product","purchase_cost":"20.00","product_description":"Deworming paste for dogs and cats by Bayer","product_customer_price":"50.00","company_id":1,"created_at":"2024-09-03 03:14:18","updated_at":"2024-09-03 18:27:42","service_description":null,"service_cost":null,"inventory_on_hand":0,"website":null}', '{"product_name":"Dewormer Paste","brand":"PainCare","category":"Product","purchase_cost":"20.00","product_description":"Deworming paste for dogs and cats by Bayer","product_customer_price":"30","inventory_on_hand":0}'),
	(8, 'edited', 1, '1', '2024-09-05 23:12:28', '{"product_id":1,"product_name":"Dewormer Paste","brand":"PainCare","category":"Product","purchase_cost":"20.00","product_description":"Deworming paste for dogs and cats by Bayer","product_customer_price":"30.00","company_id":1,"created_at":"2024-09-03 03:14:18","updated_at":"2024-09-04 11:49:13","service_description":null,"service_cost":null,"inventory_on_hand":0,"website":null,"deleted_at":null}', '{"product_name":"Dewormer Paste","brand":"PainCare","category":"Product","purchase_cost":"20.00","product_description":"Deworming paste for dogs and cats by Bayer","product_customer_price":"30.00","inventory_on_hand":1}'),
	(9, 'edited', 1, '1', '2024-09-06 12:35:15', '{"product_id":1,"product_name":"Dewormer Paste","brand":"PainCare","category":"Product","purchase_cost":"20.00","product_description":"Deworming paste for dogs and cats by Bayer","product_customer_price":"30.00","company_id":1,"created_at":"2024-09-03 03:14:18","updated_at":"2024-09-05 16:12:28","service_description":null,"service_cost":null,"inventory_on_hand":1,"website":null,"deleted_at":null}', '{"product_name":"Dewormer Paste","brand":"PainCare","category":"Product","purchase_cost":"20.00","product_description":"Deworming paste for dogs and cats by Bayer","product_customer_price":"30.00","inventory_on_hand":0}');

-- Dumping structure for table website.users
CREATE TABLE IF NOT EXISTS `users` (
  `user_id` int(11) NOT NULL AUTO_INCREMENT,
  `first_name` varchar(50) NOT NULL,
  `last_name` varchar(50) NOT NULL,
  `email` varchar(100) NOT NULL,
  `contact_phone` varchar(20) DEFAULT NULL,
  `gravatar_url` varchar(255) DEFAULT NULL,
  `address` text DEFAULT NULL,
  `company_id` int(11) DEFAULT NULL,
  `company_permissions` text DEFAULT NULL,
  `password` varchar(255) DEFAULT NULL,
  `position` varchar(50) DEFAULT NULL,
  `hireDate` datetime DEFAULT NULL,
  `aboutMe` text DEFAULT NULL,
  `payRate` int(11) DEFAULT NULL,
  `last_login` varchar(50) DEFAULT NULL,
  `deleted_at` datetime DEFAULT NULL,
  PRIMARY KEY (`user_id`),
  KEY `company_id` (`company_id`),
  CONSTRAINT `users_ibfk_1` FOREIGN KEY (`company_id`) REFERENCES `companies` (`company_id`)
) ENGINE=InnoDB AUTO_INCREMENT=18 DEFAULT CHARSET=utf8mb4 COLLATE=utf8mb4_general_ci;

-- Dumping data for table website.users: ~17 rows (approximately)
REPLACE INTO `users` (`user_id`, `first_name`, `last_name`, `email`, `contact_phone`, `gravatar_url`, `address`, `company_id`, `company_permissions`, `password`, `position`, `hireDate`, `aboutMe`, `payRate`, `last_login`, `deleted_at`) VALUES
	(1, 'Morgan', 'Green', 'green.morgan87@gmail.com', '(253) 327-0073', NULL, '18204 96th Ave E Puyallup WA 98375', 1, '{"product_permissions":{"create_products":true,"delete_products":true,"edit_products":true,"order_products":true},"user_permissions":{"add_users":true,"delete_users":true,"edit_users":true}}', '83f0477febcec67a219e4804b0263b0671866e95a472ec6e982779888e1517a3', 'Owner', '2024-09-03 18:43:39', 'I like coffee and banana bread. I do I do. I promise it\'s true', 25, NULL, NULL),
	(2, 'Heather', 'Green', 'hgreen1986@gmail.com', '(253) 327-0144', NULL, '18204 96th Ave E Puyallup WA 98375', 1, '{"product_permissions":{"create_products":true,"delete_products":true,"edit_products":true,"order_products":true},"user_permissions":{"add_users":true,"delete_users":true,"edit_users":true}}', 'c60405a3dc424f3b3f80f2477f89ac5c505641cf4fef973c2dda1cf3c0432b69', 'Esposa', '2024-09-03 18:43:40', 'I see you! <3', 28, NULL, NULL),
	(3, 'Robert', 'Brown', 'robert.brown@example.com', '(345) 678-9012', 'https://www.gravatar.com/avatar/3', '789 Oak St', 1, '{"product_permissions":{"create_products":true,"delete_products":true,"edit_products":true,"order_products":false},"user_permissions":{"add_users":false,"delete_users":false,"edit_users":false}}', 'password_hash_3', 'Pain in the ass', '2019-09-01 00:00:00', 'Helping customers resolve issues.', 26, '2024-09-03 11:30:00', NULL),
	(4, 'Alice', 'Johnson', 'alice.johnson@example.com', '456-789-0123', 'https://www.gravatar.com/avatar/4', '101 Pine St', 1, '{"product_permissions":{"edit_products":true,"delete_products":true,"create_products":false}}', 'password_hash_4', 'Marketing Specialist', '2022-03-12 00:00:00', 'Creative marketing campaigns.', 35, '2024-09-04 08:45:00', '2024-09-05 15:06:00'),
	(5, 'Emily', 'Davis', 'emily.davis@example.com', '567-890-1234', 'https://www.gravatar.com/avatar/5', '202 Birch St', 1, '{"product_permissions":{"edit_products":true,"delete_products":false,"create_products":true}}', 'password_hash_5', 'HR Manager', '2021-11-08 00:00:00', 'Ensuring smooth HR processes.', 35, '2024-09-04 12:15:00', '2024-09-05 15:05:56'),
	(6, 'Michael', 'Wilson', 'michael.wilson@example.com', '678-901-2345', 'https://www.gravatar.com/avatar/6', '303 Cedar St', 1, '{"product_permissions":{"edit_products":true,"delete_products":true,"create_products":true}}', 'password_hash_6', 'Manager', '2020-04-15 00:00:00', 'Leading the company to success.', 80000, '2024-09-01 14:25:00', '2024-09-05 15:05:51'),
	(7, 'Sophia', 'Martinez', 'sophia.martinez@example.com', '789-012-3456', 'https://www.gravatar.com/avatar/7', '404 Fir St', 1, '{"product_permissions":{"edit_products":false,"delete_products":false,"create_products":true}}', 'password_hash_7', 'Product Designer', '2018-07-19 00:00:00', 'Innovative product designs.', 72000, '2024-09-03 15:30:00', '2024-09-05 15:05:46'),
	(8, 'James', 'Garcia', 'james.garcia@example.com', '890-123-4567', 'https://www.gravatar.com/avatar/8', '505 Palm St', 1, '{"product_permissions":{"edit_products":true,"delete_products":false,"create_products":true}}', 'password_hash_8', 'Sales Executive', '2021-05-25 00:00:00', 'Driving sales growth.', 58000, '2024-09-02 16:40:00', '2024-09-05 15:05:30'),
	(9, 'Olivia', 'Rodriguez', 'olivia.rodriguez@example.com', '(901) 234-5678', 'https://www.gravatar.com/avatar/9', '606 Redwood St', 1, '{"product_permissions":{"create_products":false,"delete_products":true,"edit_products":true,"order_products":false},"user_permissions":{"add_users":false,"delete_users":false,"edit_users":false}}', 'password_hash_9', 'Marketing Manager', '2020-09-03 00:00:00', 'Developing marketing strategies.', 29, '2024-09-03 10:50:00', NULL),
	(10, 'William', 'Lopez', 'william.lopez@example.com', '012-345-6789', 'https://www.gravatar.com/avatar/10', '707 Spruce St', 1, '{"product_permissions":{"edit_products":false,"delete_products":false,"create_products":false}}', 'password_hash_10', 'Junior Developer', '2023-01-17 00:00:00', 'Learning and contributing to the codebase.', 48000, '2024-09-04 09:05:00', '2024-09-05 15:05:26'),
	(11, 'Liam', 'Clark', 'liam.clark@example.com', '(123) 456-7891', 'https://www.gravatar.com/avatar/11', '808 Cedar St', 1, '{"product_permissions":{"create_products":true,"delete_products":true,"edit_products":true,"order_products":false},"user_permissions":{"add_users":false,"delete_users":false,"edit_users":false}}', 'password_hash_11', 'Senior Engineer', '2019-02-14 00:00:00', 'Developing innovative solutions.', 35, '2024-09-02 13:20:00', NULL),
	(12, 'Mia', 'Lewis', 'mia.lewis@example.com', '234-567-8902', 'https://www.gravatar.com/avatar/12', '909 Ash St', 1, '{"product_permissions":{"edit_products":false,"delete_products":false,"create_products":false}}', 'password_hash_12', 'HR Specialist', '2022-10-11 00:00:00', 'Supporting HR operations.', 54000, '2024-09-04 10:35:00', '2024-09-05 15:05:34'),
	(13, 'Noah', 'Walker', 'noah.walker@example.com', '(345) 678-9013', 'https://www.gravatar.com/avatar/13', '1010 Redwood St', 1, '{"product_permissions":{"create_products":false,"delete_products":true,"edit_products":true,"order_products":false},"user_permissions":{"add_users":false,"delete_users":false,"edit_users":false}}', 'password_hash_13', 'Project Manager', '2020-08-21 00:00:00', 'Managing multiple projects.', 36, '2024-09-01 11:55:00', NULL),
	(14, 'Ella', 'Hall', 'ella.hall@example.com', '456-789-0124', 'https://www.gravatar.com/avatar/14', '1111 Fir St', 1, '{"product_permissions":{"edit_products":true,"delete_products":false,"create_products":true}}', 'password_hash_14', 'Business Analyst', '2021-03-09 00:00:00', 'Analyzing business requirements.', 62000, '2024-09-02 12:30:00', '2024-09-05 15:05:21'),
	(15, 'Lucas', 'King', 'lucas.king@example.com', '(567) 890-1235', 'https://www.gravatar.com/avatar/15', '1212 Pine St', 1, '{"product_permissions":{"create_products":true,"delete_products":true,"edit_products":true,"order_products":false},"user_permissions":{"add_users":false,"delete_users":false,"edit_users":false}}', 'password_hash_15', 'Operations Manager', '2021-07-27 00:00:00', 'Overseeing daily operations.', 34, '2024-09-03 14:45:00', NULL),
	(16, 'John', 'Doe', 'john.doe@example.com', '123-456-7890', 'https://www.gravatar.com/avatar/1', '123 Elm St', 1, '{"product_permissions":{"edit_products":true,"delete_products":true,"create_products":true}}', 'password_hash_1', 'Manager', '2021-01-15 00:00:00', 'Passionate about team leadership.', 75000, '2024-09-01 10:20:00', '2024-09-05 15:05:42'),
	(17, 'Jane', 'Smith', 'jane.smith@example.com', '234-567-8901', 'https://www.gravatar.com/avatar/2', '456 Maple Ave', 1, '{"product_permissions":{"edit_products":true,"delete_products":false,"create_products":true}}', 'password_hash_2', 'Sales Executive', '2020-06-20 00:00:00', 'Experienced in product sales.', 60000, '2024-09-02 09:10:00', '2024-09-05 15:05:38');

-- Dumping structure for table website.user_audit_log
CREATE TABLE IF NOT EXISTS `user_audit_log` (
  `audit_id` int(11) NOT NULL AUTO_INCREMENT,
  `user_id` int(11) NOT NULL,
  `changed_by` int(11) NOT NULL,
  `action_type` varchar(50) NOT NULL,
  `change_time` timestamp NOT NULL DEFAULT current_timestamp(),
  `additional_info` text DEFAULT NULL,
  `old_value` text DEFAULT NULL,
  `new_value` text DEFAULT NULL,
  PRIMARY KEY (`audit_id`),
  KEY `user_id` (`user_id`),
  KEY `changed_by` (`changed_by`),
  CONSTRAINT `user_audit_log_ibfk_1` FOREIGN KEY (`user_id`) REFERENCES `users` (`user_id`) ON DELETE CASCADE,
  CONSTRAINT `user_audit_log_ibfk_2` FOREIGN KEY (`changed_by`) REFERENCES `users` (`user_id`) ON DELETE CASCADE
) ENGINE=InnoDB AUTO_INCREMENT=138 DEFAULT CHARSET=utf8mb4 COLLATE=utf8mb4_general_ci;

-- Dumping data for table website.user_audit_log: ~136 rows (approximately)
REPLACE INTO `user_audit_log` (`audit_id`, `user_id`, `changed_by`, `action_type`, `change_time`, `additional_info`, `old_value`, `new_value`) VALUES
	(1, 14, 1, 'Deleted', '2024-09-05 22:05:21', NULL, NULL, NULL),
	(2, 10, 1, 'Deleted', '2024-09-05 22:05:26', NULL, NULL, NULL),
	(3, 8, 1, 'Deleted', '2024-09-05 22:05:30', NULL, NULL, NULL),
	(4, 12, 1, 'Deleted', '2024-09-05 22:05:34', NULL, NULL, NULL),
	(5, 17, 1, 'Deleted', '2024-09-05 22:05:38', NULL, NULL, NULL),
	(6, 16, 1, 'Deleted', '2024-09-05 22:05:42', NULL, NULL, NULL),
	(7, 7, 1, 'Deleted', '2024-09-05 22:05:46', NULL, NULL, NULL),
	(8, 6, 1, 'Deleted', '2024-09-05 22:05:51', NULL, NULL, NULL),
	(9, 5, 1, 'Deleted', '2024-09-05 22:05:56', NULL, NULL, NULL),
	(10, 4, 1, 'Deleted', '2024-09-05 22:06:00', NULL, NULL, NULL),
	(11, 1, 1, 'edited', '2024-09-05 22:46:31', NULL, '{"user_id":1,"first_name":"Olivia","last_name":"Rodriguez","email":"olivia.rodriguez@example.com","contact_phone":"2533270073","gravatar_url":null,"address":"18204 96th Ave E Puyallup WA 98375","company_id":1,"company_permissions":"{\\r\\n        \\"product_permissions\\": {\\r\\n            \\"create_products\\": true,\\r\\n            \\"delete_products\\": true,\\r\\n            \\"edit_products\\": true,\\r\\n            \\"order_products\\": true\\r\\n        },\\r\\n        \\"user_permissions\\": {\\r\\n            \\"add_users\\": true,\\r\\n            \\"delete_users\\": true,\\r\\n            \\"edit_users\\": true\\r\\n        }\\r\\n    }","password":"83f0477febcec67a219e4804b0263b0671866e95a472ec6e982779888e1517a3","position":"Marketing Manager","hireDate":"2024-09-03 18:43:39","aboutMe":"I like coffee.","payRate":33,"last_login":null,"deleted_at":null}', '{"first_name":"Noah","last_name":"Walker","email":"noah.walker@example.com","position":"Project Manager","payrate":"40"}'),
	(12, 1, 1, 'edited', '2024-09-05 23:36:43', NULL, '{"user_id":1,"first_name":"Morgan","last_name":"Green","email":"green.morgan87@gmail.com","contact_phone":"2533270073","gravatar_url":null,"address":"18204 96th Ave E Puyallup WA 98375","company_id":1,"company_permissions":"{\\r\\n        \\"product_permissions\\": {\\r\\n            \\"create_products\\": true,\\r\\n            \\"delete_products\\": true,\\r\\n            \\"edit_products\\": true,\\r\\n            \\"order_products\\": true\\r\\n        },\\r\\n        \\"user_permissions\\": {\\r\\n            \\"add_users\\": true,\\r\\n            \\"delete_users\\": true,\\r\\n            \\"edit_users\\": true\\r\\n        }\\r\\n    }","password":"83f0477febcec67a219e4804b0263b0671866e95a472ec6e982779888e1517a3","position":"Owner","hireDate":"2024-09-03 18:43:39","aboutMe":"I like coffee.","payRate":40,"last_login":null,"deleted_at":null}', '{"first_name":"Morgan","last_name":"Green","email":"green.morgan87@gmail.com","position":"Owner","payrate":"40.00"}'),
	(13, 1, 1, 'edited', '2024-09-05 23:39:22', NULL, '{"user_id":1,"first_name":"Morgan","last_name":"Green","email":"green.morgan87@gmail.com","contact_phone":"2533270073","gravatar_url":null,"address":"18204 96th Ave E Puyallup WA 98375","company_id":1,"company_permissions":"{\\r\\n        \\"product_permissions\\": {\\r\\n            \\"create_products\\": true,\\r\\n            \\"delete_products\\": true,\\r\\n            \\"edit_products\\": true,\\r\\n            \\"order_products\\": true\\r\\n        },\\r\\n        \\"user_permissions\\": {\\r\\n            \\"add_users\\": true,\\r\\n            \\"delete_users\\": true,\\r\\n            \\"edit_users\\": true\\r\\n        }\\r\\n    }","password":"83f0477febcec67a219e4804b0263b0671866e95a472ec6e982779888e1517a3","position":"Owner","hireDate":"2024-09-03 18:43:39","aboutMe":"I like coffee.","payRate":40,"last_login":null,"deleted_at":null}', '{"first_name":"Morgan","last_name":"Green","email":"green.morgan87@gmail.com","position":"Owner","payrate":"40.00"}'),
	(14, 1, 1, 'edited', '2024-09-05 23:42:32', NULL, '{"user_id":1,"first_name":"Morgan","last_name":"Green","email":"green.morgan87@gmail.com","contact_phone":"2533270073","gravatar_url":null,"address":"18204 96th Ave E Puyallup WA 98375","company_id":1,"company_permissions":"{\\r\\n        \\"product_permissions\\": {\\r\\n            \\"create_products\\": true,\\r\\n            \\"delete_products\\": true,\\r\\n            \\"edit_products\\": true,\\r\\n            \\"order_products\\": true\\r\\n        },\\r\\n        \\"user_permissions\\": {\\r\\n            \\"add_users\\": true,\\r\\n            \\"delete_users\\": true,\\r\\n            \\"edit_users\\": true\\r\\n        }\\r\\n    }","password":"83f0477febcec67a219e4804b0263b0671866e95a472ec6e982779888e1517a3","position":"Owner","hireDate":"2024-09-03 18:43:39","aboutMe":"I like coffee.","payRate":40,"last_login":null,"deleted_at":null}', '{"first_name":"Morgan","last_name":"Green","email":"green.morgan87@gmail.com","position":"Owner","payrate":"40.00"}'),
	(15, 1, 1, 'edited', '2024-09-05 23:44:32', NULL, '{"user_id":1,"first_name":"Morgan","last_name":"Green","email":"green.morgan87@gmail.com","contact_phone":"2533270073","gravatar_url":null,"address":"18204 96th Ave E Puyallup WA 98375","company_id":1,"company_permissions":"{\\r\\n        \\"product_permissions\\": {\\r\\n            \\"create_products\\": true,\\r\\n            \\"delete_products\\": true,\\r\\n            \\"edit_products\\": true,\\r\\n            \\"order_products\\": true\\r\\n        },\\r\\n        \\"user_permissions\\": {\\r\\n            \\"add_users\\": true,\\r\\n            \\"delete_users\\": true,\\r\\n            \\"edit_users\\": true\\r\\n        }\\r\\n    }","password":"83f0477febcec67a219e4804b0263b0671866e95a472ec6e982779888e1517a3","position":"Owner","hireDate":"2024-09-03 18:43:39","aboutMe":"I like coffee.","payRate":40,"last_login":null,"deleted_at":null}', '{"first_name":"Morgan","last_name":"Green","email":"green.morgan87@gmail.com","position":"Owner","payrate":"40.00"}'),
	(16, 1, 1, 'edited', '2024-09-05 23:46:42', NULL, '{"user_id":1,"first_name":"Heather","last_name":"Green","email":"hgreen1986@gmail.com","contact_phone":"2533270073","gravatar_url":null,"address":"18204 96th Ave E Puyallup WA 98375","company_id":1,"company_permissions":"{\\r\\n        \\"product_permissions\\": {\\r\\n            \\"create_products\\": true,\\r\\n            \\"delete_products\\": true,\\r\\n            \\"edit_products\\": true,\\r\\n            \\"order_products\\": true\\r\\n        },\\r\\n        \\"user_permissions\\": {\\r\\n            \\"add_users\\": true,\\r\\n            \\"delete_users\\": true,\\r\\n            \\"edit_users\\": true\\r\\n        }\\r\\n    }","password":"83f0477febcec67a219e4804b0263b0671866e95a472ec6e982779888e1517a3","position":"Wife","hireDate":"2024-09-03 18:43:39","aboutMe":"I like coffee.","payRate":25,"last_login":null,"deleted_at":null}', '{"first_name":"Heather","last_name":"Green","email":"hgreen1986@gmail.com","position":"Wife","payrate":"25.00"}'),
	(17, 1, 1, 'edited', '2024-09-05 23:46:50', NULL, '{"user_id":1,"first_name":"Heather","last_name":"Green","email":"hgreen1986@gmail.com","contact_phone":"2533270073","gravatar_url":null,"address":"18204 96th Ave E Puyallup WA 98375","company_id":1,"company_permissions":"{\\r\\n        \\"product_permissions\\": {\\r\\n            \\"create_products\\": true,\\r\\n            \\"delete_products\\": true,\\r\\n            \\"edit_products\\": true,\\r\\n            \\"order_products\\": true\\r\\n        },\\r\\n        \\"user_permissions\\": {\\r\\n            \\"add_users\\": true,\\r\\n            \\"delete_users\\": true,\\r\\n            \\"edit_users\\": true\\r\\n        }\\r\\n    }","password":"83f0477febcec67a219e4804b0263b0671866e95a472ec6e982779888e1517a3","position":"Wife","hireDate":"2024-09-03 18:43:39","aboutMe":"I like coffee.","payRate":26,"last_login":null,"deleted_at":null}', '{"first_name":"Heather","last_name":"Green","email":"hgreen1986@gmail.com","position":"Wife","payrate":"26"}'),
	(18, 1, 1, 'edited', '2024-09-05 23:46:57', NULL, '{"user_id":1,"first_name":"Heather","last_name":"Green","email":"hgreen1986@gmail.com","contact_phone":"2533270073","gravatar_url":null,"address":"18204 96th Ave E Puyallup WA 98375","company_id":1,"company_permissions":"{\\r\\n        \\"product_permissions\\": {\\r\\n            \\"create_products\\": true,\\r\\n            \\"delete_products\\": true,\\r\\n            \\"edit_products\\": true,\\r\\n            \\"order_products\\": true\\r\\n        },\\r\\n        \\"user_permissions\\": {\\r\\n            \\"add_users\\": true,\\r\\n            \\"delete_users\\": true,\\r\\n            \\"edit_users\\": true\\r\\n        }\\r\\n    }","password":"83f0477febcec67a219e4804b0263b0671866e95a472ec6e982779888e1517a3","position":"Wife","hireDate":"2024-09-03 18:43:39","aboutMe":"I like coffee.","payRate":26,"last_login":null,"deleted_at":null}', '{"first_name":"Heather","last_name":"Green","email":"hgreen1986@gmail.com","position":"Wife","payrate":"26"}'),
	(19, 1, 1, 'edited', '2024-09-05 23:47:08', NULL, '{"user_id":1,"first_name":"Heather","last_name":"Green","email":"hgreen1986@gmail.com","contact_phone":"2533270073","gravatar_url":null,"address":"18204 96th Ave E Puyallup WA 98375","company_id":1,"company_permissions":"{\\r\\n        \\"product_permissions\\": {\\r\\n            \\"create_products\\": true,\\r\\n            \\"delete_products\\": true,\\r\\n            \\"edit_products\\": true,\\r\\n            \\"order_products\\": true\\r\\n        },\\r\\n        \\"user_permissions\\": {\\r\\n            \\"add_users\\": true,\\r\\n            \\"delete_users\\": true,\\r\\n            \\"edit_users\\": true\\r\\n        }\\r\\n    }","password":"83f0477febcec67a219e4804b0263b0671866e95a472ec6e982779888e1517a3","position":"Wife","hireDate":"2024-09-03 18:43:39","aboutMe":"I like coffee.","payRate":25,"last_login":null,"deleted_at":null}', '{"first_name":"Heather","last_name":"Green","email":"hgreen1986@gmail.com","position":"Wife","payrate":"25.00"}'),
	(20, 1, 1, 'edited', '2024-09-05 23:47:12', NULL, '{"user_id":1,"first_name":"Heather","last_name":"Green","email":"hgreen1986@gmail.com","contact_phone":"2533270073","gravatar_url":null,"address":"18204 96th Ave E Puyallup WA 98375","company_id":1,"company_permissions":"{\\r\\n        \\"product_permissions\\": {\\r\\n            \\"create_products\\": true,\\r\\n            \\"delete_products\\": true,\\r\\n            \\"edit_products\\": true,\\r\\n            \\"order_products\\": true\\r\\n        },\\r\\n        \\"user_permissions\\": {\\r\\n            \\"add_users\\": true,\\r\\n            \\"delete_users\\": true,\\r\\n            \\"edit_users\\": true\\r\\n        }\\r\\n    }","password":"83f0477febcec67a219e4804b0263b0671866e95a472ec6e982779888e1517a3","position":"Wife","hireDate":"2024-09-03 18:43:39","aboutMe":"I like coffee.","payRate":26,"last_login":null,"deleted_at":null}', '{"first_name":"Heather","last_name":"Green","email":"hgreen1986@gmail.com","position":"Wife","payrate":"26"}'),
	(21, 1, 1, 'edited', '2024-09-05 23:47:20', NULL, '{"user_id":1,"first_name":"Olivia","last_name":"Rodriguez","email":"olivia.rodriguez@example.com","contact_phone":"2533270073","gravatar_url":null,"address":"18204 96th Ave E Puyallup WA 98375","company_id":1,"company_permissions":"{\\r\\n        \\"product_permissions\\": {\\r\\n            \\"create_products\\": true,\\r\\n            \\"delete_products\\": true,\\r\\n            \\"edit_products\\": true,\\r\\n            \\"order_products\\": true\\r\\n        },\\r\\n        \\"user_permissions\\": {\\r\\n            \\"add_users\\": true,\\r\\n            \\"delete_users\\": true,\\r\\n            \\"edit_users\\": true\\r\\n        }\\r\\n    }","password":"83f0477febcec67a219e4804b0263b0671866e95a472ec6e982779888e1517a3","position":"Marketing Manager","hireDate":"2024-09-03 18:43:39","aboutMe":"I like coffee.","payRate":33,"last_login":null,"deleted_at":null}', '{"first_name":"Olivia","last_name":"Rodriguez","email":"olivia.rodriguez@example.com","position":"Marketing Manager","payrate":"33"}'),
	(22, 1, 1, 'edited', '2024-09-05 23:48:32', NULL, '{"user_id":1,"first_name":"Olivia","last_name":"Rodriguez","email":"olivia.rodriguez@example.com","contact_phone":"2533270073","gravatar_url":null,"address":"18204 96th Ave E Puyallup WA 98375","company_id":1,"company_permissions":"{\\r\\n        \\"product_permissions\\": {\\r\\n            \\"create_products\\": true,\\r\\n            \\"delete_products\\": true,\\r\\n            \\"edit_products\\": true,\\r\\n            \\"order_products\\": true\\r\\n        },\\r\\n        \\"user_permissions\\": {\\r\\n            \\"add_users\\": true,\\r\\n            \\"delete_users\\": true,\\r\\n            \\"edit_users\\": true\\r\\n        }\\r\\n    }","password":"83f0477febcec67a219e4804b0263b0671866e95a472ec6e982779888e1517a3","position":"Marketing Manager","hireDate":"2024-09-03 18:43:39","aboutMe":"I like coffee.","payRate":33,"last_login":null,"deleted_at":null}', '{"first_name":"Olivia","last_name":"Rodriguez","email":"olivia.rodriguez@example.com","position":"Marketing Manager","payrate":"33"}'),
	(23, 1, 1, 'edited', '2024-09-05 23:50:09', NULL, '{"user_id":1,"first_name":"Morgan","last_name":"Green","email":"green.morgan87@gmail.com","contact_phone":"2533270073","gravatar_url":null,"address":"18204 96th Ave E Puyallup WA 98375","company_id":1,"company_permissions":"{\\r\\n        \\"product_permissions\\": {\\r\\n            \\"create_products\\": true,\\r\\n            \\"delete_products\\": true,\\r\\n            \\"edit_products\\": true,\\r\\n            \\"order_products\\": true\\r\\n        },\\r\\n        \\"user_permissions\\": {\\r\\n            \\"add_users\\": true,\\r\\n            \\"delete_users\\": true,\\r\\n            \\"edit_users\\": true\\r\\n        }\\r\\n    }","password":"83f0477febcec67a219e4804b0263b0671866e95a472ec6e982779888e1517a3","position":"Owner","hireDate":"2024-09-03 18:43:39","aboutMe":"I like coffee.","payRate":32,"last_login":null,"deleted_at":null}', '{"first_name":"Morgan","last_name":"Green","email":"green.morgan87@gmail.com","position":"Owner","payrate":"32"}'),
	(24, 1, 1, 'edited', '2024-09-05 23:53:31', NULL, '{"user_id":1,"first_name":"Morgan","last_name":"Green","email":"green.morgan87@gmail.com","contact_phone":"2533270073","gravatar_url":null,"address":"18204 96th Ave E Puyallup WA 98375","company_id":1,"company_permissions":"{\\r\\n        \\"product_permissions\\": {\\r\\n            \\"create_products\\": true,\\r\\n            \\"delete_products\\": true,\\r\\n            \\"edit_products\\": true,\\r\\n            \\"order_products\\": true\\r\\n        },\\r\\n        \\"user_permissions\\": {\\r\\n            \\"add_users\\": true,\\r\\n            \\"delete_users\\": true,\\r\\n            \\"edit_users\\": true\\r\\n        }\\r\\n    }","password":"83f0477febcec67a219e4804b0263b0671866e95a472ec6e982779888e1517a3","position":"Owner","hireDate":"2024-09-03 18:43:39","aboutMe":"I like coffee.","payRate":31,"last_login":null,"deleted_at":null}', '{"first_name":"Morgan","last_name":"Green","email":"green.morgan87@gmail.com","position":"Owner","payrate":"31"}'),
	(25, 1, 1, 'edited', '2024-09-05 23:53:44', NULL, '{"user_id":1,"first_name":"Robert","last_name":"Brown","email":"robert.brown@example.com","contact_phone":"2533270073","gravatar_url":null,"address":"18204 96th Ave E Puyallup WA 98375","company_id":1,"company_permissions":"{\\r\\n        \\"product_permissions\\": {\\r\\n            \\"create_products\\": true,\\r\\n            \\"delete_products\\": true,\\r\\n            \\"edit_products\\": true,\\r\\n            \\"order_products\\": true\\r\\n        },\\r\\n        \\"user_permissions\\": {\\r\\n            \\"add_users\\": true,\\r\\n            \\"delete_users\\": true,\\r\\n            \\"edit_users\\": true\\r\\n        }\\r\\n    }","password":"83f0477febcec67a219e4804b0263b0671866e95a472ec6e982779888e1517a3","position":"Customer Support","hireDate":"2024-09-03 18:43:39","aboutMe":"I like coffee.","payRate":26,"last_login":null,"deleted_at":null}', '{"first_name":"Robert","last_name":"Brown","email":"robert.brown@example.com","position":"Customer Support","payrate":"26"}'),
	(26, 1, 1, 'edited', '2024-09-05 23:56:48', NULL, '{"user_id":1,"first_name":"Morgan","last_name":"Green","email":"green.morgan87@gmail.com","contact_phone":"2533270073","gravatar_url":null,"address":"18204 96th Ave E Puyallup WA 98375","company_id":1,"company_permissions":"{\\r\\n        \\"product_permissions\\": {\\r\\n            \\"create_products\\": true,\\r\\n            \\"delete_products\\": true,\\r\\n            \\"edit_products\\": true,\\r\\n            \\"order_products\\": true\\r\\n        },\\r\\n        \\"user_permissions\\": {\\r\\n            \\"add_users\\": true,\\r\\n            \\"delete_users\\": true,\\r\\n            \\"edit_users\\": true\\r\\n        }\\r\\n    }","password":"83f0477febcec67a219e4804b0263b0671866e95a472ec6e982779888e1517a3","position":"Owner","hireDate":"2024-09-03 18:43:39","aboutMe":"I like coffee.","payRate":26,"last_login":null,"deleted_at":null}', '{"first_name":"Morgan","last_name":"Green","email":"green.morgan87@gmail.com","position":"Owner","payrate":"26.00"}'),
	(27, 1, 1, 'edited', '2024-09-05 23:57:55', NULL, '{"user_id":1,"first_name":"Robert","last_name":"Brown","email":"robert.brown@example.com","contact_phone":"2533270073","gravatar_url":null,"address":"18204 96th Ave E Puyallup WA 98375","company_id":1,"company_permissions":"{\\r\\n        \\"product_permissions\\": {\\r\\n            \\"create_products\\": true,\\r\\n            \\"delete_products\\": true,\\r\\n            \\"edit_products\\": true,\\r\\n            \\"order_products\\": true\\r\\n        },\\r\\n        \\"user_permissions\\": {\\r\\n            \\"add_users\\": true,\\r\\n            \\"delete_users\\": true,\\r\\n            \\"edit_users\\": true\\r\\n        }\\r\\n    }","password":"83f0477febcec67a219e4804b0263b0671866e95a472ec6e982779888e1517a3","position":"Customer Support","hireDate":"2024-09-03 18:43:39","aboutMe":"I like coffee.","payRate":26,"last_login":null,"deleted_at":null}', '{"first_name":"Robert","last_name":"Brown","email":"robert.brown@example.com","position":"Customer Support","payrate":"26"}'),
	(28, 1, 1, 'edited', '2024-09-05 23:58:42', NULL, '{"user_id":1,"first_name":"Morgan","last_name":"Green","email":"green.morgan87@gmail.com","contact_phone":"2533270073","gravatar_url":null,"address":"18204 96th Ave E Puyallup WA 98375","company_id":1,"company_permissions":"{\\r\\n        \\"product_permissions\\": {\\r\\n            \\"create_products\\": true,\\r\\n            \\"delete_products\\": true,\\r\\n            \\"edit_products\\": true,\\r\\n            \\"order_products\\": true\\r\\n        },\\r\\n        \\"user_permissions\\": {\\r\\n            \\"add_users\\": true,\\r\\n            \\"delete_users\\": true,\\r\\n            \\"edit_users\\": true\\r\\n        }\\r\\n    }","password":"83f0477febcec67a219e4804b0263b0671866e95a472ec6e982779888e1517a3","position":"owner","hireDate":"2024-09-03 18:43:39","aboutMe":"I like coffee.","payRate":25,"last_login":null,"deleted_at":null}', '{"first_name":"Morgan","last_name":"Green","email":"green.morgan87@gmail.com","position":"owner","payrate":"25"}'),
	(29, 1, 1, 'edited', '2024-09-06 00:04:30', NULL, '{"user_id":1,"first_name":"Morgan","last_name":"Green","email":"green.morgan87@gmail.com","contact_phone":"2533270073","gravatar_url":null,"address":"18204 96th Ave E Puyallup WA 98375","company_id":1,"company_permissions":"{\\r\\n        \\"product_permissions\\": {\\r\\n            \\"create_products\\": true,\\r\\n            \\"delete_products\\": true,\\r\\n            \\"edit_products\\": true,\\r\\n            \\"order_products\\": true\\r\\n        },\\r\\n        \\"user_permissions\\": {\\r\\n            \\"add_users\\": true,\\r\\n            \\"delete_users\\": true,\\r\\n            \\"edit_users\\": true\\r\\n        }\\r\\n    }","password":"83f0477febcec67a219e4804b0263b0671866e95a472ec6e982779888e1517a3","position":"owner","hireDate":"2024-09-03 18:43:39","aboutMe":"I like coffee.","payRate":25,"last_login":null,"deleted_at":null}', '{"first_name":"Morgan","last_name":"Green","email":"green.morgan87@gmail.com","position":"owner","payrate":"25.00"}'),
	(30, 1, 1, 'edited', '2024-09-06 00:04:36', NULL, '{"user_id":1,"first_name":"Morgan","last_name":"Green","email":"green.morgan87@gmail.com","contact_phone":"2533270073","gravatar_url":null,"address":"18204 96th Ave E Puyallup WA 98375","company_id":1,"company_permissions":"{\\r\\n        \\"product_permissions\\": {\\r\\n            \\"create_products\\": true,\\r\\n            \\"delete_products\\": true,\\r\\n            \\"edit_products\\": true,\\r\\n            \\"order_products\\": true\\r\\n        },\\r\\n        \\"user_permissions\\": {\\r\\n            \\"add_users\\": true,\\r\\n            \\"delete_users\\": true,\\r\\n            \\"edit_users\\": true\\r\\n        }\\r\\n    }","password":"83f0477febcec67a219e4804b0263b0671866e95a472ec6e982779888e1517a3","position":"owner","hireDate":"2024-09-03 18:43:39","aboutMe":"I like coffee.","payRate":26,"last_login":null,"deleted_at":null}', '{"first_name":"Morgan","last_name":"Green","email":"green.morgan87@gmail.com","position":"owner","payrate":"26"}'),
	(31, 1, 1, 'edited', '2024-09-06 00:04:46', NULL, '{"user_id":1,"first_name":"Robert","last_name":"Brown","email":"robert.brown@example.com","contact_phone":"2533270073","gravatar_url":null,"address":"18204 96th Ave E Puyallup WA 98375","company_id":1,"company_permissions":"{\\r\\n        \\"product_permissions\\": {\\r\\n            \\"create_products\\": true,\\r\\n            \\"delete_products\\": true,\\r\\n            \\"edit_products\\": true,\\r\\n            \\"order_products\\": true\\r\\n        },\\r\\n        \\"user_permissions\\": {\\r\\n            \\"add_users\\": true,\\r\\n            \\"delete_users\\": true,\\r\\n            \\"edit_users\\": true\\r\\n        }\\r\\n    }","password":"83f0477febcec67a219e4804b0263b0671866e95a472ec6e982779888e1517a3","position":"Customer Support","hireDate":"2024-09-03 18:43:39","aboutMe":"I like coffee.","payRate":27,"last_login":null,"deleted_at":null}', '{"first_name":"Robert","last_name":"Brown","email":"robert.brown@example.com","position":"Customer Support","payrate":"27"}'),
	(32, 1, 1, 'edited', '2024-09-06 00:05:09', NULL, '{"user_id":1,"first_name":"Morgan","last_name":"Green","email":"green.morgan87@gmail.com","contact_phone":"2533270073","gravatar_url":null,"address":"18204 96th Ave E Puyallup WA 98375","company_id":1,"company_permissions":"{\\r\\n        \\"product_permissions\\": {\\r\\n            \\"create_products\\": true,\\r\\n            \\"delete_products\\": true,\\r\\n            \\"edit_products\\": true,\\r\\n            \\"order_products\\": true\\r\\n        },\\r\\n        \\"user_permissions\\": {\\r\\n            \\"add_users\\": true,\\r\\n            \\"delete_users\\": true,\\r\\n            \\"edit_users\\": true\\r\\n        }\\r\\n    }","password":"83f0477febcec67a219e4804b0263b0671866e95a472ec6e982779888e1517a3","position":"Owner","hireDate":"2024-09-03 18:43:39","aboutMe":"I like coffee.","payRate":27,"last_login":null,"deleted_at":null}', '{"first_name":"Morgan","last_name":"Green","email":"green.morgan87@gmail.com","position":"Owner","payrate":"27.00"}'),
	(33, 1, 1, 'edited', '2024-09-06 00:07:54', NULL, '{"user_id":1,"first_name":"Morgan","last_name":"Green","email":"green.morgan87@gmail.com","contact_phone":"2533270073","gravatar_url":null,"address":"18204 96th Ave E Puyallup WA 98375","company_id":1,"company_permissions":"{\\r\\n        \\"product_permissions\\": {\\r\\n            \\"create_products\\": true,\\r\\n            \\"delete_products\\": true,\\r\\n            \\"edit_products\\": true,\\r\\n            \\"order_products\\": true\\r\\n        },\\r\\n        \\"user_permissions\\": {\\r\\n            \\"add_users\\": true,\\r\\n            \\"delete_users\\": true,\\r\\n            \\"edit_users\\": true\\r\\n        }\\r\\n    }","password":"83f0477febcec67a219e4804b0263b0671866e95a472ec6e982779888e1517a3","position":"Owner","hireDate":"2024-09-03 18:43:39","aboutMe":"I like coffee.","payRate":26,"last_login":null,"deleted_at":null}', '{"first_name":"Morgan","last_name":"Green","email":"green.morgan87@gmail.com","position":"Owner","payrate":"26"}'),
	(34, 1, 1, 'edited', '2024-09-06 00:08:10', NULL, '{"user_id":1,"first_name":"Robert","last_name":"Brown","email":"robert.brown@example.com","contact_phone":"2533270073","gravatar_url":null,"address":"18204 96th Ave E Puyallup WA 98375","company_id":1,"company_permissions":"{\\r\\n        \\"product_permissions\\": {\\r\\n            \\"create_products\\": true,\\r\\n            \\"delete_products\\": true,\\r\\n            \\"edit_products\\": true,\\r\\n            \\"order_products\\": true\\r\\n        },\\r\\n        \\"user_permissions\\": {\\r\\n            \\"add_users\\": true,\\r\\n            \\"delete_users\\": true,\\r\\n            \\"edit_users\\": true\\r\\n        }\\r\\n    }","password":"83f0477febcec67a219e4804b0263b0671866e95a472ec6e982779888e1517a3","position":"Customer Support","hireDate":"2024-09-03 18:43:39","aboutMe":"I like coffee.","payRate":27,"last_login":null,"deleted_at":null}', '{"first_name":"Robert","last_name":"Brown","email":"robert.brown@example.com","position":"Customer Support","payrate":"27"}'),
	(35, 1, 1, 'edited', '2024-09-06 00:08:25', NULL, '{"user_id":1,"first_name":"Morgan","last_name":"Green","email":"green.morgan87@gmail.com","contact_phone":"2533270073","gravatar_url":null,"address":"18204 96th Ave E Puyallup WA 98375","company_id":1,"company_permissions":"{\\r\\n        \\"product_permissions\\": {\\r\\n            \\"create_products\\": true,\\r\\n            \\"delete_products\\": true,\\r\\n            \\"edit_products\\": true,\\r\\n            \\"order_products\\": true\\r\\n        },\\r\\n        \\"user_permissions\\": {\\r\\n            \\"add_users\\": true,\\r\\n            \\"delete_users\\": true,\\r\\n            \\"edit_users\\": true\\r\\n        }\\r\\n    }","password":"83f0477febcec67a219e4804b0263b0671866e95a472ec6e982779888e1517a3","position":"Customer Support","hireDate":"2024-09-03 18:43:39","aboutMe":"I like coffee.","payRate":27,"last_login":null,"deleted_at":null}', '{"first_name":"Morgan","last_name":"Green","email":"green.morgan87@gmail.com","position":"Customer Support","payrate":"27.00"}'),
	(36, 1, 1, 'edited', '2024-09-06 00:12:37', NULL, '{"user_id":1,"first_name":"Morgan","last_name":"Green","email":"green.morgan87@gmail.com","contact_phone":"2533270073","gravatar_url":null,"address":"18204 96th Ave E Puyallup WA 98375","company_id":1,"company_permissions":"{\\r\\n        \\"product_permissions\\": {\\r\\n            \\"create_products\\": true,\\r\\n            \\"delete_products\\": true,\\r\\n            \\"edit_products\\": true,\\r\\n            \\"order_products\\": true\\r\\n        },\\r\\n        \\"user_permissions\\": {\\r\\n            \\"add_users\\": true,\\r\\n            \\"delete_users\\": true,\\r\\n            \\"edit_users\\": true\\r\\n        }\\r\\n    }","password":"83f0477febcec67a219e4804b0263b0671866e95a472ec6e982779888e1517a3","position":"Owner","hireDate":"2024-09-03 18:43:39","aboutMe":"I like coffee.","payRate":28,"last_login":null,"deleted_at":null}', '{"first_name":"Morgan","last_name":"Green","email":"green.morgan87@gmail.com","position":"Owner","payrate":"28"}'),
	(37, 1, 1, 'edited', '2024-09-06 00:12:58', NULL, '{"user_id":1,"first_name":"Robert","last_name":"Brown","email":"green.morgan87@gmail.com","contact_phone":"2533270073","gravatar_url":null,"address":"18204 96th Ave E Puyallup WA 98375","company_id":1,"company_permissions":"{\\r\\n        \\"product_permissions\\": {\\r\\n            \\"create_products\\": true,\\r\\n            \\"delete_products\\": true,\\r\\n            \\"edit_products\\": true,\\r\\n            \\"order_products\\": true\\r\\n        },\\r\\n        \\"user_permissions\\": {\\r\\n            \\"add_users\\": true,\\r\\n            \\"delete_users\\": true,\\r\\n            \\"edit_users\\": true\\r\\n        }\\r\\n    }","password":"83f0477febcec67a219e4804b0263b0671866e95a472ec6e982779888e1517a3","position":"Customer Support","hireDate":"2024-09-03 18:43:39","aboutMe":"I like coffee.","payRate":25,"last_login":null,"deleted_at":null}', '{"first_name":"Robert","last_name":"Brown","email":"green.morgan87@gmail.com","position":"Customer Support","payrate":"25.00"}'),
	(38, 1, 1, 'edited', '2024-09-06 00:18:30', NULL, '{"user_id":1,"first_name":"Morgan","last_name":"Green","email":"green.morgan87@gmail.com","contact_phone":"2533270073","gravatar_url":null,"address":"18204 96th Ave E Puyallup WA 98375","company_id":1,"company_permissions":"{\\r\\n        \\"product_permissions\\": {\\r\\n            \\"create_products\\": true,\\r\\n            \\"delete_products\\": true,\\r\\n            \\"edit_products\\": true,\\r\\n            \\"order_products\\": true\\r\\n        },\\r\\n        \\"user_permissions\\": {\\r\\n            \\"add_users\\": true,\\r\\n            \\"delete_users\\": true,\\r\\n            \\"edit_users\\": true\\r\\n        }\\r\\n    }","password":"83f0477febcec67a219e4804b0263b0671866e95a472ec6e982779888e1517a3","position":"Owner","hireDate":"2024-09-03 18:43:39","aboutMe":"I like coffee.","payRate":25,"last_login":null,"deleted_at":null}', '{"first_name":"Morgan","last_name":"Green","email":"green.morgan87@gmail.com","position":"Owner","payrate":"25.00"}'),
	(39, 1, 1, 'edited', '2024-09-06 00:18:45', NULL, '{"user_id":1,"first_name":"Robert","last_name":"Brown","email":"robert.brown@example.com","contact_phone":"2533270073","gravatar_url":null,"address":"18204 96th Ave E Puyallup WA 98375","company_id":1,"company_permissions":"{\\r\\n        \\"product_permissions\\": {\\r\\n            \\"create_products\\": true,\\r\\n            \\"delete_products\\": true,\\r\\n            \\"edit_products\\": true,\\r\\n            \\"order_products\\": true\\r\\n        },\\r\\n        \\"user_permissions\\": {\\r\\n            \\"add_users\\": true,\\r\\n            \\"delete_users\\": true,\\r\\n            \\"edit_users\\": true\\r\\n        }\\r\\n    }","password":"83f0477febcec67a219e4804b0263b0671866e95a472ec6e982779888e1517a3","position":"Customer Support","hireDate":"2024-09-03 18:43:39","aboutMe":"I like coffee.","payRate":28,"last_login":null,"deleted_at":null}', '{"first_name":"Robert","last_name":"Brown","email":"robert.brown@example.com","position":"Customer Support","payrate":"28"}'),
	(40, 1, 1, 'edited', '2024-09-06 00:19:14', NULL, '{"user_id":1,"first_name":"Morgan","last_name":"Green","email":"green.morgan87@gmail.com","contact_phone":"2533270073","gravatar_url":null,"address":"18204 96th Ave E Puyallup WA 98375","company_id":1,"company_permissions":"{\\r\\n        \\"product_permissions\\": {\\r\\n            \\"create_products\\": true,\\r\\n            \\"delete_products\\": true,\\r\\n            \\"edit_products\\": true,\\r\\n            \\"order_products\\": true\\r\\n        },\\r\\n        \\"user_permissions\\": {\\r\\n            \\"add_users\\": true,\\r\\n            \\"delete_users\\": true,\\r\\n            \\"edit_users\\": true\\r\\n        }\\r\\n    }","password":"83f0477febcec67a219e4804b0263b0671866e95a472ec6e982779888e1517a3","position":"Owner","hireDate":"2024-09-03 18:43:39","aboutMe":"I like coffee.","payRate":28,"last_login":null,"deleted_at":null}', '{"first_name":"Morgan","last_name":"Green","email":"green.morgan87@gmail.com","position":"Owner","payrate":"28.00"}'),
	(41, 1, 1, 'edited', '2024-09-06 00:24:40', NULL, '{"user_id":1,"first_name":"Robert","last_name":"Brown","email":"robert.brown@example.com","contact_phone":"2533270073","gravatar_url":null,"address":"18204 96th Ave E Puyallup WA 98375","company_id":1,"company_permissions":"{\\r\\n        \\"product_permissions\\": {\\r\\n            \\"create_products\\": true,\\r\\n            \\"delete_products\\": true,\\r\\n            \\"edit_products\\": true,\\r\\n            \\"order_products\\": true\\r\\n        },\\r\\n        \\"user_permissions\\": {\\r\\n            \\"add_users\\": true,\\r\\n            \\"delete_users\\": true,\\r\\n            \\"edit_users\\": true\\r\\n        }\\r\\n    }","password":"83f0477febcec67a219e4804b0263b0671866e95a472ec6e982779888e1517a3","position":"Customer Support","hireDate":"2024-09-03 18:43:39","aboutMe":"I like coffee.","payRate":25,"last_login":null,"deleted_at":null}', '{"first_name":"Robert","last_name":"Brown","email":"robert.brown@example.com","position":"Customer Support","payrate":"25.00"}'),
	(42, 1, 1, 'edited', '2024-09-06 00:25:15', NULL, '{"user_id":1,"first_name":"Morgan","last_name":"Green","email":"green.morgan87@gmail.com","contact_phone":"2533270073","gravatar_url":null,"address":"18204 96th Ave E Puyallup WA 98375","company_id":1,"company_permissions":"{\\r\\n        \\"product_permissions\\": {\\r\\n            \\"create_products\\": true,\\r\\n            \\"delete_products\\": true,\\r\\n            \\"edit_products\\": true,\\r\\n            \\"order_products\\": true\\r\\n        },\\r\\n        \\"user_permissions\\": {\\r\\n            \\"add_users\\": true,\\r\\n            \\"delete_users\\": true,\\r\\n            \\"edit_users\\": true\\r\\n        }\\r\\n    }","password":"83f0477febcec67a219e4804b0263b0671866e95a472ec6e982779888e1517a3","position":"Testing","hireDate":"2024-09-03 18:43:39","aboutMe":"I like coffee.","payRate":25,"last_login":null,"deleted_at":null}', '{"first_name":"Morgan","last_name":"Green","email":"green.morgan87@gmail.com","position":"Testing","payrate":"25.00"}'),
	(43, 1, 1, 'edited', '2024-09-06 00:27:17', NULL, '{"user_id":1,"first_name":"Morgan","last_name":"Green","email":"green.morgan87@gmail.com","contact_phone":"2533270073","gravatar_url":null,"address":"18204 96th Ave E Puyallup WA 98375","company_id":1,"company_permissions":"{\\r\\n        \\"product_permissions\\": {\\r\\n            \\"create_products\\": true,\\r\\n            \\"delete_products\\": true,\\r\\n            \\"edit_products\\": true,\\r\\n            \\"order_products\\": true\\r\\n        },\\r\\n        \\"user_permissions\\": {\\r\\n            \\"add_users\\": true,\\r\\n            \\"delete_users\\": true,\\r\\n            \\"edit_users\\": true\\r\\n        }\\r\\n    }","password":"83f0477febcec67a219e4804b0263b0671866e95a472ec6e982779888e1517a3","position":"Owner","hireDate":"2024-09-03 18:43:39","aboutMe":"I like coffee.","payRate":25,"last_login":null,"deleted_at":null}', '{"first_name":"Morgan","last_name":"Green","email":"green.morgan87@gmail.com","position":"Owner","payrate":"25.00"}'),
	(44, 1, 1, 'edited', '2024-09-06 00:27:30', NULL, '{"user_id":1,"first_name":"Morgan","last_name":"Green","email":"green.morgan87@gmail.com","contact_phone":"2533270073","gravatar_url":null,"address":"18204 96th Ave E Puyallup WA 98375","company_id":1,"company_permissions":"{\\r\\n        \\"product_permissions\\": {\\r\\n            \\"create_products\\": true,\\r\\n            \\"delete_products\\": true,\\r\\n            \\"edit_products\\": true,\\r\\n            \\"order_products\\": true\\r\\n        },\\r\\n        \\"user_permissions\\": {\\r\\n            \\"add_users\\": true,\\r\\n            \\"delete_users\\": true,\\r\\n            \\"edit_users\\": true\\r\\n        }\\r\\n    }","password":"83f0477febcec67a219e4804b0263b0671866e95a472ec6e982779888e1517a3","position":"Owner","hireDate":"2024-09-03 18:43:39","aboutMe":"I like coffee.","payRate":25,"last_login":null,"deleted_at":null}', '{"first_name":"Morgan","last_name":"Green","email":"green.morgan87@gmail.com","position":"Owner","payrate":"25.00"}'),
	(45, 1, 1, 'edited', '2024-09-06 00:30:19', NULL, '{"user_id":1,"first_name":"Morgan","last_name":"Green","email":"green.morgan87@gmail.com","contact_phone":"2533270073","gravatar_url":null,"address":"18204 96th Ave E Puyallup WA 98375","company_id":1,"company_permissions":"{\\r\\n        \\"product_permissions\\": {\\r\\n            \\"create_products\\": true,\\r\\n            \\"delete_products\\": true,\\r\\n            \\"edit_products\\": true,\\r\\n            \\"order_products\\": true\\r\\n        },\\r\\n        \\"user_permissions\\": {\\r\\n            \\"add_users\\": true,\\r\\n            \\"delete_users\\": true,\\r\\n            \\"edit_users\\": true\\r\\n        }\\r\\n    }","password":"83f0477febcec67a219e4804b0263b0671866e95a472ec6e982779888e1517a3","position":"Owner","hireDate":"2024-09-03 18:43:39","aboutMe":"I like coffee.","payRate":25,"last_login":null,"deleted_at":null}', '{"first_name":"Morgan","last_name":"Green","email":"green.morgan87@gmail.com","position":"Owner","payrate":"25.00"}'),
	(46, 1, 1, 'edited', '2024-09-06 00:30:27', NULL, '{"user_id":1,"first_name":"Morgan","last_name":"Green","email":"green.morgan87@gmail.com","contact_phone":"2533270073","gravatar_url":null,"address":"18204 96th Ave E Puyallup WA 98375","company_id":1,"company_permissions":"{\\r\\n        \\"product_permissions\\": {\\r\\n            \\"create_products\\": true,\\r\\n            \\"delete_products\\": true,\\r\\n            \\"edit_products\\": true,\\r\\n            \\"order_products\\": true\\r\\n        },\\r\\n        \\"user_permissions\\": {\\r\\n            \\"add_users\\": true,\\r\\n            \\"delete_users\\": true,\\r\\n            \\"edit_users\\": true\\r\\n        }\\r\\n    }","password":"83f0477febcec67a219e4804b0263b0671866e95a472ec6e982779888e1517a3","position":"Owner","hireDate":"2024-09-03 18:43:39","aboutMe":"I like coffee.","payRate":25,"last_login":null,"deleted_at":null}', '{"first_name":"Morgan","last_name":"Green","email":"green.morgan87@gmail.com","position":"Owner","payrate":"25.00"}'),
	(47, 1, 1, 'edited', '2024-09-06 00:30:29', NULL, '{"user_id":1,"first_name":"Morgan","last_name":"Green","email":"green.morgan87@gmail.com","contact_phone":"2533270073","gravatar_url":null,"address":"18204 96th Ave E Puyallup WA 98375","company_id":1,"company_permissions":"{\\r\\n        \\"product_permissions\\": {\\r\\n            \\"create_products\\": true,\\r\\n            \\"delete_products\\": true,\\r\\n            \\"edit_products\\": true,\\r\\n            \\"order_products\\": true\\r\\n        },\\r\\n        \\"user_permissions\\": {\\r\\n            \\"add_users\\": true,\\r\\n            \\"delete_users\\": true,\\r\\n            \\"edit_users\\": true\\r\\n        }\\r\\n    }","password":"83f0477febcec67a219e4804b0263b0671866e95a472ec6e982779888e1517a3","position":"Owner","hireDate":"2024-09-03 18:43:39","aboutMe":"I like coffee.","payRate":25,"last_login":null,"deleted_at":null}', '{"first_name":"Morgan","last_name":"Green","email":"green.morgan87@gmail.com","position":"Owner","payrate":"25.00"}'),
	(48, 1, 1, 'edited', '2024-09-06 00:30:30', NULL, '{"user_id":1,"first_name":"Morgan","last_name":"Green","email":"green.morgan87@gmail.com","contact_phone":"2533270073","gravatar_url":null,"address":"18204 96th Ave E Puyallup WA 98375","company_id":1,"company_permissions":"{\\r\\n        \\"product_permissions\\": {\\r\\n            \\"create_products\\": true,\\r\\n            \\"delete_products\\": true,\\r\\n            \\"edit_products\\": true,\\r\\n            \\"order_products\\": true\\r\\n        },\\r\\n        \\"user_permissions\\": {\\r\\n            \\"add_users\\": true,\\r\\n            \\"delete_users\\": true,\\r\\n            \\"edit_users\\": true\\r\\n        }\\r\\n    }","password":"83f0477febcec67a219e4804b0263b0671866e95a472ec6e982779888e1517a3","position":"Owner","hireDate":"2024-09-03 18:43:39","aboutMe":"I like coffee.","payRate":25,"last_login":null,"deleted_at":null}', '{"first_name":"Morgan","last_name":"Green","email":"green.morgan87@gmail.com","position":"Owner","payrate":"25.00"}'),
	(49, 1, 1, 'edited', '2024-09-06 00:30:30', NULL, '{"user_id":1,"first_name":"Morgan","last_name":"Green","email":"green.morgan87@gmail.com","contact_phone":"2533270073","gravatar_url":null,"address":"18204 96th Ave E Puyallup WA 98375","company_id":1,"company_permissions":"{\\r\\n        \\"product_permissions\\": {\\r\\n            \\"create_products\\": true,\\r\\n            \\"delete_products\\": true,\\r\\n            \\"edit_products\\": true,\\r\\n            \\"order_products\\": true\\r\\n        },\\r\\n        \\"user_permissions\\": {\\r\\n            \\"add_users\\": true,\\r\\n            \\"delete_users\\": true,\\r\\n            \\"edit_users\\": true\\r\\n        }\\r\\n    }","password":"83f0477febcec67a219e4804b0263b0671866e95a472ec6e982779888e1517a3","position":"Owner","hireDate":"2024-09-03 18:43:39","aboutMe":"I like coffee.","payRate":25,"last_login":null,"deleted_at":null}', '{"first_name":"Morgan","last_name":"Green","email":"green.morgan87@gmail.com","position":"Owner","payrate":"25.00"}'),
	(50, 1, 1, 'edited', '2024-09-06 00:30:31', NULL, '{"user_id":1,"first_name":"Morgan","last_name":"Green","email":"green.morgan87@gmail.com","contact_phone":"2533270073","gravatar_url":null,"address":"18204 96th Ave E Puyallup WA 98375","company_id":1,"company_permissions":"{\\r\\n        \\"product_permissions\\": {\\r\\n            \\"create_products\\": true,\\r\\n            \\"delete_products\\": true,\\r\\n            \\"edit_products\\": true,\\r\\n            \\"order_products\\": true\\r\\n        },\\r\\n        \\"user_permissions\\": {\\r\\n            \\"add_users\\": true,\\r\\n            \\"delete_users\\": true,\\r\\n            \\"edit_users\\": true\\r\\n        }\\r\\n    }","password":"83f0477febcec67a219e4804b0263b0671866e95a472ec6e982779888e1517a3","position":"Owner","hireDate":"2024-09-03 18:43:39","aboutMe":"I like coffee.","payRate":25,"last_login":null,"deleted_at":null}', '{"first_name":"Morgan","last_name":"Green","email":"green.morgan87@gmail.com","position":"Owner","payrate":"25.00"}'),
	(51, 1, 1, 'edited', '2024-09-06 00:30:32', NULL, '{"user_id":1,"first_name":"Morgan","last_name":"Green","email":"green.morgan87@gmail.com","contact_phone":"2533270073","gravatar_url":null,"address":"18204 96th Ave E Puyallup WA 98375","company_id":1,"company_permissions":"{\\r\\n        \\"product_permissions\\": {\\r\\n            \\"create_products\\": true,\\r\\n            \\"delete_products\\": true,\\r\\n            \\"edit_products\\": true,\\r\\n            \\"order_products\\": true\\r\\n        },\\r\\n        \\"user_permissions\\": {\\r\\n            \\"add_users\\": true,\\r\\n            \\"delete_users\\": true,\\r\\n            \\"edit_users\\": true\\r\\n        }\\r\\n    }","password":"83f0477febcec67a219e4804b0263b0671866e95a472ec6e982779888e1517a3","position":"Owner","hireDate":"2024-09-03 18:43:39","aboutMe":"I like coffee.","payRate":25,"last_login":null,"deleted_at":null}', '{"first_name":"Morgan","last_name":"Green","email":"green.morgan87@gmail.com","position":"Owner","payrate":"25.00"}'),
	(52, 1, 1, 'edited', '2024-09-06 00:30:33', NULL, '{"user_id":1,"first_name":"Morgan","last_name":"Green","email":"green.morgan87@gmail.com","contact_phone":"2533270073","gravatar_url":null,"address":"18204 96th Ave E Puyallup WA 98375","company_id":1,"company_permissions":"{\\r\\n        \\"product_permissions\\": {\\r\\n            \\"create_products\\": true,\\r\\n            \\"delete_products\\": true,\\r\\n            \\"edit_products\\": true,\\r\\n            \\"order_products\\": true\\r\\n        },\\r\\n        \\"user_permissions\\": {\\r\\n            \\"add_users\\": true,\\r\\n            \\"delete_users\\": true,\\r\\n            \\"edit_users\\": true\\r\\n        }\\r\\n    }","password":"83f0477febcec67a219e4804b0263b0671866e95a472ec6e982779888e1517a3","position":"Owner","hireDate":"2024-09-03 18:43:39","aboutMe":"I like coffee.","payRate":25,"last_login":null,"deleted_at":null}', '{"first_name":"Morgan","last_name":"Green","email":"green.morgan87@gmail.com","position":"Owner","payrate":"25.00"}'),
	(53, 1, 1, 'edited', '2024-09-06 00:30:34', NULL, '{"user_id":1,"first_name":"Morgan","last_name":"Green","email":"green.morgan87@gmail.com","contact_phone":"2533270073","gravatar_url":null,"address":"18204 96th Ave E Puyallup WA 98375","company_id":1,"company_permissions":"{\\r\\n        \\"product_permissions\\": {\\r\\n            \\"create_products\\": true,\\r\\n            \\"delete_products\\": true,\\r\\n            \\"edit_products\\": true,\\r\\n            \\"order_products\\": true\\r\\n        },\\r\\n        \\"user_permissions\\": {\\r\\n            \\"add_users\\": true,\\r\\n            \\"delete_users\\": true,\\r\\n            \\"edit_users\\": true\\r\\n        }\\r\\n    }","password":"83f0477febcec67a219e4804b0263b0671866e95a472ec6e982779888e1517a3","position":"Owner","hireDate":"2024-09-03 18:43:39","aboutMe":"I like coffee.","payRate":25,"last_login":null,"deleted_at":null}', '{"first_name":"Morgan","last_name":"Green","email":"green.morgan87@gmail.com","position":"Owner","payrate":"25.00"}'),
	(54, 1, 1, 'edited', '2024-09-06 00:30:35', NULL, '{"user_id":1,"first_name":"Morgan","last_name":"Green","email":"green.morgan87@gmail.com","contact_phone":"2533270073","gravatar_url":null,"address":"18204 96th Ave E Puyallup WA 98375","company_id":1,"company_permissions":"{\\r\\n        \\"product_permissions\\": {\\r\\n            \\"create_products\\": true,\\r\\n            \\"delete_products\\": true,\\r\\n            \\"edit_products\\": true,\\r\\n            \\"order_products\\": true\\r\\n        },\\r\\n        \\"user_permissions\\": {\\r\\n            \\"add_users\\": true,\\r\\n            \\"delete_users\\": true,\\r\\n            \\"edit_users\\": true\\r\\n        }\\r\\n    }","password":"83f0477febcec67a219e4804b0263b0671866e95a472ec6e982779888e1517a3","position":"Owner","hireDate":"2024-09-03 18:43:39","aboutMe":"I like coffee.","payRate":25,"last_login":null,"deleted_at":null}', '{"first_name":"Morgan","last_name":"Green","email":"green.morgan87@gmail.com","position":"Owner","payrate":"25.00"}'),
	(55, 1, 1, 'edited', '2024-09-06 00:30:36', NULL, '{"user_id":1,"first_name":"Morgan","last_name":"Green","email":"green.morgan87@gmail.com","contact_phone":"2533270073","gravatar_url":null,"address":"18204 96th Ave E Puyallup WA 98375","company_id":1,"company_permissions":"{\\r\\n        \\"product_permissions\\": {\\r\\n            \\"create_products\\": true,\\r\\n            \\"delete_products\\": true,\\r\\n            \\"edit_products\\": true,\\r\\n            \\"order_products\\": true\\r\\n        },\\r\\n        \\"user_permissions\\": {\\r\\n            \\"add_users\\": true,\\r\\n            \\"delete_users\\": true,\\r\\n            \\"edit_users\\": true\\r\\n        }\\r\\n    }","password":"83f0477febcec67a219e4804b0263b0671866e95a472ec6e982779888e1517a3","position":"Owner","hireDate":"2024-09-03 18:43:39","aboutMe":"I like coffee.","payRate":25,"last_login":null,"deleted_at":null}', '{"first_name":"Morgan","last_name":"Green","email":"green.morgan87@gmail.com","position":"Owner","payrate":"25.00"}'),
	(56, 1, 1, 'edited', '2024-09-06 00:30:37', NULL, '{"user_id":1,"first_name":"Morgan","last_name":"Green","email":"green.morgan87@gmail.com","contact_phone":"2533270073","gravatar_url":null,"address":"18204 96th Ave E Puyallup WA 98375","company_id":1,"company_permissions":"{\\r\\n        \\"product_permissions\\": {\\r\\n            \\"create_products\\": true,\\r\\n            \\"delete_products\\": true,\\r\\n            \\"edit_products\\": true,\\r\\n            \\"order_products\\": true\\r\\n        },\\r\\n        \\"user_permissions\\": {\\r\\n            \\"add_users\\": true,\\r\\n            \\"delete_users\\": true,\\r\\n            \\"edit_users\\": true\\r\\n        }\\r\\n    }","password":"83f0477febcec67a219e4804b0263b0671866e95a472ec6e982779888e1517a3","position":"Owner","hireDate":"2024-09-03 18:43:39","aboutMe":"I like coffee.","payRate":25,"last_login":null,"deleted_at":null}', '{"first_name":"Morgan","last_name":"Green","email":"green.morgan87@gmail.com","position":"Owner","payrate":"25.00"}'),
	(57, 1, 1, 'edited', '2024-09-06 00:30:38', NULL, '{"user_id":1,"first_name":"Morgan","last_name":"Green","email":"green.morgan87@gmail.com","contact_phone":"2533270073","gravatar_url":null,"address":"18204 96th Ave E Puyallup WA 98375","company_id":1,"company_permissions":"{\\r\\n        \\"product_permissions\\": {\\r\\n            \\"create_products\\": true,\\r\\n            \\"delete_products\\": true,\\r\\n            \\"edit_products\\": true,\\r\\n            \\"order_products\\": true\\r\\n        },\\r\\n        \\"user_permissions\\": {\\r\\n            \\"add_users\\": true,\\r\\n            \\"delete_users\\": true,\\r\\n            \\"edit_users\\": true\\r\\n        }\\r\\n    }","password":"83f0477febcec67a219e4804b0263b0671866e95a472ec6e982779888e1517a3","position":"Owner","hireDate":"2024-09-03 18:43:39","aboutMe":"I like coffee.","payRate":25,"last_login":null,"deleted_at":null}', '{"first_name":"Morgan","last_name":"Green","email":"green.morgan87@gmail.com","position":"Owner","payrate":"25.00"}'),
	(58, 1, 1, 'edited', '2024-09-06 00:31:03', NULL, '{"user_id":1,"first_name":"Morgan","last_name":"Green","email":"green.morgan87@gmail.com","contact_phone":"2533270073","gravatar_url":null,"address":"18204 96th Ave E Puyallup WA 98375","company_id":1,"company_permissions":"{\\r\\n        \\"product_permissions\\": {\\r\\n            \\"create_products\\": true,\\r\\n            \\"delete_products\\": true,\\r\\n            \\"edit_products\\": true,\\r\\n            \\"order_products\\": true\\r\\n        },\\r\\n        \\"user_permissions\\": {\\r\\n            \\"add_users\\": true,\\r\\n            \\"delete_users\\": true,\\r\\n            \\"edit_users\\": true\\r\\n        }\\r\\n    }","password":"83f0477febcec67a219e4804b0263b0671866e95a472ec6e982779888e1517a3","position":"Owner","hireDate":"2024-09-03 18:43:39","aboutMe":"I like coffee.","payRate":25,"last_login":null,"deleted_at":null}', '{"first_name":"Morgan","last_name":"Green","email":"green.morgan87@gmail.com","position":"Owner","payrate":"25.00"}'),
	(59, 1, 1, 'edited', '2024-09-06 00:31:11', NULL, '{"user_id":1,"first_name":"Morgan","last_name":"Green","email":"green.morgan87@gmail.com","contact_phone":"2533270073","gravatar_url":null,"address":"18204 96th Ave E Puyallup WA 98375","company_id":1,"company_permissions":"{\\r\\n        \\"product_permissions\\": {\\r\\n            \\"create_products\\": true,\\r\\n            \\"delete_products\\": true,\\r\\n            \\"edit_products\\": true,\\r\\n            \\"order_products\\": true\\r\\n        },\\r\\n        \\"user_permissions\\": {\\r\\n            \\"add_users\\": true,\\r\\n            \\"delete_users\\": true,\\r\\n            \\"edit_users\\": true\\r\\n        }\\r\\n    }","password":"83f0477febcec67a219e4804b0263b0671866e95a472ec6e982779888e1517a3","position":"Owner","hireDate":"2024-09-03 18:43:39","aboutMe":"I like coffee.","payRate":26,"last_login":null,"deleted_at":null}', '{"first_name":"Morgan","last_name":"Green","email":"green.morgan87@gmail.com","position":"Owner","payrate":"26"}'),
	(60, 1, 1, 'edited', '2024-09-06 00:31:28', NULL, '{"user_id":1,"first_name":"Robert","last_name":"Brown","email":"robert.brown@example.com","contact_phone":"2533270073","gravatar_url":null,"address":"18204 96th Ave E Puyallup WA 98375","company_id":1,"company_permissions":"{\\r\\n        \\"product_permissions\\": {\\r\\n            \\"create_products\\": true,\\r\\n            \\"delete_products\\": true,\\r\\n            \\"edit_products\\": true,\\r\\n            \\"order_products\\": true\\r\\n        },\\r\\n        \\"user_permissions\\": {\\r\\n            \\"add_users\\": true,\\r\\n            \\"delete_users\\": true,\\r\\n            \\"edit_users\\": true\\r\\n        }\\r\\n    }","password":"83f0477febcec67a219e4804b0263b0671866e95a472ec6e982779888e1517a3","position":"Customer Support","hireDate":"2024-09-03 18:43:39","aboutMe":"I like coffee.","payRate":25,"last_login":null,"deleted_at":null}', '{"first_name":"Robert","last_name":"Brown","email":"robert.brown@example.com","position":"Customer Support","payrate":"25.00"}'),
	(61, 1, 1, 'edited', '2024-09-06 00:32:58', NULL, '{"user_id":1,"first_name":"Robert","last_name":"Brown","email":"robert.brown@example.com","contact_phone":"2533270073","gravatar_url":null,"address":"18204 96th Ave E Puyallup WA 98375","company_id":1,"company_permissions":"{\\r\\n        \\"product_permissions\\": {\\r\\n            \\"create_products\\": true,\\r\\n            \\"delete_products\\": true,\\r\\n            \\"edit_products\\": true,\\r\\n            \\"order_products\\": true\\r\\n        },\\r\\n        \\"user_permissions\\": {\\r\\n            \\"add_users\\": true,\\r\\n            \\"delete_users\\": true,\\r\\n            \\"edit_users\\": true\\r\\n        }\\r\\n    }","password":"83f0477febcec67a219e4804b0263b0671866e95a472ec6e982779888e1517a3","position":"Customer Support","hireDate":"2024-09-03 18:43:39","aboutMe":"I like coffee.","payRate":25,"last_login":null,"deleted_at":null}', '{"first_name":"Robert","last_name":"Brown","email":"robert.brown@example.com","position":"Customer Support","payrate":"25.00"}'),
	(62, 3, 1, 'edited', '2024-09-06 00:34:13', NULL, '{"user_id":3,"first_name":"Robert","last_name":"Brown","email":"robert.brown@example.com","contact_phone":"345-678-9012","gravatar_url":"https:\\/\\/www.gravatar.com\\/avatar\\/3","address":"789 Oak St","company_id":1,"company_permissions":"{\\"product_permissions\\":{\\"edit_products\\":false,\\"delete_products\\":false,\\"create_products\\":false}}","password":"password_hash_3","position":"Customer Support","hireDate":"2019-09-01 00:00:00","aboutMe":"Helping customers resolve issues.","payRate":25,"last_login":"2024-09-03 11:30:00","deleted_at":null}', '{"first_name":"Robert","last_name":"Brown","email":"robert.brown@example.com","position":"Customer Support","payrate":"25.00"}'),
	(63, 1, 1, 'edited', '2024-09-06 00:34:36', NULL, '{"user_id":1,"first_name":"Morgan","last_name":"Green","email":"green.morgan87@gmail.com","contact_phone":"2533270073","gravatar_url":null,"address":"18204 96th Ave E Puyallup WA 98375","company_id":1,"company_permissions":"{\\r\\n        \\"product_permissions\\": {\\r\\n            \\"create_products\\": true,\\r\\n            \\"delete_products\\": true,\\r\\n            \\"edit_products\\": true,\\r\\n            \\"order_products\\": true\\r\\n        },\\r\\n        \\"user_permissions\\": {\\r\\n            \\"add_users\\": true,\\r\\n            \\"delete_users\\": true,\\r\\n            \\"edit_users\\": true\\r\\n        }\\r\\n    }","password":"83f0477febcec67a219e4804b0263b0671866e95a472ec6e982779888e1517a3","position":"Owner","hireDate":"2024-09-03 18:43:39","aboutMe":"I like coffee.","payRate":25,"last_login":null,"deleted_at":null}', '{"first_name":"Morgan","last_name":"Green","email":"green.morgan87@gmail.com","position":"Owner","payrate":"25.00"}'),
	(64, 3, 1, 'edited', '2024-09-06 00:34:49', NULL, '{"user_id":3,"first_name":"Robert","last_name":"Brown","email":"robert.brown@example.com","contact_phone":"345-678-9012","gravatar_url":"https:\\/\\/www.gravatar.com\\/avatar\\/3","address":"789 Oak St","company_id":1,"company_permissions":"{\\"product_permissions\\":{\\"edit_products\\":false,\\"delete_products\\":false,\\"create_products\\":false}}","password":"password_hash_3","position":"Customer Support","hireDate":"2019-09-01 00:00:00","aboutMe":"Helping customers resolve issues.","payRate":26,"last_login":"2024-09-03 11:30:00","deleted_at":null}', '{"first_name":"Robert","last_name":"Brown","email":"robert.brown@example.com","position":"Customer Support","payrate":"26"}'),
	(65, 3, 1, 'edited', '2024-09-06 00:35:11', NULL, '{"user_id":3,"first_name":"Robert","last_name":"Brown","email":"robert.brown@example.com","contact_phone":"345-678-9012","gravatar_url":"https:\\/\\/www.gravatar.com\\/avatar\\/3","address":"789 Oak St","company_id":1,"company_permissions":"{\\"product_permissions\\":{\\"edit_products\\":false,\\"delete_products\\":false,\\"create_products\\":false}}","password":"password_hash_3","position":"Pain in the ass","hireDate":"2019-09-01 00:00:00","aboutMe":"Helping customers resolve issues.","payRate":26,"last_login":"2024-09-03 11:30:00","deleted_at":null}', '{"first_name":"Robert","last_name":"Brown","email":"robert.brown@example.com","position":"Pain in the ass","payrate":"26.00"}'),
	(66, 3, 1, 'edited', '2024-09-06 00:37:28', NULL, '{"user_id":3,"first_name":"Robert","last_name":"Brown","email":"robert.brown@example.com","contact_phone":"345-678-9012","gravatar_url":"https:\\/\\/www.gravatar.com\\/avatar\\/3","address":"789 Oak St","company_id":1,"company_permissions":"{\\"product_permissions\\":{\\"edit_products\\":false,\\"delete_products\\":false,\\"create_products\\":false}}","password":"password_hash_3","position":"Pain in the ass","hireDate":"2019-09-01 00:00:00","aboutMe":"Helping customers resolve issues.","payRate":26,"last_login":"2024-09-03 11:30:00","deleted_at":null}', '{"first_name":"Robert","last_name":"Brown","email":"robert.brown@example.com","position":"Pain in the ass","payrate":"26.00"}'),
	(67, 9, 1, 'edited', '2024-09-06 00:39:08', NULL, '{"user_id":9,"first_name":"Olivia","last_name":"Rodriguez","email":"olivia.rodriguez@example.com","contact_phone":"901-234-5678","gravatar_url":"https:\\/\\/www.gravatar.com\\/avatar\\/9","address":"606 Redwood St","company_id":1,"company_permissions":"{\\"product_permissions\\":{\\"edit_products\\":true,\\"delete_products\\":true,\\"create_products\\":false}}","password":"password_hash_9","position":"Marketing Manager","hireDate":"2020-09-03 00:00:00","aboutMe":"Developing marketing strategies.","payRate":30,"last_login":"2024-09-03 10:50:00","deleted_at":null}', '{"first_name":"Olivia","last_name":"Rodriguez","email":"olivia.rodriguez@example.com","position":"Marketing Manager","payrate":"30"}'),
	(68, 11, 1, 'edited', '2024-09-06 00:39:44', NULL, '{"user_id":11,"first_name":"Liam","last_name":"Clark","email":"liam.clark@example.com","contact_phone":"123-456-7891","gravatar_url":"https:\\/\\/www.gravatar.com\\/avatar\\/11","address":"808 Cedar St","company_id":1,"company_permissions":"{\\"product_permissions\\":{\\"edit_products\\":true,\\"delete_products\\":true,\\"create_products\\":true}}","password":"password_hash_11","position":"Senior Engineer","hireDate":"2019-02-14 00:00:00","aboutMe":"Developing innovative solutions.","payRate":40,"last_login":"2024-09-02 13:20:00","deleted_at":null}', '{"first_name":"Liam","last_name":"Clark","email":"liam.clark@example.com","position":"Senior Engineer","payrate":"40"}'),
	(69, 13, 1, 'edited', '2024-09-06 00:40:20', NULL, '{"user_id":13,"first_name":"Noah","last_name":"Walker","email":"noah.walker@example.com","contact_phone":"345-678-9013","gravatar_url":"https:\\/\\/www.gravatar.com\\/avatar\\/13","address":"1010 Redwood St","company_id":1,"company_permissions":"{\\"product_permissions\\":{\\"edit_products\\":true,\\"delete_products\\":true,\\"create_products\\":false}}","password":"password_hash_13","position":"Project Manager","hireDate":"2020-08-21 00:00:00","aboutMe":"Managing multiple projects.","payRate":36,"last_login":"2024-09-01 11:55:00","deleted_at":null}', '{"first_name":"Noah","last_name":"Walker","email":"noah.walker@example.com","position":"Project Manager","payrate":"36"}'),
	(70, 15, 1, 'edited', '2024-09-06 00:40:27', NULL, '{"user_id":15,"first_name":"Lucas","last_name":"King","email":"lucas.king@example.com","contact_phone":"567-890-1235","gravatar_url":"https:\\/\\/www.gravatar.com\\/avatar\\/15","address":"1212 Pine St","company_id":1,"company_permissions":"{\\"product_permissions\\":{\\"edit_products\\":true,\\"delete_products\\":true,\\"create_products\\":true}}","password":"password_hash_15","position":"Operations Manager","hireDate":"2021-07-27 00:00:00","aboutMe":"Overseeing daily operations.","payRate":34,"last_login":"2024-09-03 14:45:00","deleted_at":null}', '{"first_name":"Lucas","last_name":"King","email":"lucas.king@example.com","position":"Operations Manager","payrate":"34"}'),
	(71, 1, 1, 'edited', '2024-09-06 01:00:43', NULL, '{"user_id":1,"first_name":"Morgan","last_name":"Green","email":"green.morgan87@gmail.com","contact_phone":"2533270073","gravatar_url":null,"address":"18204 96th Ave E Puyallup WA 98375","company_id":1,"company_permissions":"{\\"product_permissions\\":{\\"create_products\\":[true,true],\\"delete_products\\":[true,true],\\"edit_products\\":[true,true],\\"order_products\\":[true,true]},\\"user_permissions\\":{\\"add_users\\":[true,true],\\"delete_users\\":[true,true],\\"edit_users\\":[true,true]}}","password":"83f0477febcec67a219e4804b0263b0671866e95a472ec6e982779888e1517a3","position":"Owner","hireDate":"2024-09-03 18:43:39","aboutMe":"I like coffee.","payRate":25,"last_login":null,"deleted_at":null}', '{"first_name":"Morgan","last_name":"Green","email":"green.morgan87@gmail.com","position":"Owner","payrate":"25.00","company_permissions":"{\\"product_permissions\\":{\\"create_products\\":[true,true],\\"delete_products\\":[true,true],\\"edit_products\\":[true,true],\\"order_products\\":[true,true]},\\"user_permissions\\":{\\"add_users\\":[true,true],\\"delete_users\\":[true,true],\\"edit_users\\":[true,true]}}"}'),
	(72, 1, 1, 'edited', '2024-09-06 01:00:51', NULL, '{"user_id":1,"first_name":"Morgan","last_name":"Green","email":"green.morgan87@gmail.com","contact_phone":"2533270073","gravatar_url":null,"address":"18204 96th Ave E Puyallup WA 98375","company_id":1,"company_permissions":"{\\"product_permissions\\":{\\"create_products\\":[true,true,true],\\"delete_products\\":[true,true,true],\\"edit_products\\":[true,true,true],\\"order_products\\":[true,true,true]},\\"user_permissions\\":{\\"add_users\\":[true,true,true],\\"delete_users\\":[true,true],\\"edit_users\\":[true,true,true]}}","password":"83f0477febcec67a219e4804b0263b0671866e95a472ec6e982779888e1517a3","position":"Owner","hireDate":"2024-09-03 18:43:39","aboutMe":"I like coffee.","payRate":25,"last_login":null,"deleted_at":null}', '{"first_name":"Morgan","last_name":"Green","email":"green.morgan87@gmail.com","position":"Owner","payrate":"25.00","company_permissions":"{\\"product_permissions\\":{\\"create_products\\":[true,true,true],\\"delete_products\\":[true,true,true],\\"edit_products\\":[true,true,true],\\"order_products\\":[true,true,true]},\\"user_permissions\\":{\\"add_users\\":[true,true,true],\\"delete_users\\":[true,true],\\"edit_users\\":[true,true,true]}}"}'),
	(73, 1, 1, 'edited', '2024-09-06 01:01:03', NULL, '{"user_id":1,"first_name":"Morgan","last_name":"Green","email":"green.morgan87@gmail.com","contact_phone":"2533270073","gravatar_url":null,"address":"18204 96th Ave E Puyallup WA 98375","company_id":1,"company_permissions":"{\\"product_permissions\\":{\\"create_products\\":[true,true,true,true],\\"delete_products\\":[true,true,true,true],\\"edit_products\\":[true,true,true],\\"order_products\\":[true,true,true,true]},\\"user_permissions\\":{\\"add_users\\":[true,true,true,true],\\"delete_users\\":[true,true,true],\\"edit_users\\":[true,true,true,true]}}","password":"83f0477febcec67a219e4804b0263b0671866e95a472ec6e982779888e1517a3","position":"Owner","hireDate":"2024-09-03 18:43:39","aboutMe":"I like coffee.","payRate":25,"last_login":null,"deleted_at":null}', '{"first_name":"Morgan","last_name":"Green","email":"green.morgan87@gmail.com","position":"Owner","payrate":"25.00","company_permissions":"{\\"product_permissions\\":{\\"create_products\\":[true,true,true,true],\\"delete_products\\":[true,true,true,true],\\"edit_products\\":[true,true,true],\\"order_products\\":[true,true,true,true]},\\"user_permissions\\":{\\"add_users\\":[true,true,true,true],\\"delete_users\\":[true,true,true],\\"edit_users\\":[true,true,true,true]}}"}'),
	(74, 3, 1, 'edited', '2024-09-06 01:01:29', NULL, '{"user_id":3,"first_name":"Robert","last_name":"Brown","email":"robert.brown@example.com","contact_phone":"345-678-9012","gravatar_url":"https:\\/\\/www.gravatar.com\\/avatar\\/3","address":"789 Oak St","company_id":1,"company_permissions":"{\\"product_permissions\\":{\\"edit_products\\":false,\\"delete_products\\":false,\\"create_products\\":[false,true]},\\"user_permissions\\":[]}","password":"password_hash_3","position":"Pain in the ass","hireDate":"2019-09-01 00:00:00","aboutMe":"Helping customers resolve issues.","payRate":26,"last_login":"2024-09-03 11:30:00","deleted_at":null}', '{"first_name":"Robert","last_name":"Brown","email":"robert.brown@example.com","position":"Pain in the ass","payrate":"26.00","company_permissions":"{\\"product_permissions\\":{\\"edit_products\\":false,\\"delete_products\\":false,\\"create_products\\":[false,true]},\\"user_permissions\\":[]}"}'),
	(75, 3, 1, 'edited', '2024-09-06 01:01:33', NULL, '{"user_id":3,"first_name":"Robert","last_name":"Brown","email":"robert.brown@example.com","contact_phone":"345-678-9012","gravatar_url":"https:\\/\\/www.gravatar.com\\/avatar\\/3","address":"789 Oak St","company_id":1,"company_permissions":"{\\"product_permissions\\":{\\"edit_products\\":[false,true],\\"delete_products\\":false,\\"create_products\\":[false,true,true]},\\"user_permissions\\":[]}","password":"password_hash_3","position":"Pain in the ass","hireDate":"2019-09-01 00:00:00","aboutMe":"Helping customers resolve issues.","payRate":26,"last_login":"2024-09-03 11:30:00","deleted_at":null}', '{"first_name":"Robert","last_name":"Brown","email":"robert.brown@example.com","position":"Pain in the ass","payrate":"26.00","company_permissions":"{\\"product_permissions\\":{\\"edit_products\\":[false,true],\\"delete_products\\":false,\\"create_products\\":[false,true,true]},\\"user_permissions\\":[]}"}'),
	(76, 3, 1, 'edited', '2024-09-06 01:01:36', NULL, '{"user_id":3,"first_name":"Robert","last_name":"Brown","email":"robert.brown@example.com","contact_phone":"345-678-9012","gravatar_url":"https:\\/\\/www.gravatar.com\\/avatar\\/3","address":"789 Oak St","company_id":1,"company_permissions":"{\\"product_permissions\\":{\\"edit_products\\":[false,true,true],\\"delete_products\\":[false,true],\\"create_products\\":[false,true,true,true]},\\"user_permissions\\":[]}","password":"password_hash_3","position":"Pain in the ass","hireDate":"2019-09-01 00:00:00","aboutMe":"Helping customers resolve issues.","payRate":26,"last_login":"2024-09-03 11:30:00","deleted_at":null}', '{"first_name":"Robert","last_name":"Brown","email":"robert.brown@example.com","position":"Pain in the ass","payrate":"26.00","company_permissions":"{\\"product_permissions\\":{\\"edit_products\\":[false,true,true],\\"delete_products\\":[false,true],\\"create_products\\":[false,true,true,true]},\\"user_permissions\\":[]}"}'),
	(77, 3, 1, 'edited', '2024-09-06 01:01:38', NULL, '{"user_id":3,"first_name":"Robert","last_name":"Brown","email":"robert.brown@example.com","contact_phone":"345-678-9012","gravatar_url":"https:\\/\\/www.gravatar.com\\/avatar\\/3","address":"789 Oak St","company_id":1,"company_permissions":"{\\"product_permissions\\":{\\"edit_products\\":[false,true,true,true],\\"delete_products\\":[false,true,true],\\"create_products\\":[false,true,true,true,true],\\"order_products\\":true},\\"user_permissions\\":[]}","password":"password_hash_3","position":"Pain in the ass","hireDate":"2019-09-01 00:00:00","aboutMe":"Helping customers resolve issues.","payRate":26,"last_login":"2024-09-03 11:30:00","deleted_at":null}', '{"first_name":"Robert","last_name":"Brown","email":"robert.brown@example.com","position":"Pain in the ass","payrate":"26.00","company_permissions":"{\\"product_permissions\\":{\\"edit_products\\":[false,true,true,true],\\"delete_products\\":[false,true,true],\\"create_products\\":[false,true,true,true,true],\\"order_products\\":true},\\"user_permissions\\":[]}"}'),
	(78, 3, 1, 'edited', '2024-09-06 01:01:42', NULL, '{"user_id":3,"first_name":"Robert","last_name":"Brown","email":"robert.brown@example.com","contact_phone":"345-678-9012","gravatar_url":"https:\\/\\/www.gravatar.com\\/avatar\\/3","address":"789 Oak St","company_id":1,"company_permissions":"{\\"product_permissions\\":{\\"edit_products\\":[false,true,true,true,true],\\"delete_products\\":[false,true,true,true],\\"create_products\\":[false,true,true,true,true,true],\\"order_products\\":[true,true]},\\"user_permissions\\":{\\"add_users\\":true}}","password":"password_hash_3","position":"Pain in the ass","hireDate":"2019-09-01 00:00:00","aboutMe":"Helping customers resolve issues.","payRate":26,"last_login":"2024-09-03 11:30:00","deleted_at":null}', '{"first_name":"Robert","last_name":"Brown","email":"robert.brown@example.com","position":"Pain in the ass","payrate":"26.00","company_permissions":"{\\"product_permissions\\":{\\"edit_products\\":[false,true,true,true,true],\\"delete_products\\":[false,true,true,true],\\"create_products\\":[false,true,true,true,true,true],\\"order_products\\":[true,true]},\\"user_permissions\\":{\\"add_users\\":true}}"}'),
	(79, 3, 1, 'edited', '2024-09-06 01:01:44', NULL, '{"user_id":3,"first_name":"Robert","last_name":"Brown","email":"robert.brown@example.com","contact_phone":"345-678-9012","gravatar_url":"https:\\/\\/www.gravatar.com\\/avatar\\/3","address":"789 Oak St","company_id":1,"company_permissions":"{\\"product_permissions\\":{\\"edit_products\\":[false,true,true,true,true,true],\\"delete_products\\":[false,true,true,true,true],\\"create_products\\":[false,true,true,true,true,true,true],\\"order_products\\":[true,true,true]},\\"user_permissions\\":{\\"add_users\\":[true,true],\\"delete_users\\":true}}","password":"password_hash_3","position":"Pain in the ass","hireDate":"2019-09-01 00:00:00","aboutMe":"Helping customers resolve issues.","payRate":26,"last_login":"2024-09-03 11:30:00","deleted_at":null}', '{"first_name":"Robert","last_name":"Brown","email":"robert.brown@example.com","position":"Pain in the ass","payrate":"26.00","company_permissions":"{\\"product_permissions\\":{\\"edit_products\\":[false,true,true,true,true,true],\\"delete_products\\":[false,true,true,true,true],\\"create_products\\":[false,true,true,true,true,true,true],\\"order_products\\":[true,true,true]},\\"user_permissions\\":{\\"add_users\\":[true,true],\\"delete_users\\":true}}"}'),
	(80, 3, 1, 'edited', '2024-09-06 01:01:46', NULL, '{"user_id":3,"first_name":"Robert","last_name":"Brown","email":"robert.brown@example.com","contact_phone":"345-678-9012","gravatar_url":"https:\\/\\/www.gravatar.com\\/avatar\\/3","address":"789 Oak St","company_id":1,"company_permissions":"{\\"product_permissions\\":{\\"edit_products\\":[false,true,true,true,true,true,true],\\"delete_products\\":[false,true,true,true,true,true],\\"create_products\\":[false,true,true,true,true,true,true,true],\\"order_products\\":[true,true,true,true]},\\"user_permissions\\":{\\"add_users\\":[true,true,true],\\"delete_users\\":[true,true],\\"edit_users\\":true}}","password":"password_hash_3","position":"Pain in the ass","hireDate":"2019-09-01 00:00:00","aboutMe":"Helping customers resolve issues.","payRate":26,"last_login":"2024-09-03 11:30:00","deleted_at":null}', '{"first_name":"Robert","last_name":"Brown","email":"robert.brown@example.com","position":"Pain in the ass","payrate":"26.00","company_permissions":"{\\"product_permissions\\":{\\"edit_products\\":[false,true,true,true,true,true,true],\\"delete_products\\":[false,true,true,true,true,true],\\"create_products\\":[false,true,true,true,true,true,true,true],\\"order_products\\":[true,true,true,true]},\\"user_permissions\\":{\\"add_users\\":[true,true,true],\\"delete_users\\":[true,true],\\"edit_users\\":true}}"}'),
	(81, 3, 1, 'edited', '2024-09-06 01:01:49', NULL, '{"user_id":3,"first_name":"Robert","last_name":"Brown","email":"robert.brown@example.com","contact_phone":"345-678-9012","gravatar_url":"https:\\/\\/www.gravatar.com\\/avatar\\/3","address":"789 Oak St","company_id":1,"company_permissions":"{\\"product_permissions\\":{\\"edit_products\\":[false,true,true,true,true,true,true,true],\\"delete_products\\":[false,true,true,true,true,true,true],\\"create_products\\":[false,true,true,true,true,true,true,true,true],\\"order_products\\":[true,true,true,true,true]},\\"user_permissions\\":{\\"add_users\\":[true,true,true],\\"delete_users\\":[true,true,true],\\"edit_users\\":[true,true]}}","password":"password_hash_3","position":"Pain in the ass","hireDate":"2019-09-01 00:00:00","aboutMe":"Helping customers resolve issues.","payRate":26,"last_login":"2024-09-03 11:30:00","deleted_at":null}', '{"first_name":"Robert","last_name":"Brown","email":"robert.brown@example.com","position":"Pain in the ass","payrate":"26.00","company_permissions":"{\\"product_permissions\\":{\\"edit_products\\":[false,true,true,true,true,true,true,true],\\"delete_products\\":[false,true,true,true,true,true,true],\\"create_products\\":[false,true,true,true,true,true,true,true,true],\\"order_products\\":[true,true,true,true,true]},\\"user_permissions\\":{\\"add_users\\":[true,true,true],\\"delete_users\\":[true,true,true],\\"edit_users\\":[true,true]}}"}'),
	(82, 3, 1, 'edited', '2024-09-06 01:01:52', NULL, '{"user_id":3,"first_name":"Robert","last_name":"Brown","email":"robert.brown@example.com","contact_phone":"345-678-9012","gravatar_url":"https:\\/\\/www.gravatar.com\\/avatar\\/3","address":"789 Oak St","company_id":1,"company_permissions":"{\\"product_permissions\\":{\\"edit_products\\":[false,true,true,true,true,true,true,true,true],\\"delete_products\\":[false,true,true,true,true,true,true,true],\\"create_products\\":[false,true,true,true,true,true,true,true,true,true],\\"order_products\\":[true,true,true,true,true,true]},\\"user_permissions\\":{\\"add_users\\":[true,true,true],\\"delete_users\\":[true,true,true,true],\\"edit_users\\":[true,true,true]}}","password":"password_hash_3","position":"Pain in the ass","hireDate":"2019-09-01 00:00:00","aboutMe":"Helping customers resolve issues.","payRate":26,"last_login":"2024-09-03 11:30:00","deleted_at":null}', '{"first_name":"Robert","last_name":"Brown","email":"robert.brown@example.com","position":"Pain in the ass","payrate":"26.00","company_permissions":"{\\"product_permissions\\":{\\"edit_products\\":[false,true,true,true,true,true,true,true,true],\\"delete_products\\":[false,true,true,true,true,true,true,true],\\"create_products\\":[false,true,true,true,true,true,true,true,true,true],\\"order_products\\":[true,true,true,true,true,true]},\\"user_permissions\\":{\\"add_users\\":[true,true,true],\\"delete_users\\":[true,true,true,true],\\"edit_users\\":[true,true,true]}}"}'),
	(83, 3, 1, 'edited', '2024-09-06 01:02:59', NULL, '{"user_id":3,"first_name":"Robert","last_name":"Brown","email":"robert.brown@example.com","contact_phone":"345-678-9012","gravatar_url":"https:\\/\\/www.gravatar.com\\/avatar\\/3","address":"789 Oak St","company_id":1,"company_permissions":"{\\"product_permissions\\":{\\"edit_products\\":true,\\"delete_products\\":true,\\"create_products\\":true,\\"order_products\\":true},\\"user_permissions\\":{\\"delete_users\\":true,\\"edit_users\\":true}}","password":"password_hash_3","position":"Pain in the ass","hireDate":"2019-09-01 00:00:00","aboutMe":"Helping customers resolve issues.","payRate":26,"last_login":"2024-09-03 11:30:00","deleted_at":null}', '{"first_name":"Robert","last_name":"Brown","email":"robert.brown@example.com","position":"Pain in the ass","payrate":"26.00","company_permissions":"{\\"product_permissions\\":{\\"edit_products\\":true,\\"delete_products\\":true,\\"create_products\\":true,\\"order_products\\":true},\\"user_permissions\\":{\\"delete_users\\":true,\\"edit_users\\":true}}"}'),
	(84, 3, 1, 'edited', '2024-09-06 01:03:02', NULL, '{"user_id":3,"first_name":"Robert","last_name":"Brown","email":"robert.brown@example.com","contact_phone":"345-678-9012","gravatar_url":"https:\\/\\/www.gravatar.com\\/avatar\\/3","address":"789 Oak St","company_id":1,"company_permissions":"{\\"product_permissions\\":{\\"edit_products\\":true,\\"delete_products\\":true,\\"create_products\\":true,\\"order_products\\":true},\\"user_permissions\\":[]}","password":"password_hash_3","position":"Pain in the ass","hireDate":"2019-09-01 00:00:00","aboutMe":"Helping customers resolve issues.","payRate":26,"last_login":"2024-09-03 11:30:00","deleted_at":null}', '{"first_name":"Robert","last_name":"Brown","email":"robert.brown@example.com","position":"Pain in the ass","payrate":"26.00","company_permissions":"{\\"product_permissions\\":{\\"edit_products\\":true,\\"delete_products\\":true,\\"create_products\\":true,\\"order_products\\":true},\\"user_permissions\\":[]}"}'),
	(85, 3, 1, 'edited', '2024-09-06 01:03:05', NULL, '{"user_id":3,"first_name":"Robert","last_name":"Brown","email":"robert.brown@example.com","contact_phone":"345-678-9012","gravatar_url":"https:\\/\\/www.gravatar.com\\/avatar\\/3","address":"789 Oak St","company_id":1,"company_permissions":"{\\"product_permissions\\":[],\\"user_permissions\\":[]}","password":"password_hash_3","position":"Pain in the ass","hireDate":"2019-09-01 00:00:00","aboutMe":"Helping customers resolve issues.","payRate":26,"last_login":"2024-09-03 11:30:00","deleted_at":null}', '{"first_name":"Robert","last_name":"Brown","email":"robert.brown@example.com","position":"Pain in the ass","payrate":"26.00","company_permissions":"{\\"product_permissions\\":[],\\"user_permissions\\":[]}"}'),
	(86, 1, 1, 'edited', '2024-09-06 01:03:14', NULL, '{"user_id":1,"first_name":"Morgan","last_name":"Green","email":"green.morgan87@gmail.com","contact_phone":"2533270073","gravatar_url":null,"address":"18204 96th Ave E Puyallup WA 98375","company_id":1,"company_permissions":"{\\"product_permissions\\":{\\"create_products\\":true,\\"delete_products\\":true,\\"edit_products\\":true,\\"order_products\\":true},\\"user_permissions\\":{\\"add_users\\":true,\\"edit_users\\":true}}","password":"83f0477febcec67a219e4804b0263b0671866e95a472ec6e982779888e1517a3","position":"Owner","hireDate":"2024-09-03 18:43:39","aboutMe":"I like coffee.","payRate":25,"last_login":null,"deleted_at":null}', '{"first_name":"Morgan","last_name":"Green","email":"green.morgan87@gmail.com","position":"Owner","payrate":"25.00","company_permissions":"{\\"product_permissions\\":{\\"create_products\\":true,\\"delete_products\\":true,\\"edit_products\\":true,\\"order_products\\":true},\\"user_permissions\\":{\\"add_users\\":true,\\"edit_users\\":true}}"}'),
	(87, 1, 1, 'edited', '2024-09-06 01:03:16', NULL, '{"user_id":1,"first_name":"Morgan","last_name":"Green","email":"green.morgan87@gmail.com","contact_phone":"2533270073","gravatar_url":null,"address":"18204 96th Ave E Puyallup WA 98375","company_id":1,"company_permissions":"{\\"product_permissions\\":{\\"create_products\\":true,\\"delete_products\\":true,\\"edit_products\\":true,\\"order_products\\":true},\\"user_permissions\\":{\\"add_users\\":true,\\"edit_users\\":true,\\"delete_users\\":true}}","password":"83f0477febcec67a219e4804b0263b0671866e95a472ec6e982779888e1517a3","position":"Owner","hireDate":"2024-09-03 18:43:39","aboutMe":"I like coffee.","payRate":25,"last_login":null,"deleted_at":null}', '{"first_name":"Morgan","last_name":"Green","email":"green.morgan87@gmail.com","position":"Owner","payrate":"25.00","company_permissions":"{\\"product_permissions\\":{\\"create_products\\":true,\\"delete_products\\":true,\\"edit_products\\":true,\\"order_products\\":true},\\"user_permissions\\":{\\"add_users\\":true,\\"edit_users\\":true,\\"delete_users\\":true}}"}'),
	(88, 1, 1, 'edited', '2024-09-06 01:03:21', NULL, '{"user_id":1,"first_name":"Morgan","last_name":"Green","email":"green.morgan87@gmail.com","contact_phone":"2533270073","gravatar_url":null,"address":"18204 96th Ave E Puyallup WA 98375","company_id":1,"company_permissions":"{\\"product_permissions\\":{\\"edit_products\\":true,\\"order_products\\":true},\\"user_permissions\\":{\\"add_users\\":true,\\"edit_users\\":true,\\"delete_users\\":true}}","password":"83f0477febcec67a219e4804b0263b0671866e95a472ec6e982779888e1517a3","position":"Owner","hireDate":"2024-09-03 18:43:39","aboutMe":"I like coffee.","payRate":25,"last_login":null,"deleted_at":null}', '{"first_name":"Morgan","last_name":"Green","email":"green.morgan87@gmail.com","position":"Owner","payrate":"25.00","company_permissions":"{\\"product_permissions\\":{\\"edit_products\\":true,\\"order_products\\":true},\\"user_permissions\\":{\\"add_users\\":true,\\"edit_users\\":true,\\"delete_users\\":true}}"}'),
	(89, 3, 1, 'edited', '2024-09-06 01:03:59', NULL, '{"user_id":3,"first_name":"Robert","last_name":"Brown","email":"robert.brown@example.com","contact_phone":"345-678-9012","gravatar_url":"https:\\/\\/www.gravatar.com\\/avatar\\/3","address":"789 Oak St","company_id":1,"company_permissions":"{\\"product_permissions\\":{\\"create_products\\":true,\\"delete_products\\":true,\\"edit_products\\":true},\\"user_permissions\\":[]}","password":"password_hash_3","position":"Pain in the ass","hireDate":"2019-09-01 00:00:00","aboutMe":"Helping customers resolve issues.","payRate":26,"last_login":"2024-09-03 11:30:00","deleted_at":null}', '{"first_name":"Robert","last_name":"Brown","email":"robert.brown@example.com","position":"Pain in the ass","payrate":"26.00","company_permissions":"{\\"product_permissions\\":{\\"create_products\\":true,\\"delete_products\\":true,\\"edit_products\\":true},\\"user_permissions\\":[]}"}'),
	(90, 2, 1, 'edited', '2024-09-06 01:04:10', NULL, '{"user_id":2,"first_name":"Heather","last_name":"Green","email":"hgreen1986@gmail.com","contact_phone":"2533270144","gravatar_url":null,"address":"18204 96th Ave E Puyallup WA 98375","company_id":1,"company_permissions":"{\\"product_permissions\\":{\\"create_products\\":true,\\"delete_products\\":true,\\"edit_products\\":true,\\"order_products\\":true},\\"user_permissions\\":{\\"add_users\\":true,\\"delete_users\\":true,\\"edit_users\\":true}}","password":"c60405a3dc424f3b3f80f2477f89ac5c505641cf4fef973c2dda1cf3c0432b69","position":"Wife","hireDate":"2024-09-03 18:43:40","aboutMe":null,"payRate":25,"last_login":null,"deleted_at":null}', '{"first_name":"Heather","last_name":"Green","email":"hgreen1986@gmail.com","position":"Wife","payrate":"25.00","company_permissions":"{\\"product_permissions\\":{\\"create_products\\":true,\\"delete_products\\":true,\\"edit_products\\":true,\\"order_products\\":true},\\"user_permissions\\":{\\"add_users\\":true,\\"delete_users\\":true,\\"edit_users\\":true}}"}'),
	(91, 2, 1, 'edited', '2024-09-06 01:04:13', NULL, '{"user_id":2,"first_name":"Heather","last_name":"Green","email":"hgreen1986@gmail.com","contact_phone":"2533270144","gravatar_url":null,"address":"18204 96th Ave E Puyallup WA 98375","company_id":1,"company_permissions":"{\\"product_permissions\\":{\\"create_products\\":true,\\"delete_products\\":true,\\"edit_products\\":true,\\"order_products\\":true},\\"user_permissions\\":[]}","password":"c60405a3dc424f3b3f80f2477f89ac5c505641cf4fef973c2dda1cf3c0432b69","position":"Wife","hireDate":"2024-09-03 18:43:40","aboutMe":null,"payRate":25,"last_login":null,"deleted_at":null}', '{"first_name":"Heather","last_name":"Green","email":"hgreen1986@gmail.com","position":"Wife","payrate":"25.00","company_permissions":"{\\"product_permissions\\":{\\"create_products\\":true,\\"delete_products\\":true,\\"edit_products\\":true,\\"order_products\\":true},\\"user_permissions\\":[]}"}'),
	(92, 1, 1, 'edited', '2024-09-06 01:04:25', NULL, '{"user_id":1,"first_name":"Morgan","last_name":"Green","email":"green.morgan87@gmail.com","contact_phone":"2533270073","gravatar_url":null,"address":"18204 96th Ave E Puyallup WA 98375","company_id":1,"company_permissions":"{\\"product_permissions\\":{\\"edit_products\\":true,\\"order_products\\":true},\\"user_permissions\\":{\\"add_users\\":true,\\"edit_users\\":true}}","password":"83f0477febcec67a219e4804b0263b0671866e95a472ec6e982779888e1517a3","position":"Owner","hireDate":"2024-09-03 18:43:39","aboutMe":"I like coffee.","payRate":25,"last_login":null,"deleted_at":null}', '{"first_name":"Morgan","last_name":"Green","email":"green.morgan87@gmail.com","position":"Owner","payrate":"25.00","company_permissions":"{\\"product_permissions\\":{\\"edit_products\\":true,\\"order_products\\":true},\\"user_permissions\\":{\\"add_users\\":true,\\"edit_users\\":true}}"}'),
	(93, 1, 1, 'edited', '2024-09-06 01:04:33', NULL, '{"user_id":1,"first_name":"Morgan","last_name":"Green","email":"green.morgan87@gmail.com","contact_phone":"2533270073","gravatar_url":null,"address":"18204 96th Ave E Puyallup WA 98375","company_id":1,"company_permissions":"{\\"product_permissions\\":{\\"edit_products\\":true,\\"order_products\\":true},\\"user_permissions\\":{\\"add_users\\":true,\\"edit_users\\":true,\\"delete_users\\":true}}","password":"83f0477febcec67a219e4804b0263b0671866e95a472ec6e982779888e1517a3","position":"Owner","hireDate":"2024-09-03 18:43:39","aboutMe":"I like coffee.","payRate":25,"last_login":null,"deleted_at":null}', '{"first_name":"Morgan","last_name":"Green","email":"green.morgan87@gmail.com","position":"Owner","payrate":"25.00","company_permissions":"{\\"product_permissions\\":{\\"edit_products\\":true,\\"order_products\\":true},\\"user_permissions\\":{\\"add_users\\":true,\\"edit_users\\":true,\\"delete_users\\":true}}"}'),
	(94, 1, 1, 'edited', '2024-09-06 02:14:30', NULL, '{"user_id":1,"first_name":"Morgan","last_name":"Green","email":"green.morgan87@gmail.com","contact_phone":"2533270073","gravatar_url":null,"address":"18204 96th Ave E Puyallup WA 98375","company_id":1,"company_permissions":"{\\"product_permissions\\":[],\\"user_permissions\\":{\\"add_users\\":true,\\"edit_users\\":true,\\"delete_users\\":true}}","password":"83f0477febcec67a219e4804b0263b0671866e95a472ec6e982779888e1517a3","position":"Owner","hireDate":"2024-09-03 18:43:39","aboutMe":"I like coffee.","payRate":25,"last_login":null,"deleted_at":null}', '{"first_name":"Morgan","last_name":"Green","email":"green.morgan87@gmail.com","position":"Owner","payrate":"25.00","company_permissions":"{\\"product_permissions\\":[],\\"user_permissions\\":{\\"add_users\\":true,\\"edit_users\\":true,\\"delete_users\\":true}}"}'),
	(95, 1, 1, 'edited', '2024-09-06 02:14:39', NULL, '{"user_id":1,"first_name":"Morgan","last_name":"Green","email":"green.morgan87@gmail.com","contact_phone":"2533270073","gravatar_url":null,"address":"18204 96th Ave E Puyallup WA 98375","company_id":1,"company_permissions":"{\\"product_permissions\\":{\\"create_products\\":true,\\"delete_products\\":true,\\"edit_products\\":true,\\"order_products\\":true},\\"user_permissions\\":{\\"add_users\\":true,\\"edit_users\\":true,\\"delete_users\\":true}}","password":"83f0477febcec67a219e4804b0263b0671866e95a472ec6e982779888e1517a3","position":"Owner","hireDate":"2024-09-03 18:43:39","aboutMe":"I like coffee.","payRate":25,"last_login":null,"deleted_at":null}', '{"first_name":"Morgan","last_name":"Green","email":"green.morgan87@gmail.com","position":"Owner","payrate":"25.00","company_permissions":"{\\"product_permissions\\":{\\"create_products\\":true,\\"delete_products\\":true,\\"edit_products\\":true,\\"order_products\\":true},\\"user_permissions\\":{\\"add_users\\":true,\\"edit_users\\":true,\\"delete_users\\":true}}"}'),
	(96, 1, 1, 'edited', '2024-09-06 02:24:52', NULL, '{"user_id":1,"first_name":"Morgan","last_name":"Green","email":"green.morgan87@gmail.com","contact_phone":"2533270073","gravatar_url":null,"address":"18204 96th Ave E Puyallup WA 98375","company_id":1,"company_permissions":"{\\"product_permissions\\":{\\"create_products\\":true,\\"delete_products\\":true,\\"edit_products\\":true,\\"order_products\\":true},\\"user_permissions\\":{\\"add_users\\":true,\\"edit_users\\":true,\\"delete_users\\":true}}","password":"83f0477febcec67a219e4804b0263b0671866e95a472ec6e982779888e1517a3","position":"Owner","hireDate":"2024-09-03 18:43:39","aboutMe":"I like coffee.","payRate":25,"last_login":null,"deleted_at":null}', '{"first_name":"Morgan","last_name":"Green","email":"green.morgan87@gmail.com","position":"Owner","payrate":"25.00","contact_phone":"2533270073"}'),
	(97, 1, 1, 'edited', '2024-09-06 02:25:00', NULL, '{"user_id":1,"first_name":"Morgan","last_name":"Green","email":"green.morgan87@gmail.com","contact_phone":"2533270073","gravatar_url":null,"address":"18204 96th Ave E Puyallup WA 98375","company_id":1,"company_permissions":"{\\"product_permissions\\":{\\"create_products\\":true,\\"delete_products\\":true,\\"edit_products\\":true,\\"order_products\\":true},\\"user_permissions\\":{\\"add_users\\":true,\\"edit_users\\":true,\\"delete_users\\":true}}","password":"83f0477febcec67a219e4804b0263b0671866e95a472ec6e982779888e1517a3","position":"Owner","hireDate":"2024-09-03 18:43:39","aboutMe":"I like coffee.","payRate":25,"last_login":null,"deleted_at":null}', '{"first_name":"Morgan","last_name":"Green","email":"green.morgan87@gmail.com","position":"Owner","payrate":"25.00","contact_phone":"253-327-0073"}'),
	(98, 2, 1, 'edited', '2024-09-06 02:25:23', NULL, '{"user_id":2,"first_name":"Heather","last_name":"Green","email":"hgreen1986@gmail.com","contact_phone":"2533270144","gravatar_url":null,"address":"18204 96th Ave E Puyallup WA 98375","company_id":1,"company_permissions":"{\\"product_permissions\\":{\\"create_products\\":true,\\"delete_products\\":true,\\"edit_products\\":true,\\"order_products\\":true},\\"user_permissions\\":[]}","password":"c60405a3dc424f3b3f80f2477f89ac5c505641cf4fef973c2dda1cf3c0432b69","position":"Wife","hireDate":"2024-09-03 18:43:40","aboutMe":null,"payRate":25,"last_login":null,"deleted_at":null}', '{"first_name":"Heather","last_name":"Green","email":"hgreen1986@gmail.com","position":"Wife","payrate":"25.00","contact_phone":"253-327-0144"}'),
	(99, 2, 1, 'edited', '2024-09-06 02:28:03', NULL, '{"user_id":2,"first_name":"Heather","last_name":"Green","email":"hgreen1986@gmail.com","contact_phone":"253-327-0144","gravatar_url":null,"address":"18204 96th Ave E Puyallup WA 98375","company_id":1,"company_permissions":"{\\"product_permissions\\":{\\"create_products\\":true,\\"delete_products\\":true,\\"edit_products\\":true,\\"order_products\\":true},\\"user_permissions\\":[]}","password":"c60405a3dc424f3b3f80f2477f89ac5c505641cf4fef973c2dda1cf3c0432b69","position":"Wife","hireDate":"2024-09-03 18:43:40","aboutMe":null,"payRate":25,"last_login":null,"deleted_at":null}', '{"first_name":"Heather","last_name":"Green","email":"hgreen1986@gmail.com","position":"Wife","payrate":"25.00","contact_phone":"2533270073"}'),
	(100, 2, 1, 'edited', '2024-09-06 02:28:08', NULL, '{"user_id":2,"first_name":"Heather","last_name":"Green","email":"hgreen1986@gmail.com","contact_phone":"2533270073","gravatar_url":null,"address":"18204 96th Ave E Puyallup WA 98375","company_id":1,"company_permissions":"{\\"product_permissions\\":{\\"create_products\\":true,\\"delete_products\\":true,\\"edit_products\\":true,\\"order_products\\":true},\\"user_permissions\\":[]}","password":"c60405a3dc424f3b3f80f2477f89ac5c505641cf4fef973c2dda1cf3c0432b69","position":"Wife","hireDate":"2024-09-03 18:43:40","aboutMe":null,"payRate":25,"last_login":null,"deleted_at":null}', '{"first_name":"Heather","last_name":"Green","email":"hgreen1986@gmail.com","position":"Wife","payrate":"25.00","contact_phone":"2533270144"}'),
	(101, 2, 1, 'edited', '2024-09-06 02:37:21', NULL, '{"user_id":2,"first_name":"Heather","last_name":"Green","email":"hgreen1986@gmail.com","contact_phone":"2533270144","gravatar_url":null,"address":"18204 96th Ave E Puyallup WA 98375","company_id":1,"company_permissions":"{\\"product_permissions\\":{\\"create_products\\":true,\\"delete_products\\":true,\\"edit_products\\":true,\\"order_products\\":true},\\"user_permissions\\":[]}","password":"c60405a3dc424f3b3f80f2477f89ac5c505641cf4fef973c2dda1cf3c0432b69","position":"Wife","hireDate":"2024-09-03 18:43:40","aboutMe":null,"payRate":25,"last_login":null,"deleted_at":null}', '{"first_name":"Heather","last_name":"Green","email":"hgreen1986@gmail.com","position":"Wife","payrate":"25.00","contact_phone":"(253) 327-0144"}'),
	(102, 2, 1, 'edited', '2024-09-06 02:58:51', NULL, '{"user_id":2,"first_name":"Heather","last_name":"Green","email":"hgreen1986@gmail.com","contact_phone":"(253) 327-0144","gravatar_url":null,"address":"18204 96th Ave E Puyallup WA 98375","company_id":1,"company_permissions":"{\\"product_permissions\\":{\\"create_products\\":true,\\"delete_products\\":true,\\"edit_products\\":true,\\"order_products\\":true},\\"user_permissions\\":[]}","password":"c60405a3dc424f3b3f80f2477f89ac5c505641cf4fef973c2dda1cf3c0432b69","position":"Wife","hireDate":"2024-09-03 18:43:40","aboutMe":null,"payRate":25,"last_login":null,"deleted_at":null}', '{"first_name":"Heather","last_name":"Green","email":"hgreen1986@gmail.com","position":"Wife","payrate":"25.00","contact_phone":"(253) 327-0144","about_me":"test"}'),
	(103, 2, 1, 'edited', '2024-09-06 02:59:01', NULL, '{"user_id":2,"first_name":"Heather","last_name":"Green","email":"hgreen1986@gmail.com","contact_phone":"(253) 327-0144","gravatar_url":null,"address":"18204 96th Ave E Puyallup WA 98375","company_id":1,"company_permissions":"{\\"product_permissions\\":{\\"create_products\\":true,\\"delete_products\\":true,\\"edit_products\\":true,\\"order_products\\":true},\\"user_permissions\\":[]}","password":"c60405a3dc424f3b3f80f2477f89ac5c505641cf4fef973c2dda1cf3c0432b69","position":"Wife","hireDate":"2024-09-03 18:43:40","aboutMe":"test","payRate":25,"last_login":null,"deleted_at":null}', '{"first_name":"Heather","last_name":"Green","email":"hgreen1986@gmail.com","position":"Wife","payrate":"24","contact_phone":"(253) 327-0144","about_me":"test"}'),
	(104, 2, 1, 'edited', '2024-09-06 02:59:58', NULL, '{"user_id":2,"first_name":"Heather","last_name":"Green","email":"hgreen1986@gmail.com","contact_phone":"(253) 327-0144","gravatar_url":null,"address":"18204 96th Ave E Puyallup WA 98375","company_id":1,"company_permissions":"{\\"product_permissions\\":{\\"create_products\\":true,\\"delete_products\\":true,\\"edit_products\\":true,\\"order_products\\":true},\\"user_permissions\\":[]}","password":"c60405a3dc424f3b3f80f2477f89ac5c505641cf4fef973c2dda1cf3c0432b69","position":"Wife","hireDate":"2024-09-03 18:43:40","aboutMe":"test","payRate":24,"last_login":null,"deleted_at":null}', '{"first_name":"Heather","last_name":"Green","email":"hgreen1986@gmail.com","position":"Wife","payrate":"24.00","contact_phone":"(253) 327-0144","about_me":"test"}'),
	(105, 2, 1, 'edited', '2024-09-06 03:00:15', NULL, '{"user_id":2,"first_name":"Heather","last_name":"Green","email":"hgreen1986@gmail.com","contact_phone":"(253) 327-0144","gravatar_url":null,"address":"18204 96th Ave E Puyallup WA 98375","company_id":1,"company_permissions":"{\\"product_permissions\\":{\\"create_products\\":true,\\"delete_products\\":true,\\"edit_products\\":true,\\"order_products\\":true},\\"user_permissions\\":[]}","password":"c60405a3dc424f3b3f80f2477f89ac5c505641cf4fef973c2dda1cf3c0432b69","position":"Wife","hireDate":"2024-09-03 18:43:40","aboutMe":"test","payRate":24,"last_login":null,"deleted_at":null}', '{"first_name":"Heather","last_name":"Green","email":"hgreen1986@gmail.com","position":"Spouse","payrate":"24.00","contact_phone":"(253) 327-0144","about_me":"test"}'),
	(106, 2, 1, 'edited', '2024-09-06 03:00:28', NULL, '{"user_id":2,"first_name":"Heather","last_name":"Green","email":"hgreen1986@gmail.com","contact_phone":"(253) 327-0144","gravatar_url":null,"address":"18204 96th Ave E Puyallup WA 98375","company_id":1,"company_permissions":"{\\"product_permissions\\":{\\"create_products\\":true,\\"delete_products\\":true,\\"edit_products\\":true,\\"order_products\\":true},\\"user_permissions\\":[]}","password":"c60405a3dc424f3b3f80f2477f89ac5c505641cf4fef973c2dda1cf3c0432b69","position":"Spouse","hireDate":"2024-09-03 18:43:40","aboutMe":"test","payRate":24,"last_login":null,"deleted_at":null}', '{"first_name":"Heather","last_name":"Green","email":"hgreen1986@gmail.com","position":"Spouse","payrate":"24.00","contact_phone":"(253) 327-0144","about_me":"test"}'),
	(107, 2, 1, 'edited', '2024-09-06 03:00:39', NULL, '{"user_id":2,"first_name":"Heather","last_name":"Green","email":"hgreen1986@gmail.com","contact_phone":"(253) 327-0144","gravatar_url":null,"address":"18204 96th Ave E Puyallup WA 98375","company_id":1,"company_permissions":"{\\"product_permissions\\":{\\"create_products\\":true,\\"delete_products\\":true,\\"edit_products\\":true,\\"order_products\\":true},\\"user_permissions\\":[]}","password":"c60405a3dc424f3b3f80f2477f89ac5c505641cf4fef973c2dda1cf3c0432b69","position":"Spouse","hireDate":"2024-09-03 18:43:40","aboutMe":"test","payRate":24,"last_login":null,"deleted_at":null}', '{"first_name":"Heather","last_name":"Green","email":"hgreen1986@gmail.com","position":"Spouse","payrate":"24.00","contact_phone":"(253) 327-0144","about_me":"This is just a test"}'),
	(108, 2, 1, 'edited', '2024-09-06 03:04:13', NULL, '{"user_id":2,"first_name":"Heather","last_name":"Green","email":"hgreen1986@gmail.com","contact_phone":"(253) 327-0144","gravatar_url":null,"address":"18204 96th Ave E Puyallup WA 98375","company_id":1,"company_permissions":"{\\"product_permissions\\":{\\"create_products\\":true,\\"delete_products\\":true,\\"edit_products\\":true,\\"order_products\\":true},\\"user_permissions\\":[]}","password":"c60405a3dc424f3b3f80f2477f89ac5c505641cf4fef973c2dda1cf3c0432b69","position":"Spouse","hireDate":"2024-09-03 18:43:40","aboutMe":"This is just a test","payRate":24,"last_login":null,"deleted_at":null}', '{"first_name":"Heather","last_name":"Green","email":"hgreen1986@gmail.com","position":"Spouse","payrate":"24.00","contact_phone":"(253) 327-0144","about_me":""}'),
	(109, 2, 1, 'edited', '2024-09-06 03:04:21', NULL, '{"user_id":2,"first_name":"Heather","last_name":"Green","email":"hgreen1986@gmail.com","contact_phone":"(253) 327-0144","gravatar_url":null,"address":"18204 96th Ave E Puyallup WA 98375","company_id":1,"company_permissions":"{\\"product_permissions\\":{\\"create_products\\":true,\\"delete_products\\":true,\\"edit_products\\":true,\\"order_products\\":true},\\"user_permissions\\":[]}","password":"c60405a3dc424f3b3f80f2477f89ac5c505641cf4fef973c2dda1cf3c0432b69","position":"Spouse","hireDate":"2024-09-03 18:43:40","aboutMe":"","payRate":24,"last_login":null,"deleted_at":null}', '{"first_name":"Heather","last_name":"Green","email":"hgreen1986@gmail.com","position":"Esposa","payrate":"24.00","contact_phone":"(253) 327-0144","about_me":""}'),
	(110, 1, 1, 'edited', '2024-09-06 03:04:42', NULL, '{"user_id":1,"first_name":"Morgan","last_name":"Green","email":"green.morgan87@gmail.com","contact_phone":"253-327-0073","gravatar_url":null,"address":"18204 96th Ave E Puyallup WA 98375","company_id":1,"company_permissions":"{\\"product_permissions\\":{\\"create_products\\":true,\\"delete_products\\":true,\\"edit_products\\":true,\\"order_products\\":true},\\"user_permissions\\":{\\"add_users\\":true,\\"edit_users\\":true,\\"delete_users\\":true}}","password":"83f0477febcec67a219e4804b0263b0671866e95a472ec6e982779888e1517a3","position":"Owner","hireDate":"2024-09-03 18:43:39","aboutMe":"I like coffee.","payRate":25,"last_login":null,"deleted_at":null}', '{"first_name":"Morgan","last_name":"Green","email":"green.morgan87@gmail.com","position":"Owner","payrate":"25.00","contact_phone":"(253) 327-0073","about_me":"I like coffee and banana bread"}'),
	(111, 2, 1, 'edited', '2024-09-06 03:06:19', NULL, '{"user_id":2,"first_name":"Heather","last_name":"Green","email":"hgreen1986@gmail.com","contact_phone":"(253) 327-0144","gravatar_url":null,"address":"18204 96th Ave E Puyallup WA 98375","company_id":1,"company_permissions":"{\\"product_permissions\\":{\\"create_products\\":true,\\"delete_products\\":true,\\"edit_products\\":true,\\"order_products\\":true},\\"user_permissions\\":[]}","password":"c60405a3dc424f3b3f80f2477f89ac5c505641cf4fef973c2dda1cf3c0432b69","position":"Esposa","hireDate":"2024-09-03 18:43:40","aboutMe":"","payRate":24,"last_login":null,"deleted_at":null}', '{"first_name":"Heather","last_name":"Green","email":"hgreen1986@gmail.com","position":"Esposa","payrate":"24.00","contact_phone":"(253) 327-0144","about_me":""}'),
	(112, 2, 1, 'edited', '2024-09-06 03:06:27', NULL, '{"user_id":2,"first_name":"Heather","last_name":"Green","email":"hgreen1986@gmail.com","contact_phone":"(253) 327-0144","gravatar_url":null,"address":"18204 96th Ave E Puyallup WA 98375","company_id":1,"company_permissions":"{\\"product_permissions\\":{\\"create_products\\":true,\\"delete_products\\":true,\\"edit_products\\":true,\\"order_products\\":true},\\"user_permissions\\":[]}","password":"c60405a3dc424f3b3f80f2477f89ac5c505641cf4fef973c2dda1cf3c0432b69","position":"Esposa","hireDate":"2024-09-03 18:43:40","aboutMe":"","payRate":24,"last_login":null,"deleted_at":null}', '{"first_name":"Heather","last_name":"Green","email":"hgreen1986@gmail.com","position":"Esposa","payrate":"24.00","contact_phone":"(253) 327-0144","about_me":""}'),
	(113, 2, 1, 'edited', '2024-09-06 03:06:43', NULL, '{"user_id":2,"first_name":"Heather","last_name":"Green","email":"hgreen1986@gmail.com","contact_phone":"(253) 327-0144","gravatar_url":null,"address":"18204 96th Ave E Puyallup WA 98375","company_id":1,"company_permissions":"{\\"product_permissions\\":{\\"create_products\\":true,\\"delete_products\\":true,\\"edit_products\\":true,\\"order_products\\":true},\\"user_permissions\\":[]}","password":"c60405a3dc424f3b3f80f2477f89ac5c505641cf4fef973c2dda1cf3c0432b69","position":"Esposa","hireDate":"2024-09-03 18:43:40","aboutMe":"","payRate":24,"last_login":null,"deleted_at":null}', '{"first_name":"Heather","last_name":"Green","email":"hgreen1986@gmail.com","position":"Esposa","payrate":"24.00","contact_phone":"(253) 327-0144","about_me":""}'),
	(114, 2, 2, 'edited', '2024-09-06 03:08:21', NULL, '{"user_id":2,"first_name":"Heather","last_name":"Green","email":"hgreen1986@gmail.com","contact_phone":"(253) 327-0144","gravatar_url":null,"address":"18204 96th Ave E Puyallup WA 98375","company_id":1,"company_permissions":"{\\"product_permissions\\":{\\"create_products\\":true,\\"delete_products\\":true,\\"edit_products\\":true,\\"order_products\\":true},\\"user_permissions\\":{\\"add_users\\":true,\\"edit_users\\":true,\\"delete_users\\":true}}","password":"c60405a3dc424f3b3f80f2477f89ac5c505641cf4fef973c2dda1cf3c0432b69","position":"Esposa","hireDate":"2024-09-03 18:43:40","aboutMe":"","payRate":24,"last_login":null,"deleted_at":null}', '{"first_name":"Heather","last_name":"Green","email":"hgreen1986@gmail.com","position":"Esposa","payrate":"24.00","contact_phone":"(253) 327-0144","about_me":"I am a bitch"}'),
	(115, 2, 1, 'edited', '2024-09-06 03:10:06', NULL, '{"user_id":2,"first_name":"Heather","last_name":"Green","email":"hgreen1986@gmail.com","contact_phone":"(253) 327-0144","gravatar_url":null,"address":"18204 96th Ave E Puyallup WA 98375","company_id":1,"company_permissions":"{\\"product_permissions\\":{\\"create_products\\":true,\\"delete_products\\":true,\\"edit_products\\":true,\\"order_products\\":true},\\"user_permissions\\":{\\"add_users\\":true,\\"edit_users\\":true,\\"delete_users\\":true}}","password":"c60405a3dc424f3b3f80f2477f89ac5c505641cf4fef973c2dda1cf3c0432b69","position":"Esposa","hireDate":"2024-09-03 18:43:40","aboutMe":"I am a bitch","payRate":24,"last_login":null,"deleted_at":null}', '{"first_name":"Heather","last_name":"Green","email":"hgreen1986@gmail.com","position":"Esposa","payrate":"24.00","contact_phone":"(253) 327-0144","about_me":"I am a bitch"}'),
	(116, 2, 1, 'edited', '2024-09-06 03:10:10', NULL, '{"user_id":2,"first_name":"Heather","last_name":"Green","email":"hgreen1986@gmail.com","contact_phone":"(253) 327-0144","gravatar_url":null,"address":"18204 96th Ave E Puyallup WA 98375","company_id":1,"company_permissions":"[]","password":"c60405a3dc424f3b3f80f2477f89ac5c505641cf4fef973c2dda1cf3c0432b69","position":"Esposa","hireDate":"2024-09-03 18:43:40","aboutMe":"I am a bitch","payRate":24,"last_login":null,"deleted_at":null}', '{"first_name":"Heather","last_name":"Green","email":"hgreen1986@gmail.com","position":"Esposa","payrate":"24.00","contact_phone":"(253) 327-0144","about_me":"I am a bitch"}'),
	(117, 2, 1, 'edited', '2024-09-06 03:13:12', NULL, '{"user_id":2,"first_name":"Heather","last_name":"Green","email":"hgreen1986@gmail.com","contact_phone":"(253) 327-0144","gravatar_url":null,"address":"18204 96th Ave E Puyallup WA 98375","company_id":1,"company_permissions":"[]","password":"c60405a3dc424f3b3f80f2477f89ac5c505641cf4fef973c2dda1cf3c0432b69","position":"Esposa","hireDate":"2024-09-03 18:43:40","aboutMe":"I am a bitch","payRate":24,"last_login":null,"deleted_at":null}', '{"first_name":"Heather","last_name":"Green","email":"hgreen1986@gmail.com","position":"Esposa","payrate":"24.00","contact_phone":"(253) 327-0144","about_me":"I am a bitch"}'),
	(118, 2, 1, 'edited', '2024-09-06 03:13:15', NULL, '{"user_id":2,"first_name":"Heather","last_name":"Green","email":"hgreen1986@gmail.com","contact_phone":"(253) 327-0144","gravatar_url":null,"address":"18204 96th Ave E Puyallup WA 98375","company_id":1,"company_permissions":"{\\"product_permissions\\":{\\"create_products\\":false,\\"delete_products\\":false,\\"edit_products\\":false,\\"order_products\\":false},\\"user_permissions\\":{\\"add_users\\":true,\\"delete_users\\":false,\\"edit_users\\":false}}","password":"c60405a3dc424f3b3f80f2477f89ac5c505641cf4fef973c2dda1cf3c0432b69","position":"Esposa","hireDate":"2024-09-03 18:43:40","aboutMe":"I am a bitch","payRate":24,"last_login":null,"deleted_at":null}', '{"first_name":"Heather","last_name":"Green","email":"hgreen1986@gmail.com","position":"Esposa","payrate":"24.00","contact_phone":"(253) 327-0144","about_me":"I am a bitch"}'),
	(119, 2, 1, 'edited', '2024-09-06 03:13:17', NULL, '{"user_id":2,"first_name":"Heather","last_name":"Green","email":"hgreen1986@gmail.com","contact_phone":"(253) 327-0144","gravatar_url":null,"address":"18204 96th Ave E Puyallup WA 98375","company_id":1,"company_permissions":"{\\"product_permissions\\":{\\"create_products\\":false,\\"delete_products\\":false,\\"edit_products\\":false,\\"order_products\\":false},\\"user_permissions\\":{\\"add_users\\":true,\\"delete_users\\":false,\\"edit_users\\":true}}","password":"c60405a3dc424f3b3f80f2477f89ac5c505641cf4fef973c2dda1cf3c0432b69","position":"Esposa","hireDate":"2024-09-03 18:43:40","aboutMe":"I am a bitch","payRate":24,"last_login":null,"deleted_at":null}', '{"first_name":"Heather","last_name":"Green","email":"hgreen1986@gmail.com","position":"Esposa","payrate":"24.00","contact_phone":"(253) 327-0144","about_me":"I am a bitch"}'),
	(120, 2, 2, 'edited', '2024-09-06 03:13:51', NULL, '{"user_id":2,"first_name":"Heather","last_name":"Green","email":"hgreen1986@gmail.com","contact_phone":"(253) 327-0144","gravatar_url":null,"address":"18204 96th Ave E Puyallup WA 98375","company_id":1,"company_permissions":"{\\"product_permissions\\":{\\"create_products\\":false,\\"delete_products\\":false,\\"edit_products\\":false,\\"order_products\\":false},\\"user_permissions\\":{\\"add_users\\":true,\\"delete_users\\":true,\\"edit_users\\":true}}","password":"c60405a3dc424f3b3f80f2477f89ac5c505641cf4fef973c2dda1cf3c0432b69","position":"Esposa","hireDate":"2024-09-03 18:43:40","aboutMe":"I am a bitch","payRate":24,"last_login":null,"deleted_at":null}', '{"first_name":"Heather","last_name":"Green","email":"hgreen1986@gmail.com","position":"Esposa","payrate":"24.00","contact_phone":"(253) 327-0144","about_me":"I see you! <3"}'),
	(121, 2, 1, 'edited', '2024-09-06 03:16:53', NULL, '{"user_id":2,"first_name":"Heather","last_name":"Green","email":"hgreen1986@gmail.com","contact_phone":"(253) 327-0144","gravatar_url":null,"address":"18204 96th Ave E Puyallup WA 98375","company_id":1,"company_permissions":"{\\"product_permissions\\":{\\"create_products\\":false,\\"delete_products\\":false,\\"edit_products\\":false,\\"order_products\\":false},\\"user_permissions\\":{\\"add_users\\":true,\\"delete_users\\":true,\\"edit_users\\":true}}","password":"c60405a3dc424f3b3f80f2477f89ac5c505641cf4fef973c2dda1cf3c0432b69","position":"Esposa","hireDate":"2024-09-03 18:43:40","aboutMe":"I see you! <3","payRate":24,"last_login":null,"deleted_at":null}', '{"first_name":"Heather","last_name":"Green","email":"hgreen1986@gmail.com","position":"Esposa","payrate":"24.00","contact_phone":"(253) 327-0144","about_me":"I see you! <3"}'),
	(122, 2, 1, 'edited', '2024-09-06 03:16:55', NULL, '{"user_id":2,"first_name":"Heather","last_name":"Green","email":"hgreen1986@gmail.com","contact_phone":"(253) 327-0144","gravatar_url":null,"address":"18204 96th Ave E Puyallup WA 98375","company_id":1,"company_permissions":"{\\"product_permissions\\":{\\"create_products\\":true,\\"delete_products\\":false,\\"edit_products\\":false,\\"order_products\\":false},\\"user_permissions\\":{\\"add_users\\":true,\\"delete_users\\":true,\\"edit_users\\":true}}","password":"c60405a3dc424f3b3f80f2477f89ac5c505641cf4fef973c2dda1cf3c0432b69","position":"Esposa","hireDate":"2024-09-03 18:43:40","aboutMe":"I see you! <3","payRate":24,"last_login":null,"deleted_at":null}', '{"first_name":"Heather","last_name":"Green","email":"hgreen1986@gmail.com","position":"Esposa","payrate":"24.00","contact_phone":"(253) 327-0144","about_me":"I see you! <3"}'),
	(123, 2, 1, 'edited', '2024-09-06 03:16:57', NULL, '{"user_id":2,"first_name":"Heather","last_name":"Green","email":"hgreen1986@gmail.com","contact_phone":"(253) 327-0144","gravatar_url":null,"address":"18204 96th Ave E Puyallup WA 98375","company_id":1,"company_permissions":"{\\"product_permissions\\":{\\"create_products\\":true,\\"delete_products\\":true,\\"edit_products\\":false,\\"order_products\\":false},\\"user_permissions\\":{\\"add_users\\":true,\\"delete_users\\":true,\\"edit_users\\":true}}","password":"c60405a3dc424f3b3f80f2477f89ac5c505641cf4fef973c2dda1cf3c0432b69","position":"Esposa","hireDate":"2024-09-03 18:43:40","aboutMe":"I see you! <3","payRate":24,"last_login":null,"deleted_at":null}', '{"first_name":"Heather","last_name":"Green","email":"hgreen1986@gmail.com","position":"Esposa","payrate":"24.00","contact_phone":"(253) 327-0144","about_me":"I see you! <3"}'),
	(124, 2, 1, 'edited', '2024-09-06 03:17:28', NULL, '{"user_id":2,"first_name":"Heather","last_name":"Green","email":"hgreen1986@gmail.com","contact_phone":"(253) 327-0144","gravatar_url":null,"address":"18204 96th Ave E Puyallup WA 98375","company_id":1,"company_permissions":"{\\"product_permissions\\":{\\"create_products\\":true,\\"delete_products\\":false,\\"edit_products\\":false,\\"order_products\\":false},\\"user_permissions\\":{\\"add_users\\":true,\\"delete_users\\":true,\\"edit_users\\":true}}","password":"c60405a3dc424f3b3f80f2477f89ac5c505641cf4fef973c2dda1cf3c0432b69","position":"Esposa","hireDate":"2024-09-03 18:43:40","aboutMe":"I see you! <3","payRate":24,"last_login":null,"deleted_at":null}', '{"first_name":"Heather","last_name":"Green","email":"hgreen1986@gmail.com","position":"Esposa","payrate":"24","contact_phone":"(253) 327-0144","about_me":"I see you! <3"}'),
	(125, 2, 1, 'edited', '2024-09-06 03:17:54', NULL, '{"user_id":2,"first_name":"Heather","last_name":"Green","email":"hgreen1986@gmail.com","contact_phone":"(253) 327-0144","gravatar_url":null,"address":"18204 96th Ave E Puyallup WA 98375","company_id":1,"company_permissions":"{\\"product_permissions\\":{\\"create_products\\":true,\\"delete_products\\":false,\\"edit_products\\":false,\\"order_products\\":false},\\"user_permissions\\":{\\"add_users\\":true,\\"delete_users\\":true,\\"edit_users\\":true}}","password":"c60405a3dc424f3b3f80f2477f89ac5c505641cf4fef973c2dda1cf3c0432b69","position":"Esposa","hireDate":"2024-09-03 18:43:40","aboutMe":"I see you! <3","payRate":24,"last_login":null,"deleted_at":null}', '{"first_name":"Heather","last_name":"Green","email":"hgreen1986@gmail.com","position":"Esposa","payrate":"24.00","contact_phone":"(253) 327-0144","about_me":"I see you! <3"}'),
	(126, 2, 2, 'edited', '2024-09-06 03:18:47', NULL, '{"user_id":2,"first_name":"Heather","last_name":"Green","email":"hgreen1986@gmail.com","contact_phone":"(253) 327-0144","gravatar_url":null,"address":"18204 96th Ave E Puyallup WA 98375","company_id":1,"company_permissions":"{\\"product_permissions\\":{\\"create_products\\":true,\\"delete_products\\":false,\\"edit_products\\":false,\\"order_products\\":false},\\"user_permissions\\":{\\"add_users\\":true,\\"delete_users\\":false,\\"edit_users\\":true}}","password":"c60405a3dc424f3b3f80f2477f89ac5c505641cf4fef973c2dda1cf3c0432b69","position":"Esposa","hireDate":"2024-09-03 18:43:40","aboutMe":"I see you! <3","payRate":24,"last_login":null,"deleted_at":null}', '{"first_name":"Heather","last_name":"Green","email":"hgreen1986@gmail.com","position":"Esposa","payrate":"24.00","contact_phone":"(253) 327-0144","about_me":"I see you! <3"}'),
	(127, 11, 2, 'edited', '2024-09-06 03:19:22', NULL, '{"user_id":11,"first_name":"Liam","last_name":"Clark","email":"liam.clark@example.com","contact_phone":"123-456-7891","gravatar_url":"https:\\/\\/www.gravatar.com\\/avatar\\/11","address":"808 Cedar St","company_id":1,"company_permissions":"{\\"product_permissions\\":{\\"edit_products\\":true,\\"delete_products\\":true,\\"create_products\\":true}}","password":"password_hash_11","position":"Senior Engineer","hireDate":"2019-02-14 00:00:00","aboutMe":"Developing innovative solutions.","payRate":40,"last_login":"2024-09-02 13:20:00","deleted_at":null}', '{"first_name":"Liam","last_name":"Clark","email":"liam.clark@example.com","position":"Senior Engineer","payrate":"5.00","contact_phone":"(123) 456-7891","about_me":"Developing innovative solutions."}'),
	(128, 11, 2, 'edited', '2024-09-06 03:19:46', NULL, '{"user_id":11,"first_name":"Liam","last_name":"Clark","email":"liam.clark@example.com","contact_phone":"(123) 456-7891","gravatar_url":"https:\\/\\/www.gravatar.com\\/avatar\\/11","address":"808 Cedar St","company_id":1,"company_permissions":"{\\"product_permissions\\":{\\"create_products\\":true,\\"delete_products\\":true,\\"edit_products\\":true,\\"order_products\\":false},\\"user_permissions\\":{\\"add_users\\":false,\\"delete_users\\":false,\\"edit_users\\":false}}","password":"password_hash_11","position":"Senior Engineer","hireDate":"2019-02-14 00:00:00","aboutMe":"Developing innovative solutions.","payRate":5,"last_login":"2024-09-02 13:20:00","deleted_at":null}', '{"first_name":"Liam","last_name":"Clark","email":"liam.clark@example.com","position":"Senior Engineer","payrate":"40.00","contact_phone":"(123) 456-7891","about_me":"Developing innovative solutions."}'),
	(129, 11, 2, 'edited', '2024-09-06 03:19:52', NULL, '{"user_id":11,"first_name":"Liam","last_name":"Clark","email":"liam.clark@example.com","contact_phone":"(123) 456-7891","gravatar_url":"https:\\/\\/www.gravatar.com\\/avatar\\/11","address":"808 Cedar St","company_id":1,"company_permissions":"{\\"product_permissions\\":{\\"create_products\\":true,\\"delete_products\\":true,\\"edit_products\\":true,\\"order_products\\":false},\\"user_permissions\\":{\\"add_users\\":false,\\"delete_users\\":false,\\"edit_users\\":false}}","password":"password_hash_11","position":"Senior Engineer","hireDate":"2019-02-14 00:00:00","aboutMe":"Developing innovative solutions.","payRate":40,"last_login":"2024-09-02 13:20:00","deleted_at":null}', '{"first_name":"Liam","last_name":"Clark","email":"liam.clark@example.com","position":"Senior Engineer","payrate":"35","contact_phone":"(123) 456-7891","about_me":"Developing innovative solutions."}'),
	(130, 3, 1, 'edited', '2024-09-06 04:12:10', NULL, '{"user_id":3,"first_name":"Robert","last_name":"Brown","email":"robert.brown@example.com","contact_phone":"345-678-9012","gravatar_url":"https:\\/\\/www.gravatar.com\\/avatar\\/3","address":"789 Oak St","company_id":1,"company_permissions":"{\\"product_permissions\\":{\\"create_products\\":true,\\"delete_products\\":true,\\"edit_products\\":true},\\"user_permissions\\":[]}","password":"password_hash_3","position":"Pain in the ass","hireDate":"2019-09-01 00:00:00","aboutMe":"Helping customers resolve issues.","payRate":26,"last_login":"2024-09-03 11:30:00","deleted_at":null}', '{"first_name":"Robert","last_name":"Brown","email":"robert.brown@example.com","position":"Pain in the ass","payrate":"26.00","contact_phone":"(345) 678-9012","about_me":"Helping customers resolve issues."}'),
	(131, 9, 1, 'edited', '2024-09-06 04:12:21', NULL, '{"user_id":9,"first_name":"Olivia","last_name":"Rodriguez","email":"olivia.rodriguez@example.com","contact_phone":"901-234-5678","gravatar_url":"https:\\/\\/www.gravatar.com\\/avatar\\/9","address":"606 Redwood St","company_id":1,"company_permissions":"{\\"product_permissions\\":{\\"edit_products\\":true,\\"delete_products\\":true,\\"create_products\\":false}}","password":"password_hash_9","position":"Marketing Manager","hireDate":"2020-09-03 00:00:00","aboutMe":"Developing marketing strategies.","payRate":30,"last_login":"2024-09-03 10:50:00","deleted_at":null}', '{"first_name":"Olivia","last_name":"Rodriguez","email":"olivia.rodriguez@example.com","position":"Marketing Manager","payrate":"30.00","contact_phone":"(901) 234-5678","about_me":"Developing marketing strategies."}'),
	(132, 13, 1, 'edited', '2024-09-06 04:12:31', NULL, '{"user_id":13,"first_name":"Noah","last_name":"Walker","email":"noah.walker@example.com","contact_phone":"345-678-9013","gravatar_url":"https:\\/\\/www.gravatar.com\\/avatar\\/13","address":"1010 Redwood St","company_id":1,"company_permissions":"{\\"product_permissions\\":{\\"edit_products\\":true,\\"delete_products\\":true,\\"create_products\\":false}}","password":"password_hash_13","position":"Project Manager","hireDate":"2020-08-21 00:00:00","aboutMe":"Managing multiple projects.","payRate":36,"last_login":"2024-09-01 11:55:00","deleted_at":null}', '{"first_name":"Noah","last_name":"Walker","email":"noah.walker@example.com","position":"Project Manager","payrate":"36.00","contact_phone":"(345) 678-9013","about_me":"Managing multiple projects."}'),
	(133, 15, 1, 'edited', '2024-09-06 04:12:39', NULL, '{"user_id":15,"first_name":"Lucas","last_name":"King","email":"lucas.king@example.com","contact_phone":"567-890-1235","gravatar_url":"https:\\/\\/www.gravatar.com\\/avatar\\/15","address":"1212 Pine St","company_id":1,"company_permissions":"{\\"product_permissions\\":{\\"edit_products\\":true,\\"delete_products\\":true,\\"create_products\\":true}}","password":"password_hash_15","position":"Operations Manager","hireDate":"2021-07-27 00:00:00","aboutMe":"Overseeing daily operations.","payRate":34,"last_login":"2024-09-03 14:45:00","deleted_at":null}', '{"first_name":"Lucas","last_name":"King","email":"lucas.king@example.com","position":"Operations Manager","payrate":"34.00","contact_phone":"(567) 890-1235","about_me":"Overseeing daily operations."}'),
	(134, 1, 1, 'edited', '2024-09-06 05:09:43', NULL, '{"user_id":1,"first_name":"Morgan","last_name":"Green","email":"green.morgan87@gmail.com","contact_phone":"(253) 327-0073","gravatar_url":null,"address":"18204 96th Ave E Puyallup WA 98375","company_id":1,"company_permissions":"{\\"product_permissions\\":{\\"create_products\\":true,\\"delete_products\\":true,\\"edit_products\\":true,\\"order_products\\":true},\\"user_permissions\\":{\\"add_users\\":true,\\"edit_users\\":true,\\"delete_users\\":true}}","password":"83f0477febcec67a219e4804b0263b0671866e95a472ec6e982779888e1517a3","position":"Owner","hireDate":"2024-09-03 18:43:39","aboutMe":"I like coffee and banana bread","payRate":25,"last_login":null,"deleted_at":null}', '{"first_name":"Morgan","last_name":"Green","email":"green.morgan87@gmail.com","position":"Owner","payrate":"25.00","contact_phone":"(253) 327-0073","about_me":"I like coffee and banana bread. I do I do. I promise it\'s true"}'),
	(135, 2, 1, 'edited', '2024-09-06 11:24:27', NULL, '{"user_id":2,"first_name":"Heather","last_name":"Green","email":"hgreen1986@gmail.com","contact_phone":"(253) 327-0144","gravatar_url":null,"address":"18204 96th Ave E Puyallup WA 98375","company_id":1,"company_permissions":"{\\"product_permissions\\":{\\"create_products\\":true,\\"delete_products\\":false,\\"edit_products\\":false,\\"order_products\\":false},\\"user_permissions\\":{\\"add_users\\":true,\\"delete_users\\":true,\\"edit_users\\":true}}","password":"c60405a3dc424f3b3f80f2477f89ac5c505641cf4fef973c2dda1cf3c0432b69","position":"Esposa","hireDate":"2024-09-03 18:43:40","aboutMe":"I see you! <3","payRate":24,"last_login":null,"deleted_at":null}', '{"first_name":"Heather","last_name":"Green","email":"hgreen1986@gmail.com","position":"Esposa","payrate":"24.00","contact_phone":"(253) 327-0144","about_me":"I see you! <3"}'),
	(136, 2, 1, 'edited', '2024-09-06 12:36:24', NULL, '{"user_id":2,"first_name":"Heather","last_name":"Green","email":"hgreen1986@gmail.com","contact_phone":"(253) 327-0144","gravatar_url":null,"address":"18204 96th Ave E Puyallup WA 98375","company_id":1,"company_permissions":"{\\"product_permissions\\":{\\"create_products\\":true,\\"delete_products\\":true,\\"edit_products\\":true,\\"order_products\\":true},\\"user_permissions\\":{\\"add_users\\":true,\\"delete_users\\":true,\\"edit_users\\":true}}","password":"c60405a3dc424f3b3f80f2477f89ac5c505641cf4fef973c2dda1cf3c0432b69","position":"Esposa","hireDate":"2024-09-03 18:43:40","aboutMe":"I see you! <3","payRate":24,"last_login":null,"deleted_at":null}', '{"first_name":"Heather","last_name":"Green","email":"hgreen1986@gmail.com","position":"Esposa","payrate":"28","contact_phone":"(253) 327-0144","about_me":"I see you! <3"}'),
	(137, 9, 1, 'edited', '2024-09-06 12:37:28', NULL, '{"user_id":9,"first_name":"Olivia","last_name":"Rodriguez","email":"olivia.rodriguez@example.com","contact_phone":"(901) 234-5678","gravatar_url":"https:\\/\\/www.gravatar.com\\/avatar\\/9","address":"606 Redwood St","company_id":1,"company_permissions":"{\\"product_permissions\\":{\\"create_products\\":false,\\"delete_products\\":true,\\"edit_products\\":true,\\"order_products\\":false},\\"user_permissions\\":{\\"add_users\\":false,\\"delete_users\\":false,\\"edit_users\\":false}}","password":"password_hash_9","position":"Marketing Manager","hireDate":"2020-09-03 00:00:00","aboutMe":"Developing marketing strategies.","payRate":30,"last_login":"2024-09-03 10:50:00","deleted_at":null}', '{"first_name":"Olivia","last_name":"Rodriguez","email":"olivia.rodriguez@example.com","position":"Marketing Manager","payrate":"29","contact_phone":"(901) 234-5678","about_me":"Developing marketing strategies."}');

-- Dumping structure for table website.work_schedules
CREATE TABLE IF NOT EXISTS `work_schedules` (
  `schedule_id` int(11) NOT NULL AUTO_INCREMENT,
  `user_id` int(11) NOT NULL,
  `work_date` date NOT NULL,
  `day_of_week` varchar(10) NOT NULL,
  `start_time` time NOT NULL,
  `end_time` time NOT NULL,
  `break_start_time` time DEFAULT NULL,
  `break_end_time` time DEFAULT NULL,
  PRIMARY KEY (`schedule_id`),
  KEY `user_id` (`user_id`),
  CONSTRAINT `work_schedules_ibfk_1` FOREIGN KEY (`user_id`) REFERENCES `users` (`user_id`)
) ENGINE=InnoDB AUTO_INCREMENT=20 DEFAULT CHARSET=utf8mb4 COLLATE=utf8mb4_general_ci;

-- Dumping data for table website.work_schedules: ~19 rows (approximately)
REPLACE INTO `work_schedules` (`schedule_id`, `user_id`, `work_date`, `day_of_week`, `start_time`, `end_time`, `break_start_time`, `break_end_time`) VALUES
	(1, 1, '2024-09-02', 'Monday', '09:00:00', '17:00:00', '12:00:00', '12:30:00'),
	(2, 1, '2024-09-03', 'Tuesday', '23:35:00', '23:50:00', '12:00:00', '12:30:00'),
	(3, 1, '2024-09-04', 'Wednesday', '09:00:00', '17:00:00', '12:00:00', '12:30:00'),
	(4, 2, '2024-09-06', 'Friday', '09:00:00', '17:00:00', '12:00:00', '12:30:00'),
	(5, 1, '2024-09-09', 'Monday', '09:00:00', '17:00:00', '12:00:00', '12:30:00'),
	(6, 1, '2024-09-10', 'Tuesday', '09:00:00', '17:00:00', '12:00:00', '12:30:00'),
	(7, 1, '2024-09-11', 'Wednesday', '09:00:00', '17:00:00', '12:00:00', '12:30:00'),
	(8, 1, '2024-09-13', 'Friday', '09:00:00', '17:00:00', '12:00:00', '12:30:00'),
	(9, 1, '2024-09-16', 'Monday', '09:00:00', '17:00:00', '12:00:00', '12:30:00'),
	(10, 1, '2024-09-17', 'Tuesday', '09:00:00', '17:00:00', '12:00:00', '12:30:00'),
	(11, 1, '2024-09-18', 'Wednesday', '09:00:00', '17:00:00', '12:00:00', '12:30:00'),
	(12, 1, '2024-09-20', 'Friday', '09:00:00', '17:00:00', '12:00:00', '12:30:00'),
	(13, 1, '2024-09-23', 'Monday', '09:00:00', '17:00:00', '12:00:00', '12:30:00'),
	(14, 1, '2024-09-24', 'Tuesday', '09:00:00', '17:00:00', '12:00:00', '12:30:00'),
	(15, 1, '2024-09-25', 'Wednesday', '09:00:00', '17:00:00', '12:00:00', '12:30:00'),
	(16, 1, '2024-09-27', 'Friday', '09:00:00', '17:00:00', '12:00:00', '12:30:00'),
	(17, 1, '2024-09-30', 'Monday', '09:00:00', '17:00:00', '12:00:00', '12:30:00'),
	(18, 1, '2024-09-05', 'Thursday', '09:00:00', '12:00:00', NULL, NULL),
	(19, 1, '2024-09-12', 'Thursday', '09:00:00', '12:00:00', NULL, NULL);

